-- Table structure for table `present_condition`
--

CREATE TABLE `present_condition` (
  `condition_id` int(11) NOT NULL,
  `condition` varchar(50) NOT NULL
) ENGINE=InnoDB DEFAULT CHARSET=utf8;

--
-- Dumping data for table `present_condition`
--

INSERT INTO `present_condition` (`condition_id`, `condition`) VALUES
(1, 'হেল্ড'),
(2, 'সচল (নিজস্ব পরিচালনায়)'),
(3, 'সচল (লীজের মাধ্যমে)'),
(4, 'রিজার্ভ'),
(5, 'হালকা মেরামতাধীন'),
(6, 'ভারী মেরামতাধীন'),
(7, 'দুর্ঘটনা কবলিত'),
(8, 'মেরামতের অযোগ্য'),
(9, 'বাতিল'),
(10, 'বিক্রীত');

-- --------------------------------------------------------

--
-- Table structure for table `product_class`
--

CREATE TABLE `product_class` (
  `class_id` int(11) NOT NULL,
  `class_name` varchar(200) NOT NULL,
  `product_type_id` int(11) NOT NULL,
  `length` int(11) NOT NULL,
  `width` int(11) NOT NULL,
  `height` int(11) NOT NULL,
  `cc` int(11) NOT NULL,
  `power` int(11) NOT NULL,
  `eng_position` varchar(10) NOT NULL,
  `speed` int(11) NOT NULL,
  `seat_no` int(11) NOT NULL,
  `life` int(11) NOT NULL,
  `tyre_no` int(11) NOT NULL,
  `tyre_size` int(11) NOT NULL,
  `origin` varchar(20) NOT NULL,
  `date_manufacture` date NOT NULL,
  `life_start` date NOT NULL,
  `class_remarks` varchar(10000) NOT NULL
) ENGINE=InnoDB DEFAULT CHARSET=utf8;

--
-- Dumping data for table `product_class`
--

INSERT INTO `product_class` (`class_id`, `class_name`, `product_type_id`, `length`, `width`, `height`, `cc`, `power`, `eng_position`, `speed`, `seat_no`, `life`, `tyre_no`, `tyre_size`, `origin`, `date_manufacture`, `life_start`, `class_remarks`) VALUES
(1, 'Double Decker (Ashok Leyland)', 1, 9125, 2475, 4725, 0, 160, 'Front', 75, 76, 12, 7, 10, 'India', '2014-09-22', '2014-09-22', '-'),
(2, 'Single Decker AC (Ashok Leyland)', 1, 11700, 2600, 4000, 0, 180, 'Front', 95, 41, 12, 7, 10, 'India', '2014-09-22', '2014-09-22', '-'),
(3, 'Articulated (Ashok Leyland)', 1, 16000, 2600, 3400, 5759, 160, 'Front', 67, 59, 12, 9, 10, 'India', '2014-09-22', '2014-09-22', '-'),
(4, 'Chinese CNG Single Decker', 1, 11000, 2480, 3270, 0, 160, 'Front', 105, 53, 10, 7, 10, 'China', '1970-01-01', '1970-01-01', '-'),
(5, 'Daewoo Express Bus-Single Decker', 1, 11000, 2490, 3225, 8071, 240, 'Front', 120, 46, 15, 7, 11, 'South Korea', '2011-01-01', '2011-10-31', '-'),
(6, 'Daewoo City Bus-Single Decker', 1, 11000, 2490, 3225, 8071, 240, 'Front', 120, 53, 15, 7, 11, 'South Korea', '2011-01-01', '2011-10-31', '-'),
(7, 'Chinese CNG ( FAW)', 1, 11000, 2480, 3270, 0, 160, 'Front', 105, 52, 10, 7, 10, 'China', '2006-04-15', '2006-04-30', ''),
(8, 'মিনি বাস (অশোক লিঃ স্ট্যাগ)', 1, 0, 0, 0, 0, 0, '', 0, 0, 0, 0, 0, '', '1970-01-01', '1970-01-01', ''),
(9, 'টাটা-১৩১৬/৫৫ (টিসি)', 1, 0, 0, 0, 0, 0, '', 0, 0, 0, 0, 0, '', '1970-01-01', '1970-01-01', ''),
(10, 'টাটা-১২১০ই', 1, 0, 0, 0, 0, 0, '', 0, 0, 0, 0, 0, '', '1970-01-01', '1970-01-01', ''),
(11, 'টাটা-১৩১৩/৪৭', 1, 0, 0, 0, 0, 0, '', 0, 0, 0, 0, 0, '', '1970-01-01', '1970-01-01', ''),
(12, 'মিতসুবিশি-বি-৬৩৩ এইচ', 1, 0, 0, 0, 0, 0, '', 0, 0, 0, 0, 0, '', '1970-01-01', '1970-01-01', ''),
(13, 'ইসুজু বিএফ-৪০', 1, 0, 0, 0, 0, 0, '', 0, 0, 0, 0, 0, '', '1970-01-01', '1970-01-01', ''),
(15, 'Double Decker (Volvo)', 1, 0, 0, 0, 0, 0, '', 0, 0, 0, 0, 0, '', '1970-01-01', '1970-01-01', ''),
(16, 'AshokLeyland A/C Bus', 1, 0, 0, 0, 0, 0, '', 0, 0, 0, 0, 0, '', '1970-01-01', '1970-01-01', ''),
(17, 'সিএনজি (অশোক লিল্যান্ড)', 1, 0, 0, 0, 0, 0, '', 0, 0, 0, 0, 0, '', '1970-01-01', '1970-01-01', '');

-- --------------------------------------------------------

--
-- Table structure for table `product_type`
--

CREATE TABLE `product_type` (
  `product_type_id` int(11) NOT NULL,
  `product_type` varchar(20) NOT NULL
) ENGINE=InnoDB DEFAULT CHARSET=utf8;

--
-- Dumping data for table `product_type`
--

INSERT INTO `product_type` (`product_type_id`, `product_type`) VALUES
(1, 'বাস'),
(2, 'ট্রাক'),
(3, 'প্রশিক্ষণ কার');

-- --------------------------------------------------------

--
-- Table structure for table `purchase`
--

CREATE TABLE `purchase` (
  `purchase_id` int(11) NOT NULL,
  `contract_date` date NOT NULL,
  `purchase_date` date NOT NULL,
  `class_id` int(11) NOT NULL,
  `company_id` int(11) NOT NULL,
  `fund_id` int(11) NOT NULL,
  `quantity` int(11) NOT NULL,
  `purchase_remarks` varchar(10000) NOT NULL
) ENGINE=InnoDB DEFAULT CHARSET=utf8;

--
-- Dumping data for table `purchase`
--

INSERT INTO `purchase` (`purchase_id`, `contract_date`, `purchase_date`, `class_id`, `company_id`, `fund_id`, `quantity`, `purchase_remarks`) VALUES
(1, '2011-05-19', '2012-10-31', 2, 1, 3, 290, '-'),
(2, '2012-06-12', '2013-07-19', 3, 1, 3, 88, '-'),
(3, '2012-05-31', '2013-04-17', 4, 1, 3, 50, '-'),
(4, '2011-01-04', '2011-08-25', 5, 2, 6, 255, '-'),
(5, '1970-01-01', '1970-01-01', 6, 3, 7, 275, '-');

-- --------------------------------------------------------

--
-- Table structure for table `repair`
--

CREATE TABLE `repair` (
  `repair_id` int(11) NOT NULL,
  `product_id` int(11) NOT NULL,
  `pre_pkl_date` date NOT NULL,
  `pkl_date` date NOT NULL,
  `est_cost` decimal(10,2) NOT NULL,
  `repair_date` date NOT NULL,
  `end_date` date NOT NULL,
  `job_no` varchar(10) NOT NULL,
  `input_date` timestamp NOT NULL DEFAULT CURRENT_TIMESTAMP,
  `repair_type_id` int(5) NOT NULL,
  `repair_place` varchar(100) NOT NULL,
  `repair_cause` varchar(100) NOT NULL,
  `parts_total` decimal(7,2) NOT NULL,
  `work_total` decimal(7,2) NOT NULL,
  `tyre_cost` decimal(7,2) NOT NULL,
  `battery_cost` decimal(7,2) NOT NULL,
  `handling_charge` decimal(7,2) NOT NULL,
  `vat` decimal(7,2) NOT NULL,
  `repair_cost` decimal(8,2) NOT NULL
) ENGINE=MyISAM DEFAULT CHARSET=utf8;

--
-- Dumping data for table `repair`
--

INSERT INTO `repair` (`repair_id`, `product_id`, `pre_pkl_date`, `pkl_date`, `est_cost`, `repair_date`, `end_date`, `job_no`, `input_date`, `repair_type_id`, `repair_place`, `repair_cause`, `parts_total`, `work_total`, `tyre_cost`, `battery_cost`, `handling_charge`, `vat`, `repair_cost`) VALUES
(1, 1547, '2018-11-21', '2018-11-13', '695.00', '2018-11-11', '2018-11-13', '45', '2018-11-07 08:38:01', 2, '', '', '0.00', '0.00', '334.00', '34.00', '0.00', '0.00', '368.00'),
(2, 1548, '2018-11-15', '2018-11-14', '343.00', '2018-11-07', '2018-11-17', '435', '2018-11-07 09:11:32', 2, '', '', '0.00', '0.00', '5.00', '45.00', '0.00', '0.00', '50.00'),
(3, 1546, '1970-01-01', '1970-01-01', '0.00', '2018-11-07', '1970-01-01', '55534', '2018-11-07 09:53:02', 1, '', '', '56.00', '3545.00', '56.00', '45.00', '0.00', '0.00', '3702.00'),
(5, 1531, '2018-11-01', '2018-11-03', '3434.00', '2018-11-07', '2018-11-12', 'erer3434', '2018-11-12 06:37:00', 2, '', '', '0.00', '0.00', '550.00', '0.00', '0.00', '0.00', '550.00'),
(6, 1531, '1970-01-01', '1970-01-01', '0.00', '2018-11-08', '1970-01-01', '', '2018-11-12 08:51:06', 2, '', '', '0.00', '0.00', '0.00', '50.00', '0.00', '0.00', '50.00');

-- --------------------------------------------------------

--
-- Table structure for table `repair_type`
--

CREATE TABLE `repair_type` (
  `repair_type_id` int(11) NOT NULL,
  `repair_type` varchar(10) NOT NULL
) ENGINE=InnoDB DEFAULT CHARSET=utf8;

--
-- Dumping data for table `repair_type`
--

INSERT INTO `repair_type` (`repair_type_id`, `repair_type`) VALUES
(1, 'হালকা'),
(2, 'ভারী');

-- --------------------------------------------------------

--
-- Table structure for table `route`
--

CREATE TABLE `route` (
  `route_id` int(11) NOT NULL,
  `route_name` varchar(500) NOT NULL,
  `depot_id` int(11) NOT NULL,
  `route_remarks` varchar(500) NOT NULL,
  `route_status` varchar(10) NOT NULL DEFAULT 'Active'
) ENGINE=InnoDB DEFAULT CHARSET=utf8;

--
-- Dumping data for table `route`
--

INSERT INTO `route` (`route_id`, `route_name`, `depot_id`, `route_remarks`, `route_status`) VALUES
(1, 'মোহাম্মদপুর - কুড়িল বিশ্বরোড', 6, '', 'Active'),
(2, 'ঝিগাতলা - নতুন বাজার', 6, '', 'Active'),
(4, 'মতিঝিল-----------------', 2, '', 'Active'),
(5, 'নন্দনপার্ক-মতিঝিল', 2, '', 'Active'),
(6, 'জিরানী-মতিঝিল', 2, '', 'Active'),
(8, 'ঢাকা - আরিচা', 2, '', 'Active'),
(9, 'ষ্টাফ পরিবহনে নিয়োজিত', 2, '', 'Active'),
(10, 'ঢাকা- কোটালীপাড়া', 2, '', 'Active'),
(11, 'ঢাকা-কুষ্টিয়া', 2, '', 'Active'),
(12, 'ঢাকা -কক্সবাজার', 2, '', 'Active'),
(13, 'মিরপুর-১০-মতিঝিল(মহিলা বাস সার্ভিস)', 2, '', 'Active'),
(14, 'মিরপুর-১৪-মতিঝিল(মহিলা বাস সার্ভিস)', 2, '', 'Active'),
(15, 'গুলিস্থান - পাটুরিয়া', 2, '', 'Active'),
(16, 'তেতুলিয়া-পঞ্চগড়-কিশোরগঞ্জ(ময়মনসিংহ)', 2, '', 'Active'),
(17, 'গুলিস্থান-আরিচা(পাটুরিয়া)', 2, '', 'Active'),
(18, 'ঢাকা-নাজিরপুর', 2, '', 'Active'),
(19, 'সোনাপুর বাস ডিপোতে হস্তান্তর', 2, '', 'Active'),
(20, 'ঢাকা-বি-বাড়ীয়া', 4, '', 'Active'),
(21, 'ঢাকা-কুটিচোমুহনী', 4, '', 'Active'),
(22, 'ঢাকা-দাউদকান্দি', 4, '', 'Active'),
(23, 'ঢাকা-ইলিয়টগঞ্জ', 4, '', 'Active'),
(25, 'ঢাকা-মনোহরদী-কটিয়াদী', 4, '', 'Active'),
(26, 'ঢাকা-ময়মনসিংহ-হালুয়াঘাট', 4, '', 'Active'),
(27, 'ঢাকা-নেত্রকোনা', 4, '', 'Active'),
(28, 'ঢাকা-নালিতাবাড়ী', 4, '', 'Active'),
(29, 'ঢাকা-তারাকান্দা', 4, '', 'Active'),
(31, 'ঢাকা-মদন', 4, '', 'Active'),
(33, 'ঢাকা-কলমাকান্দা', 4, '', 'Active'),
(35, 'ঢাকা-  মাওয়া', 4, '', 'Active'),
(36, 'মতিঝিল-বাইপাইল', 4, '', 'Active'),
(37, 'তালতলা-সচিবালয় (মহিলা সার্ভিস)', 4, '', 'Active'),
(38, 'বাড্ডা-গুলশান (মহিলা সার্ভিস)', 4, '', 'Active'),
(39, 'মতিঝিল-আবদুল্লাহপুর', 4, '', 'Active'),
(40, 'ঢাকা-টুঙ্গীপাড়া-খুলনা', 4, '', 'Active'),
(43, 'ঢাকা-পিরোজপুর', 4, '', 'Active'),
(45, 'আব্দুল্লাহপুর-মতিঝিল', 3, '', 'Active'),
(46, 'শিববাড়ী-মতিঝিল', 3, '', 'Active'),
(47, 'টঙ্গি-মতিঝিল', 3, '', 'Active'),
(49, 'ঢাকা-মুন্সিগঞ্জ', 3, '', 'Active'),
(50, 'ঢাকা-ময়মনসিংহ', 3, '', 'Active'),
(51, 'স্টাফ বাস', 0, '', 'Active'),
(52, 'দীর্ঘমেয়াদী ইজারা', 3, '', 'Active'),
(57, 'মোহাম্মদপুর - সাইনবোর্ড (ভায়া মতিঝিল)', 6, '', 'Active'),
(58, 'ঢাকা-তাড়াইল', 2, '', 'Active'),
(60, 'ঢাকা-বরগুনা', 4, '', 'Active'),
(61, 'ঢাকা-সিরাজগঞ্জ', 4, '', 'Active'),
(62, 'Vairob-Dhaka', 7, '', 'Active'),
(64, 'ঢাকা-বেনাপোল', 4, '', 'Active'),
(67, 'গাজীপুর-মতিঝিল', 19, '', 'Active'),
(68, 'গাজীপুর-গাবতলী', 19, '', 'Active'),
(69, 'বালুঘাট-মতিঝিল', 19, '', 'Active'),
(71, 'পাবনা বিঙ্গান ও প্রযুক্তি বিশ্বঃ', 12, '', 'Active'),
(74, 'পাবনা-দিনাজপুর', 12, '', 'Active'),
(75, 'পাবনা - মজিবনগর', 12, '', 'Active'),
(76, 'পাবনা - নওগাঁ', 12, '', 'Active'),
(77, 'মুজিবনগর - রাজশাহী', 12, '', 'Active'),
(78, 'কানসাট -শ্যামনগর', 12, '', 'Active'),
(79, 'শ্যামনগর -কানসাট', 12, '', 'Active'),
(80, 'পাবনা - কুয়াকাটা', 12, '', 'Active'),
(81, 'কুয়াকাটা -পাবনা', 12, '', 'Active'),
(82, 'রাজশাহী -আমুয়া', 12, '', 'Active'),
(83, 'আমুয়া -রাজশাহী', 12, '', 'Active'),
(84, 'চাঁপাই - পাথরঘাটা', 12, '', 'Active'),
(85, 'পাথারঘাটা - চাঁপাই', 12, '', 'Active'),
(86, 'রাজশাহী - নওগাঁ', 12, '', 'Active'),
(87, 'নওগাঁ- রাজশাহী', 12, '', 'Active'),
(88, 'রাজশাহী - পাঁচবিবি', 12, '', 'Active'),
(89, 'রাজশাহী - সাপাহার', 12, '', 'Active'),
(90, 'পাবনা - পাঁচবিবি', 12, '', 'Active'),
(91, 'নেত্রকেনা -মংলা', 12, '', 'Active'),
(92, 'মংলা - নেত্রকোনা', 12, '', 'Active'),
(93, 'রাজশাহী - দেবীগঞ্জ', 12, '', 'Active'),
(94, 'রাজশাহী - সুন্দরগঞ্জ', 12, '', 'Active'),
(95, 'পাবনা - চাঁপাই', 12, '', 'Active'),
(96, 'চাঁপাই - পাবনা', 12, '', 'Active'),
(97, 'রংপুর -গোপালগঞ্জ', 12, '', 'Active'),
(98, 'গোপালগঞ্জ - রংপুর', 12, '', 'Active'),
(99, 'আগুনে পোড়া গাড়ী(অচল)', 12, '', 'Active'),
(100, 'মিরপুর-মতিঝিল', 5, '', 'Active'),
(101, 'গাবতলী-রামপুরা', 5, '', 'Inactive'),
(102, 'গাবতলী-আবদুল্লাহপুর', 5, '', 'Inactive'),
(103, 'নবীনগর-নতুনবাজার', 5, '', 'Inactive'),
(104, 'ঢাকা - মেহেরপুর (অশোক একতলা এসি)', 5, '', 'Inactive'),
(105, 'মহাখালী-ভৈরব ভায়া টঙ্গী', 5, '', 'Inactive'),
(106, 'ঢাকা-মির্জাপুর', 5, '', 'Active'),
(107, 'সোনাপুর =টু = চট্টগ্রাম (ঈদ স্পেশাল সার্ভিস)', 18, '', 'Active'),
(109, 'নোয়াখালী বিজ্ঞান ও প্রযুক্তি বিশ্ববিদ্যালয় (স্ট্যাফ বাস)', 18, '', 'Active'),
(113, 'চরজব্বর = টু = চট্টগ্রাম', 18, '', 'Active'),
(114, 'সোনাপুর = টু = সিলেট-ছাতক', 18, '', 'Active'),
(115, 'বাংলাদেশ ব্যাংক ষ্টাফবাস', 5, '', 'Active'),
(116, 'জনতা ব্যাংক ষ্টাফবাস', 5, '', 'Active'),
(117, 'অগ্রনী ব্যাংক ষ্টাফবাস', 5, '', 'Active'),
(118, 'রুপালী ব্যাংক ষ্টাফবাস', 5, '', 'Active'),
(119, 'সুপ্রিম কোর্ট ষ্টাফবাস', 5, '', 'Active'),
(120, 'বিসিআইসি ষ্টাফবাস', 5, '', 'Active'),
(121, 'প্রথমিক শিক্ষা অধিদপ্তর ষ্টাফবাস', 5, '', 'Active'),
(122, 'মিল্ক ভিটা ষ্টাফবাস', 5, '', 'Active'),
(123, 'মুক্তিযোদ্ধা কল্যাণ ট্রাষ্ট ষ্টাফবাস', 5, '', 'Inactive'),
(124, 'জাহাঙ্গীরনগর বিশ্ববিদ্যালয় ষ্টাফবাস', 5, '', 'Active'),
(125, 'বিএডিসি ষ্টাফবাস', 5, '', 'Active'),
(130, 'খুলনা-কাঠালিয়া', 14, '', 'Active'),
(131, 'খুলনা-রায়েন্দা (2)', 14, '', 'Active'),
(132, 'খুলনা-মঠবাড়ীয়া', 14, '', 'Active'),
(136, 'খুলনা-নলছিটি', 14, '', 'Active'),
(137, 'খুলনা-মুন্সিগঞ্জ', 14, '', 'Active'),
(141, 'যশোর বিশ্ববিদ্যালয়', 14, '', 'Active'),
(142, 'লং লীজ', 0, '', 'Active'),
(144, 'স্কুলবাস', 5, '', 'Active'),
(145, 'মহিলা বাস', 5, '', 'Active'),
(147, 'খুলনা-কাকচিড়া', 14, '', 'Active'),
(150, 'বিআরটিসি প্রধান কার্যালয় ষ্টাফবাস', 5, '', 'Active'),
(151, 'দিনাজপুর-ক্ষেপুপাড়া', 10, '', 'Active'),
(153, 'কুড়িগ্রাম-গোপালগঞ্জ', 10, '', 'Active'),
(155, 'পঞ্চগড় - খুলনা', 10, '', 'Active'),
(156, 'রংপুর - কিশোরগঞ্জ', 10, '', 'Active'),
(157, 'উলিপুর-সাতক্ষীরা', 10, '', 'Active'),
(158, 'উলিপুর - সাতক্ষীরা', 10, '', 'Active'),
(160, 'বগুড়া - নওগাঁ', 10, '', 'Active'),
(161, 'রাজশাহী - ভূরুঙ্গামারী', 10, '', 'Active'),
(162, 'বগুড়া - খুলনা', 10, '', 'Active'),
(163, 'বগুড়া - যশোর', 10, '', 'Active'),
(165, 'বগুড়া - বাংলাবান্ধা', 10, '', 'Active'),
(167, 'বগুড়া - রহনপুর', 10, '', 'Active'),
(171, 'বগুড়া - ঝালকাঠি', 10, '', 'Active'),
(173, 'দিনাজপুর - রংপুর', 10, '', 'Active'),
(176, 'কুড়িগ্রাম - পিরোজপুর', 10, '', 'Active'),
(178, 'পঞ্চগড় - বরিশাল', 10, '', 'Active'),
(182, 'দিনাজপুর - ভুরুঙ্গামারী', 10, '', 'Active'),
(185, 'বগুড়া - কানষাট(চৌডালা)', 10, '', 'Active'),
(192, 'ঢাকা টু নারায়ণগঞ্জ', 16, '', 'Active'),
(193, 'ঢাকা টু বাজিতপুর', 16, '', 'Active'),
(194, 'ঢাকা (গুলিস্থান) টু মাওয়া', 16, '', 'Active'),
(195, 'ঢাকা টু নরসিংদী', 16, '', 'Active'),
(196, 'যাত্রাবাড়ী টু মাওয়া', 16, '', 'Active'),
(197, 'মদনপুর টু সাভার', 16, '', 'Active'),
(198, 'ঢাকা টু চট্টগ্রাম', 16, '', 'Inactive'),
(199, 'ঢাকা টু কক্সবাজার', 16, '', 'Inactive'),
(200, 'পোস্তগোলা টু কুচিয়ামোড়া ব্রীজ', 16, '', 'Active'),
(201, 'যাত্রাবাড়ী টু মেঘনাঘাট', 16, '', 'Active'),
(204, 'যশোর-কুয়াকাটা', 14, '', 'Active'),
(205, 'খুলনা-শামনগর', 14, '', 'Active'),
(206, 'খুলনা-বরগুনা', 14, '', 'Active'),
(207, 'SYLHET-GATAIL', 15, '', 'Active'),
(208, 'SYLHET-TARAKANDI', 15, '', 'Active'),
(209, 'SYLHET-SONAPUR', 15, '', 'Active'),
(210, 'SYLHET-FARIDGONJ', 15, '', 'Active'),
(211, 'SYLHET-LUXMIPUR', 15, '', 'Active'),
(212, 'মেরামতের অযোগ্য', 0, '', 'Active'),
(213, 'SYLHET-CHITTAGONG', 15, '', 'Active'),
(214, 'S.B.P.B (STAFF BUS)', 15, '', 'Active'),
(217, 'বগুড়া - জয়পুরহাট', 10, '', 'Active'),
(221, 'রাজশাহী - সাপাহার', 10, '', 'Active'),
(226, 'রাজশাহী - নীতপুর', 10, '', 'Active'),
(227, 'চাঁপাই -কলাপাড়া', 12, '', 'Active'),
(228, 'পাবনা- সোনামসজিদ', 12, '', 'Active'),
(229, 'পাবনা-পিরোজপুর', 12, '', 'Active'),
(230, 'কাশিনাথপুর- পিরোজপুর', 12, '', 'Active'),
(232, 'মোঃপুর টু পাটুরিয়া', 6, '', 'Active'),
(233, 'ঢাকা টু রংপুর', 6, '', 'Active'),
(234, 'ঢাকা টু কুষ্টিয়া', 6, '', 'Active'),
(235, 'রামগতি = টু = চট্টগ্রাম', 18, '', 'Active'),
(240, 'খুলনা-কিশোরগঞ্জ', 14, '', 'Active'),
(242, 'Norsingdi-Dhaka', 7, '', 'Active'),
(243, 'Dhaka(gulistan)-Aricha', 7, '', 'Active'),
(246, 'বরিশাল-আমুয়া-1', 11, '', 'Active'),
(247, 'বরিশাল-আমুয়া-2', 11, '', 'Active'),
(248, 'বরিশাল-বরগুনা-1', 11, '', 'Active'),
(249, 'বরিশাল-বরুগুনা-2', 11, '', 'Active'),
(250, 'বরিশাল-বরুগুনা-নৈশ', 11, '', 'Active'),
(251, 'বরিশাল-বেনাপোল', 11, '', 'Active'),
(252, 'বরিশাল-পাথরঘটিা', 11, '', 'Active'),
(253, 'বরিশাল-পাথরঘাটা-খুলনা', 11, '', 'Active'),
(254, 'বরিশাল-চাপাঁইনবাবগঞ্জ', 11, '', 'Active'),
(255, 'বরিশাল-খুলনা-1', 11, '', 'Active'),
(256, 'বরিশাল-খুলনা-2', 11, '', 'Active'),
(257, 'কুয়াকাটা-খুলনা', 11, '', 'Active'),
(258, 'চরফ্যাশন-যশোর', 11, '', 'Active'),
(259, 'বরিশাল-ঝালকাটী-পর্যটক', 11, '', 'Active'),
(260, 'বরিশাল-মুন্সীগঞ্জ', 11, '', 'Active'),
(261, 'বরিশাল-কাওড়াকান্দী', 11, '', 'Active'),
(263, 'বরিশাল-ধুমকি', 11, '', 'Active'),
(264, 'বরিশাল-রংপুর', 11, '', 'Active'),
(265, 'বরিশাল-খুলনা-পাথরঘাটা', 11, '', 'Active'),
(266, 'চন্দ্রা-মতিঝিল', 2, '', 'Active'),
(267, 'ঢাকা-কোটালীপাড়া', 2, '', 'Active'),
(268, 'ঢাকা-চট্টগ্রাম', 2, '', 'Active'),
(270, 'গুলিস্তান-মাওয়া', 2, '', 'Active'),
(271, 'মিরপুর14-মতিঝিল (মহিলা বাস সার্ভিস)', 2, '', 'Active'),
(272, 'ষ্টাফ বাস (বিভিন্ন রুট)', 2, '', 'Active'),
(275, 'বরিশাল-পাথরঘাটা নৈশ', 11, '', 'Active'),
(276, 'ঢাকা_লেঙ্গুড়া', 4, '', 'Active'),
(277, 'Chilmari-Debigong', 13, '', 'Active'),
(278, 'Rangpur-Tatulia', 13, '', 'Active'),
(279, 'Panchogor-Gaibandha', 13, '', 'Active'),
(280, 'Tunirhat-Gaibandha', 13, '', 'Active'),
(281, 'Rangpur-Sundorgong-Pachpir', 13, '', 'Active'),
(282, 'Shothibari-Gaibandha', 13, '', 'Active'),
(283, 'Rangpur-Ranishongkoil', 13, '', 'Active'),
(284, 'Rangpur-Chilahati', 13, '', 'Active'),
(285, 'Rangpur-Panchogor-1', 13, '', 'Active'),
(286, 'Rangpur-Dhamuirhat', 13, '', 'Active'),
(287, 'Rangpur-Shakowa', 13, '', 'Active'),
(288, 'Rangpur-Panchogor-3', 13, '', 'Active'),
(289, 'Panchogor-Mongla (Night)', 13, '', 'Active'),
(290, 'Panchogor-Chapainobabgong (Day)', 13, '', 'Active'),
(291, 'Horipur-Chapainobabgong', 13, '', 'Active'),
(292, 'Vurungamari-Chapainobabgong', 13, '', 'Active'),
(293, 'Rangpur-Shamnagor (Night)', 13, '', 'Active'),
(294, 'Panchogor-Netrokona', 13, '', 'Active'),
(295, 'Panchogor-Lokkhipasha (Day)', 13, '', 'Active'),
(296, 'Panchogor-Chapainobabgong (Night)', 13, '', 'Active'),
(297, 'Panchogor-shuzanagor  (Day)', 13, '', 'Active'),
(298, 'Panchogor-Pirojpur (Night)', 13, '', 'Active'),
(299, 'চট্টগ্রাম টু রাঙ্গামাটি', 9, '', 'Active'),
(300, 'চট্টগ্রাম টু খাগড়াছড়ি', 9, '', 'Active'),
(301, 'চট্টগ্রাম টু কোম্পানিগঞ্জ (কুমিল্লা)', 9, '', 'Active'),
(302, 'চট্টগ্রাম টু বান্দরবান', 9, '', 'Active'),
(303, 'চট্টগ্রাম টু কক্সবাজার', 9, '', 'Active'),
(304, 'নতুন ব্রীজ টু আনোয়ারা', 9, '', 'Active'),
(306, 'নতুন ব্রীজ টু লোহাগড়া', 9, '', 'Active'),
(307, 'নতুন ব্রীজ টু পটিয়া', 9, '', 'Active'),
(308, 'নতুন ব্রীজ টু দোহাজারী', 9, '', 'Active'),
(309, 'নতুন ব্রীজ টু বাশখালী-প্রেম বাজার', 9, '', 'Active'),
(310, 'কালুরঘাট টু পতেঙ্গা', 9, '', 'Active'),
(311, 'নিউ মার্কেট টু সীতাকুন্ড', 9, '', 'Active'),
(312, 'নিউ মার্কেট টু কাঠগড়', 9, '', 'Active'),
(313, 'চট্টগ্রাম বিশ্ববিদ্যালয় টু নিউ মার্কেট', 9, '', 'Active'),
(314, 'চট্টগ্রাম টু ঢাকা', 9, '', 'Active'),
(315, 'চট্টগ্রাম বিশ্ববিদ্যালয় (ষ্ট্যাফ বাস)', 9, '', 'Active'),
(316, 'কুমিল্লা-জাফলং', 8, '', 'Active'),
(317, 'কুমিল্লা-সুনামগঞ্জ', 8, '', 'Active'),
(318, 'কুমিল্লা-সিলেট(নন-এসি)', 8, '', 'Active'),
(319, 'কুমিল্লা-সিলেট(এসি)', 8, '', 'Active'),
(320, 'গৌরীপুর-ঢাকা(এসি)', 8, '', 'Active'),
(321, 'কুমিল্লা-ঢাকা(এসি)', 8, '', 'Active'),
(322, 'কুমিল্লা-ঢাকা(নন-এসি)', 8, '', 'Active'),
(323, 'কুমিল্লা-কক্সবাজার(এসি)', 8, '', 'Active'),
(324, 'লক্ষীপুর-সিলেট(এসি)', 8, '', 'Active'),
(325, 'লক্ষীপুর-সিলেট(নন-এসি)', 8, '', 'Active'),
(326, 'কুমিল্লা-সুনামগঞ্জ(দিবা)', 8, '', 'Active'),
(327, 'কুমিল্লা-সুনামগঞ্জ(নৈশ)', 8, '', 'Active'),
(328, 'গাবতলী-কলেজগেট', 17, '', 'Active'),
(329, 'নবীনগর-মতিঝিল', 17, '', 'Active'),
(330, 'চিটাগাংরোড টু সাভার', 16, '', 'Active'),
(332, 'গাবতলী - আব্দুল্লাপুর', 17, '', 'Active'),
(333, 'ঢাকা - বেনাপোল', 17, '', 'Active'),
(334, 'কুমিল্লা বিশ্ববিদ্যালয়', 8, 'স্টাফ বাস নিয়োজিত', 'Active'),
(336, 'ঢাকা-চট্রগ্রাম', 2, '', 'Active'),
(337, 'ঢাকা-মাওয়া', 2, '', 'Active'),
(338, 'মিরপুর-10-মতিঝিল', 2, '', 'Active'),
(339, 'ঢাকা-কক্সবাজার', 4, '', 'Active'),
(340, 'gazipurt to motijil', 19, '', 'Active'),
(342, 'বরিশাল-বিশ্ববিদ্যালয়', 11, '', 'Active'),
(344, 'Vurungamari-Vandaria', 13, '', 'Active'),
(345, 'Rangpur-Shotibari', 13, '', 'Active'),
(346, 'মোহাম্মদপুর টু মতিঝিল', 6, '', 'Active'),
(347, 'বরিশাল-মংলা', 11, '', 'Active'),
(348, 'মহিলা বাস সার্ভিস', 16, '', 'Active'),
(349, 'কুমিল্লা-কক্সবাজার(এসি)নৈশ', 8, '', 'Active'),
(350, 'কুমিল্লা-কক্সবাজার(এসি)দিবা', 8, '', 'Active'),
(351, 'SyLHET-LOKHIPUR', 15, '', 'Inactive'),
(352, 'ঢাকা-চট্টগ্রাম', 4, '', 'Active'),
(353, 'ঢাকা-পাথরঘাটা', 4, '', 'Active'),
(355, 'বগুড়া - দিনাজপুর', 10, '', 'Active'),
(356, 'বগুড়া - সেতাবগঞ্জ', 10, '', 'Active'),
(357, 'রাজশাহী - নীতপুর (2)', 10, '', 'Active'),
(358, 'রাজশাহী - নীতপুর (1)', 10, '', 'Active'),
(359, 'বগড়া - চৌডালা', 10, '', 'Active'),
(360, 'রাজশাহী - ভোলাহাট', 10, '', 'Active'),
(363, 'রাজশাহী - রহনপুর', 10, '', 'Active'),
(364, 'খুলনা-বরিশাল', 14, '', 'Active'),
(365, 'পিরোজপুর-বেনাপোল', 14, '', 'Active'),
(366, 'খুলনা-রায়েন্দা (1)', 14, '', 'Active'),
(367, 'ইসলামী  বিশ্ববিদ্যালয় কুষ্টিয়া।', 12, '', 'Active'),
(369, 'কুষ্টিয়া ইসলামী বিশ্ববিদ্যালয়', 12, '', 'Active'),
(370, 'গৌরীপুর-চট্টগ্রাম (এসি)', 8, '', 'Active'),
(371, 'ভারী মেরামতাধীন', 0, '', 'Active'),
(372, 'শিয়ামসিজদ টু মতিঝল(মহিলা সার্ভিস)', 6, '', 'Active'),
(373, 'হেল্ড', 0, '', 'Active'),
(374, 'রিজার্ভ', 0, '', 'Active'),
(375, 'বাতিল', 0, '', 'Active'),
(376, 'বিক্রীত', 0, '', 'Active'),
(377, 'Vurungamary to Vandaria', 13, '', 'Active'),
(380, 'New Market - Chuat.', 9, '', 'Active'),
(381, 'রূপসা-ফুলতলা', 14, '', 'Active'),
(382, 'খুলনা-কাওড়াকান্দি', 14, '', 'Active'),
(383, 'রাজশাহী - দর্শনা', 12, '', 'Inactive'),
(384, 'Sylhet-susong Durgapur', 15, '', 'Inactive'),
(385, 'Vurungamary to Vandaria', 13, '', 'Active'),
(386, 'ঢাকা-পাবনা', 4, '', 'Active'),
(387, 'বরিশাল-কাওড়াকান্দী', 11, '', 'Active'),
(388, 'Denjpur to rangpur', 23, '', 'Inactive'),
(389, 'Denjpur to rangpur', 23, '', 'Inactive'),
(390, 'দিনাজপুর-টু-রংপুর ও বেনাপোল', 23, '', 'Active'),
(391, 'দিনাজপুর-টু-যশোর', 23, '', 'Active'),
(392, 'Dinajpur to Kuakata', 23, '', 'Active'),
(393, 'Dinajpur To Benapul', 23, '', 'Active'),
(394, 'Dinajpur to Kuakata', 23, '', 'Active'),
(395, 'd', 23, '', 'Inactive'),
(396, 'Dinajpur to Bhurangamary', 23, '', 'Active'),
(397, 'Dinajpur To BenapoL/Rongpur', 23, '', 'Active'),
(398, 'Sree Poran cokobote', 23, '', 'Active'),
(399, 'Md. Koirul islam', 23, '', 'Active'),
(400, 'Md. Mokarom Hosson', 23, '', 'Active'),
(401, 'Md. saju miya', 23, '', 'Active'),
(402, 'দিনাজপুর টু রংপুর', 23, '', 'Active'),
(403, 'দিনাজপুর টু চিলমারী', 23, '', 'Active'),
(404, 'দিনাজপুর টু ভুরুঙ্গামারী', 23, '', 'Active'),
(405, 'দিনাজপুর টু রাজশাহী', 23, '', 'Active'),
(406, 'দিনাজপুর টু কুয়াকাটা', 23, '', 'Active'),
(407, 'দিনাজপুর টু বেনাপোল', 23, '', 'Active'),
(408, 'Vurungamary-to-Gopalgonj', 13, '', 'Active'),
(409, 'Chilmari-Rajshahi', 13, '', 'Active'),
(410, 'Dinajpur to Rangpur/ Burugamare', 23, '', 'Active'),
(411, 'সোনাপুর = টু = রংপুর (ঈদ সেবা সার্ভিস)', 18, '', 'Inactive'),
(412, 'বরিশাল-কাওড়াকান্দী', 11, '', 'Active'),
(413, 'ঢাকা (নারায়ণগঞ্জ) টু সাতক্ষিরা শ্যামনগর', 16, '', 'Active'),
(414, 'Panchagor-Chilmary', 13, '', 'Active'),
(415, 'আক্তার মিয়ার হাট = টু = চট্টগ্রাম', 18, '', 'Active'),
(416, 'ponchogor-chilmary', 13, '', 'Active'),
(417, 'রিজার্ভ', 18, '', 'Active'),
(418, 'বগুড়া- কানষাট', 10, '', 'Active'),
(419, 'গৌরীপুর-কক্সবাজার (এসি বাস)', 8, '', 'Active'),
(420, 'গৌরীপুর-চট্টগ্রাম (এসি বাস)', 8, '', 'Active'),
(421, 'ঘাটারচর-আব্দুল্লাপুর(কামার পাড়া)', 6, '', 'Active'),
(422, 'মোহাম্মদপুর-মতিঝিল', 6, '', 'Active'),
(423, 'মতিঝিল- নতুন বাজার', 6, '', 'Active'),
(424, 'মোহাম্মদপুর-সচিবালয়', 6, '', 'Active'),
(425, 'ঢাকা - রৌমারী', 17, '', 'Active'),
(426, 'নারায়ণগঞ্জ টু গাজীপুর', 16, '', 'Active'),
(427, 'ভান্ডারশরীফ', 9, '', 'Active'),
(428, 'Rangpur-kochakata', 13, '', 'Active'),
(429, 'Pachpir-Gaibandha (Debigonj)', 13, '', 'Active'),
(430, 'পাবনা - রহনপুর', 12, '', 'Active'),
(431, 'গাজীপুর -গাবতলী', 17, '', 'Active'),
(432, 'SYLHET-NETROKONA', 15, '', 'Inactive'),
(433, 'চেয়ারম্যানঘাট = টু = চট্টগ্রাম', 18, '', 'Active'),
(434, 'ঢাকা-হিজলা (বরিশাল)', 4, '', 'Active'),
(435, 'ভৈরব-আশুগঞ্জ', 7, '', 'Active'),
(436, 'ঢাকা-আরিচা', 7, '', 'Inactive'),
(437, 'দিনাজপুর টু রংপুর/ রাজশাহী', 23, '', 'Active'),
(438, 'দিনাজপুর টু রংপুর/ ভূরুঙ্গামারী', 23, '', 'Active'),
(439, 'দিনাজপুর টু রংপুর/ কুয়াকাটা', 23, '', 'Active'),
(440, 'ছাতক-সোনাপুর', 15, '', 'Active'),
(441, 'বশেমুরপ্রবি', 14, '', 'Active'),
(442, 'হস্তান্তর হয়েছে', 14, '', 'Active'),
(443, 'কানসাট - বরিশাল', 12, '', 'Active'),
(444, 'দিনাজপুর-টু-রংপুর ও যশোর', 23, '', 'Active'),
(445, 'ঢাকা-মঘনা উপজলা', 16, '', 'Active'),
(446, 'গাবতলী-কলেজগেট', 17, '', 'Active'),
(447, 'বশেমুরপ্রবি', 14, '', 'Active'),
(448, 'সোনাপুর = টু = ফেণী', 18, '', 'Active'),
(449, 'নবীনগর-মতিঝিল', 17, '', 'Active'),
(450, 'নবীনগর-মতিঝিল', 17, '', 'Inactive'),
(451, 'ঢাকা-খুলনা', 17, '', 'Active'),
(452, 'নবীনগর-যাত্রাবাড়ী', 17, '', 'Active'),
(453, 'কুরিল বিশ্ব রোড টু গাউছিয়া', 19, '', 'Active'),
(454, '“ভাটিরটেক(চৌরাস্তা) হতে চৌমহনী”', 18, '', 'Active'),
(455, 'দিনাজপুর টু চাপাইনবাবগঞ্জ', 23, '', 'Active'),
(456, '“নোয়াখালী ভাটিরটেক =টু= ফেনী সদর হাসপাতাল মোড়”', 18, '', 'Active'),
(457, 'বিভিন্ন রুটের বাস', 13, '', 'Active'),
(458, 'মিরপুর-মতিঝিল-বোর্ডবাজার', 5, '', 'Active'),
(459, 'ইডেন কলেজ', 5, '', 'Active'),
(460, 'কুড়িল বিশ্বরোড-পাচদোনা-নরসিংদী', 5, '', 'Active'),
(461, 'বিসিএসআইআর স্টাফবাস', 5, '', 'Active'),
(462, 'বিএসএমএমইউ স্টাফবাস', 5, '', 'Active'),
(463, 'মতিঝিল-ষ্টেশনরোড-মতিঝিল', 5, '', 'Active'),
(464, 'গাবতলী-ষ্টেশনরোড-মতিঝিল-ষ্টেশনরোড-গাবতলী', 5, '', 'Active'),
(465, 'মতিঝিল-ষ্টেশনরোড-মতিঝিল (স্টাফবাসের ট্রিপ)', 5, '', 'Active'),
(466, 'খুলনা -সাফা', 14, '', 'Active'),
(467, 'খুলনা -সাফা', 14, '', 'Active'),
(468, 'শিববাড়ী টু চন্দ্রা', 19, '', 'Active'),
(469, 'শিববাড়ী টু মাওনা', 19, '', 'Active');

-- --------------------------------------------------------

--
-- Table structure for table `route_details`
--

CREATE TABLE `route_details` (
  `route_details_id` int(11) NOT NULL,
  `route_id` tinyint(10) NOT NULL,
  `product_type_id` tinyint(2) NOT NULL,
  `product_id` int(11) NOT NULL,
  `start_point_id` tinyint(10) NOT NULL,
  `end_point_id` tinyint(10) NOT NULL
) ENGINE=InnoDB DEFAULT CHARSET=utf8;

-- --------------------------------------------------------

--
-- Table structure for table `start_end`
--

CREATE TABLE `start_end` (
  `start_end_id` int(11) NOT NULL,
  `start_end_point` varchar(20) NOT NULL
) ENGINE=InnoDB DEFAULT CHARSET=utf8;

--
-- Dumping data for table `start_end`
--

INSERT INTO `start_end` (`start_end_id`, `start_end_point`) VALUES
(1, 'মিরপুর'),
(2, 'মতিঝিল');

-- --------------------------------------------------------

--
-- Table structure for table `tcar_info`
--

CREATE TABLE `tcar_info` (
  `tcar_id` int(11) NOT NULL,
  `class_id` int(11) NOT NULL,
  `product_type_id` int(11) NOT NULL DEFAULT '1',
  `no_of_seat` int(11) NOT NULL,
  `tcar_life` tinyint(5) NOT NULL,
  `tcar_description` varchar(500) NOT NULL,
  `engine_no` varchar(30) NOT NULL,
  `chesis_no` varchar(30) NOT NULL,
  `reg_no` varchar(30) NOT NULL,
  `reg_date` date NOT NULL,
  `delivery_status` varchar(10) NOT NULL,
  `delivery_to_id` int(11) NOT NULL DEFAULT '1',
  `condition_id` int(11) NOT NULL DEFAULT '1',
  `tcar_remarks` varchar(10000) NOT NULL,
  `tcar_status` varchar(10) NOT NULL DEFAULT 'Active'
) ENGINE=InnoDB DEFAULT CHARSET=utf8;

-- --------------------------------------------------------

--
-- Table structure for table `trip`
--

CREATE TABLE `trip` (
  `trip_id` int(11) NOT NULL,
  `product_type_id` int(11) NOT NULL,
  `product_id` int(11) NOT NULL,
  `trip_date` date NOT NULL,
  `start_time` time NOT NULL,
  `reach_time` time NOT NULL
) ENGINE=InnoDB DEFAULT CHARSET=utf8;

-- --------------------------------------------------------

--
-- Table structure for table `truck_info`
--

CREATE TABLE `truck_info` (
  `truck_id` int(11) NOT NULL,
  `class_id` int(11) NOT NULL,
  `product_type_id` int(11) NOT NULL,
  `capacity` int(11) NOT NULL,
  `truck_life` tinyint(5) NOT NULL,
  `truck_description` varchar(500) NOT NULL,
  `engine_no` varchar(30) NOT NULL,
  `chesis_no` varchar(30) NOT NULL,
  `reg_no` varchar(30) NOT NULL,
  `reg_date` date NOT NULL,
  `delivery_status` varchar(10) NOT NULL,
  `delivery_to_id` int(11) NOT NULL DEFAULT '1',
  `condition_id` int(11) NOT NULL DEFAULT '1',
  `truck_remarks` varchar(10000) NOT NULL,
  `truck_status` varchar(10) NOT NULL DEFAULT 'Active'
) ENGINE=InnoDB DEFAULT CHARSET=utf8;

-- --------------------------------------------------------

--
-- Table structure for table `tyre_info`
--

CREATE TABLE `tyre_info` (
  `tyre_info_id` int(11) NOT NULL,
  `repair_id` int(11) NOT NULL,
  `repair_date` date NOT NULL,
  `product_id` int(11) NOT NULL,
  `tencil_no` varchar(10) NOT NULL,
  `tyre_brand` varchar(20) NOT NULL,
  `tyre_cost` decimal(8,2) NOT NULL
) ENGINE=MyISAM DEFAULT CHARSET=utf8;

--
-- Dumping data for table `tyre_info`
--

INSERT INTO `tyre_info` (`tyre_info_id`, `repair_id`, `repair_date`, `product_id`, `tencil_no`, `tyre_brand`, `tyre_cost`) VALUES
(1, 0, '1970-01-01', 1547, '4545', 'fgfdgfdg', '334.00'),
(2, 2, '2018-11-07', 1548, '56546', 'fg', '5.00'),
(3, 3, '2018-11-07', 1546, '565655546', 'fgfgfgghfhgfhgfhfdh', '56.00'),
(5, 5, '2018-11-07', 1531, '3343423423', 'ewrwerwe', '550.00'),
(6, 6, '2018-11-08', 1531, '', '', '0.00');

-- --------------------------------------------------------

--
-- Table structure for table `user_type`
--

CREATE TABLE `user_type` (
  `user_type_id` int(10) NOT NULL,
  `user_type` varchar(30) NOT NULL
) ENGINE=InnoDB DEFAULT CHARSET=utf8;

--
-- Dumping data for table `user_type`
--

INSERT INTO `user_type` (`user_type_id`, `user_type`) VALUES
(1, 'সুপার এডমিন'),
(2, 'এডমিন'),
(3, 'প্রধান কার্যালয় এডমিন'),
(4, 'ডিপো এডমিন'),
(5, 'প্রশিক্ষণ ইনস্টিটিউট এডমিন'),
(6, 'ওয়ার্কশপ এডমিন');

-- --------------------------------------------------------

--
-- Table structure for table `work_cost`
--

CREATE TABLE `work_cost` (
  `work_cost_id` int(11) NOT NULL,
  `repair_id` int(11) NOT NULL,
  `repair_date` date NOT NULL,
  `product_id` int(11) NOT NULL,
  `works_id` int(11) NOT NULL,
  `work_cost` decimal(10,2) NOT NULL
) ENGINE=MyISAM DEFAULT CHARSET=utf8;

--
-- Dumping data for table `work_cost`
--

INSERT INTO `work_cost` (`work_cost_id`, `repair_id`, `repair_date`, `product_id`, `works_id`, `work_cost`) VALUES
(1, 45, '2015-02-23', 288, 1, '1112.00'),
(2, 83, '2015-04-22', 546, 1, '1000.00'),
(3, 94, '2015-04-29', 1471, 2, '500.00'),
(4, 177, '2015-05-03', 1460, 4, '340.00'),
(5, 179, '2015-05-03', 298, 14, '120.00'),
(6, 180, '2015-05-03', 311, 5, '242.00'),
(7, 181, '2015-05-03', 315, 13, '6118.00'),
(8, 182, '2015-05-03', 316, 6, '700.00'),
(9, 182, '2015-05-03', 316, 8, '200.00'),
(10, 182, '2015-05-03', 316, 9, '200.00'),
(11, 208, '2015-09-30', 1241, 8, '2500.00'),
(12, 210, '2015-10-07', 524, 5, '200.00'),
(13, 219, '2015-10-12', 1403, 19, '2600.00'),
(14, 234, '2015-10-13', 856, 23, '200.00'),
(15, 255, '2015-10-16', 1307, 25, '200.00'),
(16, 269, '2015-10-18', 116, 16, '0.00'),
(17, 269, '2015-10-18', 116, 25, '0.00'),
(18, 270, '2015-10-18', 1206, 1, '500.00'),
(19, 281, '2015-10-18', 1315, 15, '500.00'),
(20, 281, '2015-10-18', 1315, 21, '200.00'),
(21, 281, '2015-10-18', 1315, 23, '200.00'),
(22, 285, '2015-10-18', 1186, 26, '160.00'),
(23, 333, '2015-10-22', 826, 25, '1165.00'),
(24, 404, '2015-10-27', 1474, 29, '600.00'),
(25, 404, '2015-10-27', 1474, 30, '500.00'),
(26, 441, '2015-10-29', 263, 25, '150.00'),
(27, 442, '2015-10-29', 255, 25, '150.00'),
(28, 468, '2015-11-01', 241, 31, '250.00'),
(29, 466, '2015-11-01', 169, 31, '250.00'),
(30, 488, '2015-11-02', 540, 31, '550.00'),
(31, 492, '2015-11-02', 543, 32, '1100.00'),
(32, 493, '2015-11-02', 1330, 33, '3500.00'),
(33, 495, '2015-11-02', 1320, 34, '600.00'),
(34, 513, '2015-11-03', 543, 36, '550.00'),
(35, 517, '2015-11-03', 540, 37, '500.00'),
(36, 518, '2015-11-03', 1320, 35, '450.00'),
(37, 519, '2015-11-03', 1428, 35, '900.00'),
(38, 529, '2015-11-03', 310, 38, '1400.00'),
(39, 534, '2015-11-03', 1439, 38, '1600.00'),
(40, 536, '2015-11-03', 165, 31, '250.00'),
(41, 541, '2015-11-03', 477, 21, '420.00'),
(42, 564, '2015-11-04', 828, 30, '2600.00'),
(43, 576, '2015-11-05', 819, 39, '2600.00'),
(44, 582, '2015-11-06', 557, 13, '400.00'),
(45, 585, '2015-11-05', 1242, 40, '2500.00'),
(46, 596, '2015-11-04', 310, 42, '3840.00'),
(47, 616, '2015-11-08', 1352, 43, '220.00'),
(48, 638, '2015-11-09', 844, 44, '4800.00'),
(49, 644, '2015-11-10', 1242, 45, '130.00'),
(50, 646, '2015-11-07', 194, 2, '10000.00'),
(51, 669, '2015-11-11', 205, 46, '967.00'),
(52, 675, '2015-11-11', 534, 47, '1500.00'),
(53, 676, '2015-11-12', 263, 25, '150.00'),
(54, 677, '2015-11-12', 251, 25, '150.00'),
(55, 680, '2015-11-12', 540, 48, '4350.00'),
(56, 682, '2015-11-13', 534, 49, '2700.00'),
(57, 685, '2015-11-13', 1474, 29, '200.00'),
(58, 685, '2015-11-13', 1474, 30, '700.00'),
(59, 685, '2015-11-13', 1474, 50, '100.00'),
(60, 712, '2015-11-16', 266, 25, '100.00'),
(61, 721, '2015-11-16', 256, 25, '200.00'),
(62, 722, '2015-11-16', 251, 25, '200.00'),
(63, 723, '2015-11-16', 34, 51, '350.00'),
(64, 731, '2015-11-06', 166, 31, '250.00'),
(65, 747, '2015-11-17', 819, 39, '3000.00'),
(66, 749, '2015-11-17', 819, 39, '3000.00'),
(67, 759, '2015-11-18', 1330, 52, '4259.00'),
(68, 807, '2015-11-22', 1403, 54, '1500.00'),
(69, 809, '2015-11-22', 1187, 25, '250.00'),
(70, 855, '2015-11-24', 540, 55, '550.00'),
(71, 858, '2015-11-24', 1242, 56, '300.00'),
(72, 859, '2015-11-24', 1080, 25, '150.00'),
(73, 878, '2015-11-25', 1079, 25, '300.00'),
(74, 896, '2015-11-26', 256, 25, '300.00'),
(75, 897, '2015-11-27', 177, 25, '150.00'),
(76, 898, '2015-11-27', 256, 25, '300.00'),
(77, 902, '2015-11-28', 994, 25, '450.00'),
(78, 916, '2015-11-29', 1320, 25, '140.00'),
(79, 917, '2015-11-29', 1307, 25, '220.00'),
(80, 918, '2015-11-29', 1352, 57, '110.00'),
(81, 924, '2015-11-28', 846, 40, '3360.00'),
(82, 941, '2015-12-01', 256, 25, '150.00'),
(83, 942, '2015-12-01', 251, 25, '150.00'),
(84, 945, '2015-12-01', 266, 17, '800.00'),
(85, 952, '2015-12-01', 587, 58, '200.00'),
(86, 953, '2015-12-01', 536, 59, '5000.00'),
(87, 953, '2015-12-01', 536, 60, '1200.00'),
(88, 953, '2015-12-01', 536, 61, '400.00'),
(89, 962, '2015-12-02', 968, 25, '200.00'),
(90, 994, '2015-12-03', 796, 54, '150.00'),
(91, 995, '2015-12-03', 287, 25, '100.00'),
(92, 997, '2015-12-06', 1474, 55, '350.00'),
(93, 1007, '2015-12-07', 587, 62, '550.00'),
(94, 1018, '2015-12-07', 251, 25, '300.00'),
(95, 1020, '2015-12-08', 255, 25, '200.00'),
(96, 1051, '2015-12-10', 1428, 63, '600.00'),
(97, 1059, '2015-12-11', 1242, 64, '450.00'),
(98, 1069, '2015-12-12', 1159, 65, '600.00'),
(99, 1078, '2015-12-10', 252, 42, '500.00'),
(100, 1079, '2015-12-11', 1079, 25, '130.00'),
(101, 1081, '2015-12-11', 252, 3, '500.00'),
(102, 1082, '2015-12-12', 255, 1, '630.00'),
(103, 1084, '2015-12-13', 251, 25, '300.00'),
(104, 1088, '2015-12-13', 170, 41, '1700.00'),
(105, 1089, '2015-12-13', 170, 41, '1700.00'),
(106, 1090, '2015-12-13', 826, 41, '880.00'),
(107, 1098, '2015-12-14', 796, 41, '3200.00'),
(108, 1104, '2015-12-14', 524, 66, '120.00'),
(109, 1115, '2015-12-16', 1403, 43, '300.00'),
(110, 1145, '2015-12-17', 826, 41, '600.00'),
(111, 1146, '2015-12-18', 796, 30, '1300.00'),
(112, 1147, '2015-12-19', 826, 30, '2600.00'),
(113, 1184, '2015-12-20', 99, 67, '250.00'),
(114, 1187, '2015-12-20', 251, 25, '300.00'),
(115, 1189, '2015-12-20', 251, 25, '300.00'),
(116, 1191, '2015-12-20', 256, 2, '300.00'),
(117, 1194, '2015-12-21', 252, 25, '300.00'),
(118, 1202, '2015-12-21', 1320, 65, '600.00'),
(119, 1207, '2015-12-22', 1247, 65, '600.00'),
(120, 1216, '2015-12-21', 1292, 68, '520.00'),
(121, 1218, '2015-12-22', 968, 25, '200.00'),
(122, 1219, '2015-12-22', 1079, 25, '200.00'),
(123, 1230, '2015-12-22', 901, 67, '350.00'),
(124, 1230, '2015-12-22', 901, 70, '6000.00'),
(125, 1245, '2015-12-24', 1403, 72, '300.00'),
(126, 1260, '2015-12-26', 311, 73, '550.00'),
(127, 1267, '2015-12-24', 170, 41, '200.00'),
(128, 1268, '2015-12-24', 796, 41, '18800.00'),
(129, 1281, '2015-12-26', 534, 52, '1200.00'),
(130, 1281, '2015-12-26', 534, 62, '500.00'),
(131, 1302, '2015-12-27', 326, 75, '1650.00'),
(132, 1305, '2015-12-27', 292, 75, '1650.00'),
(133, 1306, '2015-12-27', 311, 76, '450.00'),
(134, 1307, '2015-12-27', 294, 76, '450.00'),
(135, 1308, '2015-12-27', 410, 75, '1650.00'),
(137, 1310, '2015-12-27', 313, 75, '1650.00'),
(138, 1312, '2015-12-28', 796, 41, '600.00'),
(139, 1313, '2015-12-23', 251, 25, '150.00'),
(140, 1309, '2015-12-28', 826, 41, '1300.00'),
(141, 1315, '2015-12-25', 177, 25, '150.00'),
(142, 1316, '2015-12-26', 1079, 25, '200.00'),
(143, 1317, '2015-12-26', 968, 25, '1050.00'),
(144, 1318, '2015-12-27', 251, 25, '400.00'),
(145, 1321, '2015-12-28', 252, 25, '400.00'),
(146, 1339, '2015-12-29', 163, 77, '1450.00'),
(147, 1340, '2015-12-29', 77, 67, '250.00'),
(148, 1341, '2015-12-29', 105, 67, '250.00'),
(149, 1342, '2015-12-29', 54, 67, '250.00'),
(150, 1344, '2015-12-29', 410, 79, '900.00'),
(151, 1345, '2015-12-29', 301, 79, '900.00'),
(152, 1349, '2015-12-28', 300, 80, '3100.00'),
(153, 1350, '2015-12-28', 297, 81, '400.00'),
(154, 1355, '2015-12-28', 60, 67, '250.00'),
(155, 1357, '2015-12-25', 320, 82, '200.00'),
(156, 1362, '2015-12-27', 871, 83, '1250.00'),
(157, 1373, '2015-12-31', 822, 85, '240.00'),
(158, 1388, '2016-01-02', 1187, 86, '650.00'),
(159, 1388, '2016-01-02', 1187, 87, '1500.00'),
(160, 1388, '2016-01-02', 1187, 88, '300.00'),
(161, 1392, '2015-12-31', 819, 41, '800.00'),
(162, 1393, '2015-12-31', 819, 41, '800.00'),
(163, 1394, '2016-01-01', 796, 41, '200.00'),
(164, 1395, '2016-01-02', 826, 30, '2600.00'),
(165, 1395, '2016-01-02', 826, 41, '920.00'),
(166, 1398, '2015-12-29', 252, 25, '150.00'),
(167, 1400, '2015-12-31', 251, 25, '150.00'),
(168, 1401, '2016-01-03', 205, 41, '557.00'),
(169, 1411, '2016-01-03', 256, 25, '150.00'),
(170, 1412, '2016-01-03', 251, 25, '200.00'),
(171, 1418, '2016-01-03', 1428, 89, '120.00'),
(172, 1423, '2015-11-13', 687, 56, '2500.00'),
(173, 1424, '2015-11-13', 651, 65, '3600.00'),
(174, 1451, '2015-11-16', 687, 50, '9100.00'),
(175, 1464, '2015-11-18', 693, 71, '21950.00'),
(176, 1464, '2015-11-18', 693, 41, '19840.00'),
(177, 1475, '2015-11-12', 549, 15, '5000.00'),
(179, 1520, '2015-11-18', 1022, 81, '1100.00'),
(180, 1540, '2016-01-05', 251, 25, '200.00'),
(181, 1541, '2016-01-05', 256, 25, '200.00'),
(182, 1543, '2015-11-21', 589, 41, '3600.00'),
(183, 1544, '2015-11-21', 687, 41, '17060.00'),
(184, 1545, '2015-11-21', 191, 41, '1700.00'),
(185, 1558, '2016-01-06', 582, 91, '1200.00'),
(186, 1564, '2016-01-06', 252, 25, '200.00'),
(187, 1544, '2015-11-21', 687, 84, '16500.00'),
(188, 1567, '2016-01-06', 164, 92, '1200.00'),
(189, 1569, '2016-01-06', 884, 94, '5880.00'),
(190, 1571, '2016-01-06', 859, 44, '4680.00'),
(191, 1574, '2015-11-22', 701, 19, '2250.00'),
(192, 1576, '2015-11-22', 683, 19, '232.00'),
(194, 1588, '2015-11-23', 203, 26, '100.00'),
(196, 1599, '2015-11-24', 1015, 26, '120.00'),
(198, 1600, '2015-11-24', 185, 55, '275.00'),
(200, 1601, '2015-11-24', 677, 81, '1100.00'),
(202, 1602, '2015-11-24', 658, 81, '1100.00'),
(204, 1603, '2015-11-24', 1452, 41, '3500.00'),
(206, 1604, '2015-11-24', 1070, 65, '1700.00'),
(208, 1605, '2015-11-24', 701, 4, '150.00'),
(210, 1615, '2015-11-25', 677, 86, '2400.00'),
(212, 1616, '2015-11-25', 686, 56, '6500.00'),
(213, 1616, '2015-11-25', 686, 96, '4600.00'),
(215, 1631, '2015-11-26', 677, 97, '6000.00'),
(216, 1664, '2016-01-07', 543, 0, '750.00'),
(217, 1664, '2016-01-07', 543, 10, '0.00'),
(218, 1664, '2016-01-07', 543, 28, '750.00'),
(219, 1669, '2016-01-07', 1403, 0, '750.00'),
(220, 1669, '2015-11-28', 665, 81, '1100.00'),
(222, 1670, '2015-11-28', 682, 68, '300.00'),
(223, 1687, '2016-01-08', 1242, 68, '350.00'),
(224, 1701, '2015-11-30', 1452, 81, '3000.00'),
(225, 1703, '2016-01-07', 968, 25, '300.00'),
(226, 1704, '2016-01-08', 177, 41, '170.00'),
(227, 1706, '2016-01-09', 256, 25, '550.00'),
(232, 1719, '2016-01-10', 509, 10, '2000.00'),
(234, 1732, '2016-01-09', 351, 98, '1400.00'),
(236, 1733, '2016-01-09', 297, 99, '2900.00'),
(238, 1734, '2016-01-09', 410, 100, '233.00'),
(240, 1735, '2016-01-09', 310, 100, '233.00'),
(242, 1736, '2016-01-09', 315, 100, '234.00'),
(244, 1737, '2016-01-09', 143, 101, '250.00'),
(246, 1742, '2016-01-10', 256, 25, '250.00'),
(248, 1745, '2016-01-09', 1444, 102, '200.00'),
(250, 1757, '2015-12-01', 682, 54, '550.00'),
(252, 1759, '2015-12-01', 683, 97, '13700.00'),
(253, 1769, '2016-01-11', 1455, 103, '8500.00'),
(254, 1780, '2015-12-03', 701, 54, '150.00'),
(255, 1811, '2015-12-04', 684, 42, '19900.00'),
(256, 1812, '2015-12-04', 192, 38, '1700.00'),
(257, 1826, '2015-12-05', 1014, 98, '1100.00'),
(258, 1827, '2015-12-05', 210, 38, '1700.00'),
(259, 1835, '2016-01-08', 1242, 57, '150.00'),
(260, 1840, '2016-01-12', 252, 25, '150.00'),
(261, 1842, '2016-01-12', 177, 25, '150.00'),
(262, 1860, '2015-12-06', 682, 97, '9000.00'),
(263, 1850, '2016-01-10', 351, 106, '5460.00'),
(264, 1882, '2015-12-07', 549, 29, '225.00'),
(265, 1877, '2015-12-07', 210, 107, '8200.00'),
(266, 1900, '2016-01-13', 1403, 109, '1010.00'),
(267, 1904, '2016-01-13', 826, 111, '1300.00'),
(268, 1911, '2015-12-08', 184, 112, '1980.00'),
(269, 1911, '2015-12-08', 184, 113, '7400.00'),
(270, 1923, '2016-01-12', 1434, 110, '4760.00'),
(271, 1923, '2016-01-12', 1434, 93, '13400.00'),
(273, 1933, '2015-12-10', 665, 44, '32340.00'),
(274, 1933, '2015-12-10', 665, 96, '5000.00'),
(275, 1931, '2016-01-12', 316, 115, '1680.00'),
(276, 1971, '2015-12-12', 1452, 40, '7400.00'),
(277, 1975, '2015-12-12', 556, 112, '1800.00'),
(278, 1982, '2016-01-13', 1454, 117, '4240.00'),
(279, 1995, '2015-12-13', 192, 95, '1500.00'),
(280, 2015, '2016-01-13', 629, 1, '400.00'),
(281, 1999, '2015-12-14', 192, 118, '1500.00'),
(282, 2028, '2015-12-15', 1412, 105, '220.00'),
(283, 2055, '2015-12-17', 1412, 105, '220.00'),
(284, 2067, '2016-01-14', 1247, 31, '350.00'),
(285, 2081, '2016-01-14', 251, 25, '150.00'),
(286, 2111, '2015-12-20', 659, 19, '5000.00'),
(287, 2113, '2015-12-20', 687, 19, '5000.00'),
(288, 2115, '2016-01-15', 796, 111, '5200.00'),
(289, 2115, '2016-01-15', 796, 39, '108.00'),
(290, 2119, '2016-01-16', 819, 111, '1300.00'),
(291, 2119, '2016-01-16', 819, 39, '108.00'),
(292, 2125, '2015-12-21', 209, 105, '30.00'),
(293, 2127, '2016-01-15', 256, 25, '150.00'),
(294, 2129, '2016-01-15', 252, 25, '150.00'),
(295, 2132, '2015-12-21', 202, 52, '1800.00'),
(296, 2133, '2016-01-17', 1392, 41, '2248.00'),
(297, 2135, '2016-01-02', 1332, 28, '320.00'),
(298, 2146, '2015-12-22', 695, 113, '5800.00'),
(299, 2146, '2015-12-22', 695, 107, '11850.00'),
(301, 2147, '2015-12-22', 663, 119, '2700.00'),
(302, 2149, '2016-01-16', 252, 25, '200.00'),
(303, 2150, '2016-01-16', 251, 25, '200.00'),
(304, 2190, '2015-12-23', 202, 120, '35000.00'),
(305, 2192, '2015-12-23', 190, 120, '32000.00'),
(306, 2193, '2015-12-23', 650, 40, '29000.00'),
(307, 2195, '2015-12-23', 198, 120, '33200.00'),
(308, 2197, '2016-01-17', 1242, 121, '120.00'),
(309, 2201, '2016-01-17', 796, 122, '5000.00'),
(310, 2205, '2016-01-17', 256, 25, '200.00'),
(311, 2236, '2015-12-24', 517, 119, '5350.00'),
(312, 2237, '2015-12-24', 652, 109, '2400.00'),
(313, 2237, '2015-12-24', 652, 113, '2500.00'),
(314, 2224, '2015-12-24', 670, 93, '25000.00'),
(315, 2252, '2016-01-15', 296, 99, '3200.00'),
(316, 2253, '2016-01-15', 30, 31, '275.00'),
(317, 2279, '2016-01-16', 884, 81, '2000.00'),
(318, 2279, '2016-01-16', 884, 126, '2750.00'),
(320, 2280, '2016-01-16', 304, 18, '400.00'),
(321, 2288, '2015-12-27', 664, 90, '12000.00'),
(322, 2288, '2015-12-27', 664, 107, '11000.00'),
(323, 2302, '2015-12-28', 192, 26, '220.00'),
(324, 2302, '2015-12-28', 192, 35, '7800.00'),
(325, 2339, '2015-12-29', 665, 35, '5500.00'),
(326, 2339, '2015-12-29', 665, 33, '15000.00'),
(327, 2339, '2015-12-29', 665, 98, '1200.00'),
(328, 2340, '2015-12-29', 693, 98, '1200.00'),
(329, 2357, '2015-12-31', 586, 33, '6000.00'),
(330, 2374, '2016-01-18', 1400, 22, '250.00'),
(331, 2376, '2016-01-18', 164, 127, '1200.00'),
(332, 2381, '2016-01-18', 884, 93, '4980.00'),
(333, 2402, '2016-01-19', 1320, 128, '1200.00'),
(334, 2402, '2016-01-19', 1320, 129, '1000.00'),
(335, 2418, '2016-01-19', 164, 76, '250.00'),
(336, 2423, '2016-01-19', 863, 130, '1200.00'),
(337, 2471, '2016-01-20', 251, 25, '150.00'),
(338, 2472, '2016-01-20', 255, 25, '150.00'),
(339, 2473, '2016-01-20', 252, 41, '300.00'),
(340, 2560, '2016-01-23', 1474, 133, '690.00'),
(341, 2561, '2016-01-23', 1352, 131, '160.00'),
(342, 2562, '2016-01-23', 1187, 132, '300.00'),
(343, 2564, '2016-01-23', 1428, 63, '600.00'),
(344, 2575, '2016-01-03', 538, 4, '220.00'),
(345, 2591, '2016-01-04', 589, 33, '7500.00'),
(346, 2608, '2016-01-21', 865, 134, '2200.00'),
(347, 2608, '2016-01-21', 865, 125, '1450.00'),
(348, 2615, '2016-01-05', 1412, 32, '980.00'),
(349, 2607, '2016-01-05', 589, 52, '400.00'),
(350, 2599, '2016-01-05', 700, 38, '5000.00'),
(351, 2616, '2016-01-05', 652, 86, '1600.00'),
(352, 2610, '2016-01-05', 548, 33, '7350.00'),
(353, 2627, '2016-01-21', 252, 25, '150.00'),
(354, 2628, '2016-01-22', 251, 25, '150.00'),
(355, 2629, '2016-01-22', 256, 25, '150.00'),
(356, 2649, '2016-01-23', 315, 135, '2400.00'),
(357, 2650, '2016-01-23', 32, 101, '2025.00'),
(358, 2721, '2016-01-06', 668, 86, '1600.00'),
(359, 2722, '2016-01-06', 674, 145, '1200.00'),
(360, 2722, '2016-01-06', 674, 141, '2400.00'),
(361, 2722, '2016-01-06', 674, 142, '2000.00'),
(362, 2722, '2016-01-06', 674, 143, '1000.00'),
(363, 2722, '2016-01-06', 674, 95, '1200.00'),
(364, 2722, '2016-01-06', 674, 40, '5700.00'),
(365, 2722, '2016-01-06', 674, 87, '2500.00'),
(366, 2722, '2016-01-06', 674, 63, '1470.00'),
(367, 2722, '2016-01-06', 674, 52, '420.00'),
(368, 2721, '2016-01-06', 668, 136, '3900.00'),
(369, 2721, '2016-01-06', 668, 137, '2100.00'),
(370, 2721, '2016-01-06', 668, 138, '2500.00'),
(371, 2721, '2016-01-06', 668, 139, '2000.00'),
(372, 2721, '2016-01-06', 668, 140, '2500.00'),
(374, 2732, '2016-01-07', 652, 56, '2650.00'),
(375, 2769, '2016-01-11', 668, 29, '120.00'),
(376, 2769, '2016-01-11', 668, 113, '3000.00'),
(377, 2771, '2016-01-11', 680, 107, '14000.00'),
(378, 2772, '2016-01-11', 665, 98, '600.00'),
(379, 2782, '2016-01-12', 585, 105, '150.00'),
(380, 2782, '2016-01-12', 585, 49, '350.00'),
(381, 2782, '2016-01-12', 585, 67, '350.00'),
(382, 2797, '2016-01-13', 1427, 67, '1600.00'),
(383, 2797, '2016-01-13', 1427, 36, '2400.00'),
(384, 2797, '2016-01-13', 1427, 51, '2400.00'),
(385, 2797, '2016-01-13', 1427, 55, '550.00'),
(386, 2802, '2016-01-24', 862, 146, '2750.00'),
(387, 2804, '2016-01-24', 889, 147, '700.00'),
(389, 2808, '2016-01-24', 863, 148, '700.00'),
(390, 2810, '2016-01-24', 859, 149, '1100.00'),
(391, 2812, '2016-01-24', 901, 150, '350.00'),
(392, 2833, '2016-01-14', 691, 55, '275.00'),
(393, 2833, '2016-01-14', 691, 140, '5000.00'),
(394, 2876, '2016-01-26', 1403, 112, '1010.00'),
(395, 2878, '2016-01-26', 1330, 151, '1050.00'),
(396, 2890, '2016-01-26', 819, 105, '300.00'),
(397, 2911, '2016-01-16', 687, 113, '7000.00'),
(398, 2911, '2016-01-16', 687, 98, '2200.00'),
(399, 2930, '2016-01-24', 251, 25, '150.00'),
(400, 2933, '2016-01-25', 256, 25, '300.00'),
(401, 2956, '2016-01-19', 680, 67, '2400.00'),
(402, 2956, '2016-01-19', 680, 45, '1200.00'),
(403, 2956, '2016-01-19', 680, 73, '1200.00'),
(404, 2957, '2016-01-26', 314, 110, '2000.00'),
(405, 2978, '2016-01-20', 683, 95, '1200.00'),
(406, 2978, '2016-01-20', 683, 86, '1600.00'),
(407, 2978, '2016-01-20', 683, 145, '1200.00'),
(408, 2985, '2016-01-21', 559, 54, '2160.00'),
(409, 2991, '2016-01-27', 1435, 152, '100.00'),
(410, 2992, '2016-01-27', 1455, 102, '100.00'),
(411, 3079, '2016-01-28', 1320, 154, '720.00'),
(412, 3124, '2016-01-28', 144, 101, '275.00'),
(413, 3127, '2016-01-28', 870, 101, '350.00'),
(414, 3128, '2016-01-28', 862, 22, '1949.00'),
(415, 3139, '2016-01-29', 167, 101, '275.00'),
(416, 3140, '2016-01-29', 165, 101, '275.00'),
(417, 3147, '2016-01-30', 316, 125, '550.00'),
(418, 3148, '2016-01-30', 325, 159, '3100.00'),
(419, 3153, '2016-01-30', 102, 101, '275.00'),
(420, 3154, '2016-01-30', 55, 157, '435.00'),
(422, 3155, '2016-01-30', 322, 158, '1480.00'),
(423, 3146, '2016-01-30', 318, 158, '1680.00'),
(424, 3157, '2016-01-30', 885, 101, '350.00'),
(425, 3157, '2016-01-30', 885, 156, '1950.00'),
(426, 3160, '2016-01-30', 1400, 135, '5100.00'),
(427, 3162, '2016-01-30', 1455, 155, '950.00'),
(428, 3165, '2016-01-31', 1352, 26, '210.00'),
(429, 3189, '2015-01-31', 238, 31, '275.00'),
(430, 3208, '2016-01-31', 238, 31, '275.00'),
(431, 3218, '2016-01-31', 826, 111, '1200.00'),
(432, 3230, '2016-01-30', 255, 25, '150.00'),
(433, 3233, '2016-01-31', 991, 25, '200.00'),
(435, 3236, '2016-01-25', 663, 35, '620.00'),
(436, 3237, '2016-01-31', 251, 25, '300.00'),
(437, 2741, '2016-01-25', 553, 137, '2400.00'),
(438, 2741, '2016-01-25', 553, 35, '2400.00'),
(439, 2741, '2016-01-25', 553, 46, '1200.00'),
(440, 2741, '2016-01-25', 553, 106, '1200.00'),
(441, 3241, '2016-01-25', 1093, 103, '960.00'),
(442, 3252, '2016-01-26', 700, 160, '3600.00'),
(443, 3252, '2016-01-26', 700, 136, '3500.00'),
(444, 3252, '2016-01-26', 700, 140, '2500.00'),
(445, 3252, '2016-01-26', 700, 86, '1600.00'),
(446, 3252, '2016-01-26', 700, 65, '2000.00'),
(447, 3252, '2016-01-26', 700, 62, '650.00'),
(448, 3273, '2016-01-27', 200, 105, '51400.00'),
(449, 3290, '2016-01-28', 1027, 105, '900.00'),
(450, 3296, '2016-01-28', 209, 114, '1500.00'),
(451, 3296, '2016-01-28', 209, 159, '300.00'),
(452, 3301, '2016-01-29', 203, 105, '220.00'),
(453, 3377, '2016-02-02', 543, 164, '400.00'),
(454, 3235, '2016-02-01', 251, 25, '150.00'),
(455, 3402, '2016-01-30', 206, 144, '660.00'),
(456, 3418, '2016-01-31', 652, 48, '17000.00'),
(457, 3404, '2016-01-31', 658, 48, '7000.00'),
(458, 3419, '2016-01-31', 673, 48, '14000.00'),
(459, 3427, '2016-02-03', 1241, 63, '600.00'),
(461, 3452, '2016-02-02', 856, 101, '4050.00'),
(462, 3456, '2016-02-02', 1292, 165, '950.00'),
(463, 3466, '2016-02-01', 1427, 70, '3703.00'),
(464, 3483, '2016-02-04', 407, 25, '200.00'),
(465, 3488, '2016-02-04', 540, 166, '300.00'),
(466, 3488, '2016-02-04', 540, 167, '300.00'),
(467, 3488, '2016-02-04', 540, 25, '220.00'),
(468, 3505, '2016-02-02', 1070, 18, '2450.00'),
(469, 3521, '2016-02-03', 1427, 113, '2800.00'),
(470, 3521, '2016-02-03', 1427, 55, '275.00'),
(471, 3521, '2016-02-03', 1427, 110, '9200.00'),
(472, 3525, '2016-02-06', 1310, 55, '250.00'),
(473, 3528, '2016-02-04', 205, 25, '300.00'),
(474, 3531, '2016-02-04', 796, 160, '600.00'),
(475, 3539, '2016-02-06', 828, 111, '1200.00'),
(476, 3552, '2016-02-05', 166, 101, '275.00'),
(477, 3559, '2016-02-06', 96, 22, '275.00'),
(478, 3560, '2016-02-06', 105, 22, '275.00'),
(479, 3561, '2016-02-06', 29, 22, '275.00'),
(480, 3567, '2016-02-06', 872, 55, '1150.00'),
(481, 3568, '2016-02-06', 884, 31, '350.00'),
(482, 3569, '2016-02-06', 889, 22, '800.00'),
(483, 3605, '2016-02-04', 968, 120, '1500.00'),
(484, 3607, '2016-02-05', 994, 154, '1200.00'),
(485, 3609, '2016-02-05', 256, 25, '150.00'),
(486, 3610, '2016-02-06', 1079, 90, '2000.00'),
(488, 3642, '2016-02-07', 1212, 169, '2400.00'),
(489, 3658, '2016-02-08', 1242, 26, '120.00'),
(490, 3709, '2016-02-08', 88, 101, '275.00'),
(491, 3710, '2016-02-08', 169, 101, '275.00'),
(492, 3715, '2016-02-08', 1455, 15, '2000.00'),
(493, 3727, '2016-02-07', 256, 25, '150.00'),
(494, 3728, '2016-02-07', 252, 25, '150.00'),
(495, 3729, '2016-02-07', 255, 25, '150.00'),
(496, 3730, '2016-02-08', 251, 25, '150.00'),
(497, 3731, '2016-02-08', 256, 25, '150.00'),
(498, 3733, '2016-02-08', 1079, 154, '800.00'),
(499, 3793, '2016-02-08', 690, 105, '450.00'),
(500, 3794, '2016-02-08', 691, 56, '7000.00'),
(501, 3805, '2016-02-09', 878, 15, '3600.00'),
(502, 3811, '2016-02-09', 862, 106, '5480.00'),
(503, 3865, '2016-02-10', 256, 25, '150.00'),
(504, 3866, '2016-02-10', 251, 25, '150.00'),
(506, 3875, '2016-02-10', 1455, 99, '2700.00'),
(507, 3874, '2016-02-10', 1434, 171, '4000.00'),
(508, 3877, '2016-02-10', 1461, 172, '800.00'),
(509, 3907, '2016-02-10', 690, 113, '7000.00'),
(510, 3926, '2016-02-10', 585, 131, '1200.00'),
(511, 3927, '2016-02-10', 1427, 86, '1000.00'),
(512, 3928, '2016-02-10', 650, 113, '3000.00'),
(513, 3916, '2016-02-10', 691, 93, '30805.00'),
(514, 3913, '2016-02-10', 651, 113, '18700.00'),
(515, 3951, '2016-02-11', 521, 90, '13200.00'),
(516, 3952, '2016-02-11', 1022, 131, '800.00'),
(517, 3953, '2016-02-11', 668, 173, '15200.00'),
(518, 3954, '2016-02-11', 686, 48, '16300.00'),
(519, 3954, '2016-02-11', 686, 98, '2400.00'),
(520, 3955, '2016-02-11', 658, 107, '6869.00'),
(521, 3952, '2016-02-11', 1022, 18, '2400.00'),
(522, 3952, '2016-02-11', 1022, 140, '1000.00'),
(524, 3972, '2016-02-13', 407, 174, '250.00'),
(525, 3972, '2016-02-13', 407, 175, '250.00'),
(526, 3974, '2016-02-13', 1428, 15, '700.00'),
(527, 3990, '2016-02-11', 177, 25, '150.00'),
(528, 3991, '2016-02-11', 251, 25, '150.00'),
(529, 3992, '2016-02-12', 252, 25, '150.00'),
(530, 3993, '2016-02-12', 251, 25, '150.00'),
(531, 3997, '2016-02-13', 255, 67, '400.00'),
(532, 4000, '2016-02-11', 168, 101, '275.00'),
(533, 4002, '2016-02-11', 496, 101, '275.00'),
(534, 4014, '2016-02-13', 410, 62, '1400.00'),
(535, 4041, '2016-02-12', 826, 176, '600.00'),
(536, 4042, '2016-02-13', 819, 98, '500.00'),
(537, 4130, '2016-02-14', 1212, 15, '2400.00'),
(538, 4133, '2016-02-14', 1455, 15, '2900.00'),
(539, 4147, '2016-02-14', 872, 177, '800.00'),
(541, 4185, '2016-02-15', 1403, 178, '55000.00'),
(542, 4215, '2016-02-14', 251, 25, '150.00'),
(543, 4216, '2016-02-14', 256, 25, '150.00'),
(544, 4297, '2016-02-13', 1452, 125, '1200.00'),
(545, 4298, '2016-02-13', 196, 48, '16500.00'),
(546, 4284, '2016-02-13', 691, 48, '7000.00'),
(547, 4323, '2016-02-13', 1077, 42, '4250.00'),
(548, 4326, '2016-02-16', 255, 25, '150.00'),
(549, 4330, '2016-02-16', 256, 25, '150.00'),
(550, 4393, '2016-02-17', 1403, 55, '250.00'),
(551, 4397, '2016-02-17', 1241, 26, '130.00'),
(552, 4465, '2016-02-14', 194, 165, '960.00'),
(553, 4466, '2016-02-14', 700, 65, '5200.00'),
(554, 4467, '2016-02-14', 1412, 108, '450.00'),
(555, 4628, '2016-02-18', 826, 98, '1200.00'),
(556, 4628, '2016-02-18', 826, 82, '500.00'),
(557, 4632, '2016-02-21', 828, 41, '400.00'),
(558, 4648, '2016-02-19', 251, 25, '150.00'),
(559, 4649, '2016-02-19', 255, 25, '150.00'),
(560, 4651, '2016-02-20', 256, 25, '150.00'),
(561, 4652, '2016-02-20', 251, 25, '150.00'),
(562, 4653, '2016-02-19', 98, 101, '275.00'),
(563, 4662, '2016-02-18', 889, 179, '5180.00'),
(564, 4662, '2016-02-18', 889, 180, '1950.00'),
(565, 4671, '2016-02-15', 385, 40, '6000.00'),
(566, 4672, '2016-02-15', 581, 40, '2000.00'),
(567, 4673, '2016-02-15', 686, 66, '1000.00'),
(568, 4469, '2016-02-15', 679, 128, '3000.00'),
(569, 4697, '2016-02-18', 1434, 181, '19460.00'),
(570, 4781, '2016-02-22', 1538, 3, '200.00'),
(571, 4770, '2016-02-20', 1455, 182, '27400.00'),
(572, 4785, '2016-02-22', 255, 165, '300.00'),
(573, 4803, '2016-02-16', 1412, 164, '8360.00'),
(574, 4803, '2016-02-16', 1412, 97, '1150.00'),
(575, 4810, '2016-02-20', 1389, 183, '4750.00'),
(576, 4877, '2016-02-23', 256, 25, '150.00'),
(577, 4877, '2016-02-23', 256, 165, '300.00'),
(578, 4879, '2016-02-23', 255, 25, '150.00'),
(579, 4934, '2016-02-17', 1027, 55, '550.00'),
(580, 4934, '2016-02-17', 1027, 65, '350.00'),
(581, 4964, '2016-02-18', 553, 49, '550.00'),
(582, 4991, '2016-02-24', 828, 178, '20100.00'),
(583, 4995, '2016-02-19', 1027, 49, '350.00'),
(584, 5059, '2016-02-20', 659, 18, '11400.00'),
(585, 5061, '2016-02-20', 529, 127, '750.00'),
(586, 5062, '2016-02-20', 1070, 18, '5720.00'),
(587, 5064, '2016-02-20', 568, 109, '13200.00'),
(588, 5082, '2016-02-21', 683, 105, '400.00'),
(589, 5073, '2016-02-21', 1093, 133, '2200.00'),
(590, 5072, '2016-02-21', 1027, 82, '1000.00'),
(591, 5098, '2016-02-22', 527, 93, '10800.00'),
(592, 5121, '2016-02-23', 96, 22, '275.00'),
(593, 5122, '2016-02-23', 77, 22, '275.00'),
(594, 5140, '2016-02-24', 54, 101, '275.00'),
(595, 5148, '2016-02-24', 1435, 99, '2100.00'),
(596, 5148, '2016-02-24', 1435, 98, '1800.00'),
(597, 5150, '2016-02-25', 177, 25, '150.00'),
(598, 5152, '2016-02-26', 177, 25, '300.00'),
(599, 5158, '2016-02-25', 205, 41, '350.00'),
(600, 5159, '2016-02-25', 211, 41, '350.00'),
(601, 5161, '2016-02-25', 287, 41, '350.00'),
(602, 5163, '2016-02-25', 819, 98, '1200.00'),
(603, 5178, '2016-02-25', 103, 101, '275.00'),
(604, 5245, '2016-02-27', 1462, 184, '850.00'),
(605, 5321, '2016-02-29', 1310, 152, '240.00'),
(606, 5335, '2016-02-28', 251, 25, '300.00'),
(607, 5337, '2016-02-29', 256, 25, '300.00'),
(608, 5341, '2016-02-29', 55, 185, '950.00'),
(609, 5344, '2016-02-29', 875, 185, '950.00'),
(610, 5367, '2016-03-01', 255, 25, '300.00'),
(611, 5370, '2016-03-01', 251, 25, '150.00'),
(612, 5373, '2016-03-01', 278, 25, '150.00'),
(613, 5376, '2016-03-01', 261, 25, '150.00'),
(614, 5437, '2016-02-28', 888, 186, '8240.00'),
(615, 5438, '2016-02-28', 901, 148, '800.00'),
(616, 5457, '2016-03-02', 867, 179, '4640.00'),
(617, 5461, '2016-03-02', 1461, 15, '9300.00'),
(618, 5510, '2016-03-05', 1247, 187, '6500.00'),
(619, 5511, '2016-03-05', 1320, 187, '6500.00'),
(620, 5517, '2016-03-02', 263, 22, '200.00'),
(621, 5518, '2016-03-02', 256, 25, '450.00'),
(622, 5519, '2016-03-02', 255, 25, '150.00'),
(623, 5520, '2016-03-03', 255, 25, '150.00'),
(624, 5521, '2016-03-03', 256, 25, '150.00'),
(625, 5523, '2016-03-03', 251, 25, '160.00'),
(626, 5522, '2016-03-03', 872, 180, '1220.00'),
(627, 5524, '2016-03-04', 252, 25, '150.00'),
(628, 5525, '2016-03-03', 867, 180, '1800.00'),
(629, 5526, '2016-03-04', 255, 25, '150.00'),
(630, 5525, '2016-03-03', 867, 188, '550.00'),
(632, 5528, '2016-03-03', 890, 188, '550.00'),
(633, 5541, '2016-03-04', 869, 180, '1800.00'),
(634, 5598, '2016-03-06', 1242, 143, '1000.00'),
(635, 5598, '2016-03-06', 1242, 18, '800.00'),
(636, 5615, '2016-03-05', 101, 101, '275.00'),
(637, 5616, '2016-03-06', 278, 41, '900.00'),
(638, 5619, '2016-03-05', 1454, 152, '100.00'),
(639, 5622, '2016-03-06', 252, 25, '150.00'),
(640, 5638, '2016-02-23', 686, 145, '1200.00'),
(641, 5638, '2016-02-23', 686, 93, '18100.00'),
(642, 5625, '2016-02-23', 663, 147, '1750.00'),
(643, 5643, '2016-03-06', 293, 180, '1400.00'),
(644, 5663, '2016-02-24', 686, 107, '10800.00'),
(645, 5664, '2016-02-24', 666, 95, '3000.00'),
(646, 5665, '2016-02-24', 664, 176, '1350.00'),
(647, 5665, '2016-02-24', 664, 56, '8000.00'),
(649, 5671, '2016-03-07', 252, 25, '150.00'),
(650, 5673, '2016-03-07', 1538, 88, '400.00'),
(651, 5722, '2016-03-08', 1320, 56, '1800.00'),
(652, 5726, '2016-03-08', 1187, 115, '500.00'),
(653, 5726, '2016-03-08', 1187, 39, '120.00'),
(655, 5743, '2016-03-08', 77, 159, '3600.00'),
(656, 5744, '2016-03-08', 70, 192, '803.00'),
(657, 5749, '2016-03-08', 871, 15, '5150.00'),
(658, 5758, '2016-03-08', 865, 179, '3440.00'),
(659, 5818, '2016-03-09', 1241, 38, '1800.00'),
(660, 5818, '2016-03-09', 1241, 22, '800.00'),
(661, 5858, '2016-03-09', 582, 195, '2400.00'),
(662, 5903, '2016-03-09', 991, 25, '500.00'),
(663, 5960, '2016-03-10', 256, 165, '300.00'),
(664, 5961, '2016-03-10', 252, 25, '150.00'),
(665, 5963, '2016-03-12', 1538, 98, '1100.00'),
(666, 5964, '2016-03-12', 252, 25, '150.00'),
(667, 5965, '2016-03-12', 251, 25, '150.00'),
(669, 6016, '2016-03-11', 819, 111, '5200.00'),
(670, 6118, '2016-03-11', 70, 101, '275.00'),
(671, 6142, '2016-03-12', 871, 197, '2500.00'),
(672, 6144, '2016-03-12', 856, 165, '950.00'),
(673, 6150, '2016-03-12', 1439, 196, '18130.00'),
(674, 6150, '2016-03-12', 1439, 80, '2900.00'),
(675, 6207, '2016-03-13', 407, 15, '2250.00'),
(676, 6224, '2016-03-13', 252, 25, '150.00'),
(677, 6225, '2016-03-13', 256, 25, '150.00'),
(678, 6297, '2016-02-25', 548, 180, '1200.00'),
(679, 6298, '2016-02-25', 1027, 23, '120.00'),
(680, 6298, '2016-02-25', 1027, 38, '2160.00'),
(681, 6299, '2016-02-25', 1014, 42, '14500.00'),
(682, 6300, '2016-02-25', 679, 186, '7080.00'),
(683, 6300, '2016-02-25', 679, 136, '15125.00'),
(684, 6357, '2016-03-14', 1455, 198, '400.00'),
(685, 6434, '2016-02-29', 652, 113, '3500.00'),
(686, 6434, '2016-02-29', 652, 114, '4800.00'),
(687, 6448, '2016-02-29', 199, 119, '8600.00'),
(688, 6446, '2016-02-29', 184, 31, '1075.00'),
(689, 6450, '2016-02-29', 1027, 112, '2200.00'),
(690, 6472, '2016-03-01', 682, 122, '44000.00'),
(691, 6472, '2016-03-01', 682, 128, '9000.00'),
(692, 6498, '2016-03-15', 299, 200, '22610.00'),
(693, 6499, '2016-03-15', 319, 201, '350.00'),
(694, 6504, '2016-03-15', 863, 202, '350.00'),
(695, 6509, '2016-03-15', 855, 179, '3000.00'),
(696, 6511, '2016-03-15', 165, 203, '1300.00'),
(698, 6514, '2016-03-15', 317, 204, '1560.00'),
(700, 6516, '2016-03-15', 306, 204, '1560.00'),
(701, 6515, '2016-03-15', 1439, 205, '600.00'),
(702, 6515, '2016-03-15', 1439, 15, '7650.00'),
(703, 6572, '2016-03-16', 1186, 113, '2500.00'),
(704, 6581, '2016-03-16', 1307, 206, '1500.00'),
(706, 6596, '2016-03-16', 526, 38, '2032.00'),
(707, 6598, '2016-03-17', 1247, 113, '2500.00'),
(708, 6601, '2016-03-18', 543, 55, '550.00'),
(709, 6610, '2016-03-19', 526, 57, '100.00'),
(710, 6628, '2016-03-16', 89, 25, '300.00'),
(711, 6639, '2016-03-16', 263, 25, '150.00'),
(715, 6689, '2016-03-17', 97, 101, '275.00'),
(716, 6701, '2016-03-18', 25, 207, '2000.00'),
(717, 6702, '2016-03-18', 862, 23, '300.00'),
(718, 6709, '2016-03-19', 144, 80, '3300.00'),
(719, 6717, '2016-03-19', 295, 209, '1000.00'),
(720, 6719, '2016-03-20', 297, 200, '3300.00'),
(721, 6719, '2016-03-20', 297, 210, '2300.00'),
(722, 6725, '2016-03-20', 878, 15, '4300.00'),
(723, 6730, '2016-03-20', 1352, 63, '600.00'),
(724, 6735, '2016-03-20', 1187, 213, '450.00'),
(725, 6747, '2016-03-20', 251, 25, '150.00'),
(726, 6748, '2016-03-20', 177, 25, '300.00'),
(727, 6767, '2016-03-21', 252, 25, '150.00'),
(728, 6807, '2016-03-21', 1400, 214, '800.00'),
(729, 6852, '2016-03-22', 1241, 113, '2500.00'),
(730, 6857, '2016-03-22', 255, 25, '150.00'),
(731, 6901, '2016-03-04', 652, 125, '2400.00'),
(732, 6973, '2016-03-23', 256, 25, '150.00'),
(733, 6979, '2016-03-23', 994, 65, '1400.00'),
(734, 6983, '2016-03-24', 252, 25, '300.00'),
(735, 6984, '2016-03-24', 263, 25, '150.00'),
(736, 6986, '2016-03-25', 255, 25, '100.00'),
(737, 6987, '2016-03-26', 1538, 120, '700.00'),
(738, 6989, '2016-03-26', 177, 25, '150.00'),
(739, 7044, '2016-03-25', 526, 63, '800.00'),
(740, 7046, '2016-03-26', 1247, 215, '400.00'),
(741, 7053, '2016-03-27', 251, 25, '150.00'),
(743, 7058, '2016-03-27', 177, 25, '150.00'),
(744, 7059, '2016-03-27', 1428, 30, '550.00'),
(745, 7133, '2016-03-28', 256, 143, '500.00'),
(746, 7180, '2016-03-06', 589, 29, '550.00'),
(747, 7184, '2016-03-06', 659, 142, '19200.00'),
(748, 7192, '2016-03-29', 256, 25, '150.00'),
(749, 7193, '2016-03-29', 251, 25, '150.00'),
(750, 7217, '2016-03-30', 1476, 111, '400.00'),
(751, 7217, '2016-03-30', 1476, 39, '300.00'),
(752, 7217, '2016-03-30', 1476, 72, '300.00'),
(753, 7217, '2016-03-30', 1476, 25, '400.00'),
(754, 7218, '2016-03-30', 407, 15, '1650.00'),
(755, 7218, '2016-03-30', 407, 30, '800.00'),
(756, 7218, '2016-03-30', 407, 39, '300.00'),
(757, 7218, '2016-03-30', 407, 54, '300.00'),
(758, 7218, '2016-03-30', 407, 217, '4000.00'),
(763, 7221, '2016-03-30', 142, 25, '200.00'),
(764, 7221, '2016-03-30', 142, 172, '450.00'),
(765, 7221, '2016-03-30', 142, 21, '200.00'),
(766, 7222, '2016-03-24', 325, 218, '6200.00'),
(767, 7222, '2016-03-24', 325, 219, '2720.00'),
(769, 7223, '2016-03-24', 77, 101, '275.00'),
(770, 7226, '2016-03-24', 496, 101, '275.00'),
(771, 7245, '2016-03-25', 281, 101, '275.00'),
(772, 7248, '2016-03-25', 901, 101, '550.00'),
(773, 7249, '2016-03-25', 1439, 210, '1500.00'),
(775, 7281, '2016-03-26', 55, 101, '275.00'),
(776, 7296, '2016-03-30', 294, 220, '200.00'),
(777, 7297, '2016-03-30', 304, 220, '200.00'),
(778, 7298, '2016-03-30', 301, 220, '200.00'),
(779, 7300, '2016-03-30', 325, 220, '200.00'),
(780, 7301, '2016-03-30', 292, 220, '200.00'),
(781, 7303, '2016-03-30', 320, 220, '200.00'),
(782, 7304, '2016-03-30', 291, 220, '200.00'),
(783, 7305, '2016-03-30', 313, 220, '200.00'),
(784, 7307, '2016-03-30', 298, 220, '200.00'),
(785, 7309, '2016-03-30', 297, 220, '200.00'),
(786, 7381, '2016-03-07', 1020, 15, '4800.00'),
(787, 7381, '2016-03-07', 1020, 74, '1200.00'),
(788, 7383, '2016-03-07', 586, 87, '78000.00'),
(789, 7371, '2016-03-07', 665, 119, '3200.00'),
(790, 7380, '2016-03-07', 1014, 88, '14000.00'),
(791, 7385, '2016-03-31', 177, 25, '150.00'),
(792, 7386, '2016-03-31', 256, 25, '150.00'),
(793, 7390, '2016-04-01', 255, 25, '150.00'),
(794, 7445, '2016-04-03', 540, 38, '1970.00'),
(795, 7517, '2016-03-08', 682, 93, '2000.00'),
(796, 7536, '2016-03-09', 659, 113, '1800.00'),
(797, 7537, '2016-03-09', 679, 109, '4400.00'),
(798, 7538, '2016-03-09', 578, 107, '17300.00'),
(799, 7536, '2016-03-09', 659, 55, '825.00'),
(801, 7534, '2016-03-09', 1093, 184, '550.00'),
(802, 7534, '2016-03-09', 1093, 112, '1000.00'),
(803, 7591, '2016-04-04', 177, 25, '150.00'),
(804, 7593, '2016-04-05', 263, 25, '300.00'),
(805, 7596, '2016-04-05', 1079, 210, '1400.00'),
(806, 7597, '2016-04-05', 251, 25, '50.00'),
(807, 7599, '2016-04-05', 1307, 99, '15254.00'),
(808, 7603, '2016-04-07', 1403, 36, '800.00'),
(809, 7603, '2016-04-07', 1403, 18, '813.00'),
(810, 7605, '2016-04-07', 543, 55, '550.00'),
(811, 7668, '2016-04-09', 526, 121, '130.00'),
(812, 7678, '2016-04-06', 98, 101, '275.00'),
(813, 7681, '2016-04-06', 889, 202, '350.00'),
(814, 7697, '2016-04-05', 1446, 223, '5500.00'),
(815, 7697, '2016-04-05', 1446, 179, '2700.00'),
(816, 7697, '2016-04-05', 1446, 210, '2300.00'),
(817, 7722, '2016-04-08', 167, 101, '275.00'),
(820, 7973, '2016-04-11', 872, 202, '350.00'),
(821, 7973, '2016-04-11', 872, 125, '200.00'),
(822, 8073, '2016-03-10', 1093, 216, '6800.00'),
(823, 8074, '2016-03-10', 678, 93, '19200.00'),
(824, 8075, '2016-03-10', 556, 90, '19500.00'),
(825, 8074, '2016-03-10', 678, 90, '17500.00'),
(826, 8074, '2016-03-10', 678, 186, '14000.00'),
(828, 8081, '2016-04-12', 318, 224, '4000.00'),
(829, 8112, '2016-04-12', 1400, 204, '1400.00'),
(830, 8122, '2016-03-27', 55, 225, '3300.00'),
(831, 8128, '2016-03-27', 865, 101, '550.00'),
(832, 8136, '2016-03-31', 676, 226, '810.00'),
(833, 8237, '2016-03-12', 207, 98, '1200.00'),
(834, 8320, '2016-03-13', 585, 35, '2400.00'),
(835, 8320, '2016-03-13', 585, 125, '1000.00'),
(836, 8308, '2016-03-13', 687, 16, '1200.00'),
(837, 8322, '2016-03-13', 678, 113, '4200.00'),
(838, 8322, '2016-03-13', 678, 165, '3000.00'),
(839, 8365, '2016-03-14', 687, 16, '900.00'),
(840, 8366, '2016-03-14', 585, 65, '2650.00'),
(841, 8367, '2016-03-14', 678, 119, '400.00'),
(842, 8365, '2016-03-14', 687, 113, '4200.00'),
(844, 8368, '2016-03-14', 589, 180, '1200.00'),
(845, 8369, '2016-04-18', 1079, 58, '150.00'),
(846, 8370, '2016-03-14', 564, 186, '4700.00'),
(847, 8371, '2016-04-17', 1479, 227, '1800.00'),
(848, 8375, '2016-04-18', 1320, 129, '2500.00'),
(849, 8375, '2016-04-18', 1320, 228, '2500.00'),
(851, 8378, '2016-04-19', 1403, 229, '400.00'),
(852, 8399, '2016-03-15', 1412, 33, '10400.00'),
(853, 8400, '2016-03-15', 549, 55, '275.00'),
(854, 8401, '2016-03-15', 538, 210, '1200.00'),
(855, 8408, '2016-03-16', 1412, 108, '275.00'),
(856, 8408, '2016-03-16', 1412, 210, '3600.00'),
(857, 8411, '2016-03-16', 1022, 196, '13600.00'),
(858, 8463, '2016-04-21', 543, 121, '300.00'),
(859, 8465, '2016-04-22', 1247, 52, '1290.00'),
(860, 8466, '2016-04-22', 1428, 230, '340.00'),
(861, 8467, '2016-04-22', 543, 231, '300.00'),
(862, 8528, '2016-04-24', 1479, 233, '1050.00'),
(863, 8530, '2016-04-24', 1241, 57, '100.00'),
(864, 8567, '2016-04-15', 888, 101, '550.00'),
(865, 8574, '2016-04-16', 311, 234, '3690.00'),
(866, 8575, '2016-04-16', 315, 112, '2250.00'),
(867, 8578, '2016-04-16', 293, 99, '1000.00'),
(868, 8597, '2016-04-16', 238, 172, '1500.00'),
(870, 8601, '2016-04-17', 60, 239, '28000.00'),
(871, 8600, '2016-04-17', 299, 238, '47450.00'),
(872, 8602, '2016-04-17', 510, 240, '17000.00'),
(873, 8612, '2016-03-17', 650, 23, '120.00'),
(874, 8614, '2016-03-17', 196, 180, '1200.00'),
(875, 8616, '2016-03-17', 535, 121, '1200.00'),
(876, 8661, '2016-04-18', 293, 99, '2700.00'),
(877, 8664, '2016-04-18', 299, 241, '3300.00'),
(878, 8664, '2016-04-18', 299, 242, '400.00'),
(879, 8691, '2016-04-19', 27, 101, '275.00'),
(880, 8707, '2016-04-19', 865, 244, '120.00'),
(881, 8724, '2016-04-23', 1446, 172, '500.00'),
(882, 8725, '2016-04-23', 1439, 245, '2000.00'),
(883, 8729, '2016-04-23', 859, 15, '6600.00'),
(884, 8746, '2016-04-22', 166, 101, '300.00'),
(885, 8748, '2016-04-22', 34, 101, '300.00'),
(886, 8781, '2016-04-20', 293, 125, '1900.00'),
(887, 8782, '2016-04-20', 862, 202, '300.00'),
(888, 8783, '2016-04-20', 79, 101, '275.00'),
(889, 8790, '2016-03-18', 535, 217, '19800.00'),
(890, 8795, '2016-03-18', 546, 55, '2400.00'),
(891, 8795, '2016-03-18', 546, 103, '2800.00'),
(893, 8796, '2016-03-18', 1427, 180, '1200.00'),
(894, 8811, '2016-03-19', 535, 246, '19800.00'),
(895, 8803, '2016-03-19', 194, 55, '550.00'),
(896, 8801, '2016-03-19', 683, 247, '2800.00'),
(897, 8801, '2016-03-19', 683, 210, '1200.00'),
(898, 8820, '2016-03-20', 186, 31, '825.00'),
(899, 8844, '2016-03-21', 1021, 43, '150.00'),
(900, 8839, '2016-03-21', 567, 90, '18800.00'),
(901, 8829, '2016-03-21', 689, 90, '7500.00'),
(902, 8858, '2016-03-22', 665, 230, '1500.00'),
(903, 8859, '2016-03-22', 208, 107, '10350.00'),
(904, 8862, '2016-03-22', 538, 176, '300.00'),
(905, 8872, '2016-03-23', 692, 180, '1000.00'),
(906, 8878, '2016-03-23', 208, 248, '5400.00'),
(907, 8924, '2016-03-24', 517, 48, '16300.00'),
(908, 8929, '2016-03-24', 538, 176, '600.00'),
(909, 8930, '2016-03-24', 203, 90, '17500.00'),
(910, 8949, '2016-04-28', 819, 39, '1100.00'),
(911, 8952, '2016-05-02', 819, 41, '315.00'),
(912, 8974, '2016-03-27', 681, 35, '2000.00'),
(913, 8998, '2016-03-28', 700, 95, '2100.00'),
(914, 9012, '2016-03-28', 652, 40, '13300.00'),
(915, 9018, '2016-04-27', 1446, 114, '3400.00'),
(916, 9020, '2016-04-27', 326, 163, '1800.00'),
(917, 9025, '2016-04-28', 96, 101, '300.00'),
(918, 9032, '2016-04-28', 326, 125, '1700.00'),
(922, 9036, '2016-04-28', 305, 250, '220.00'),
(923, 9035, '2016-04-28', 313, 249, '2250.00'),
(924, 9034, '2016-04-28', 304, 249, '2250.00'),
(925, 9033, '2016-04-28', 297, 250, '220.00'),
(926, 9040, '2016-04-29', 141, 101, '300.00'),
(927, 9045, '2016-04-29', 297, 172, '500.00'),
(928, 9046, '2016-04-29', 296, 250, '220.00'),
(929, 9047, '2016-04-29', 310, 172, '1200.00'),
(931, 9067, '2016-04-30', 582, 251, '800.00'),
(932, 9072, '2016-04-30', 867, 210, '780.00'),
(933, 9073, '2016-04-30', 870, 210, '1800.00'),
(934, 9076, '2016-04-30', 1292, 252, '550.00'),
(935, 9055, '2016-04-30', 314, 80, '5320.00'),
(936, 9055, '2016-04-30', 314, 242, '600.00'),
(937, 9080, '2016-03-29', 567, 222, '4070.00'),
(938, 9080, '2016-03-29', 567, 101, '825.00'),
(940, 9098, '2016-04-24', 571, 253, '1900.00'),
(942, 9099, '2016-04-26', 313, 254, '200.00'),
(943, 9101, '2016-04-26', 1434, 255, '200.00'),
(944, 9113, '2016-04-25', 875, 214, '1200.00'),
(945, 9122, '2016-04-04', 105, 31, '1850.00'),
(946, 9130, '2016-05-04', 1474, 63, '600.00'),
(947, 9140, '2016-05-02', 299, 19, '7000.00'),
(948, 9154, '2016-05-02', 676, 39, '2500.00'),
(949, 9175, '2016-05-04', 901, 93, '9600.00'),
(950, 9181, '2016-03-30', 577, 42, '1200.00'),
(951, 9181, '2016-03-30', 577, 119, '3200.00'),
(952, 9198, '2016-05-06', 1428, 36, '700.00'),
(953, 9234, '2016-05-07', 540, 256, '1500.00'),
(954, 9302, '2016-05-08', 1352, 62, '450.00'),
(955, 9304, '2016-05-08', 1320, 63, '600.00'),
(956, 9304, '2016-05-08', 1320, 257, '400.00'),
(957, 9305, '2016-05-08', 540, 258, '500.00'),
(958, 9342, '2016-05-04', 872, 148, '1000.00'),
(960, 9348, '2016-05-05', 582, 259, '672.00'),
(961, 9352, '2016-05-06', 876, 101, '550.00'),
(962, 9359, '2016-05-07', 876, 184, '820.00'),
(964, 9360, '2016-05-07', 872, 260, '2020.00'),
(965, 9380, '2016-05-08', 582, 31, '300.00'),
(966, 9380, '2016-05-08', 582, 245, '700.00'),
(967, 9425, '2016-04-03', 875, 179, '3500.00'),
(968, 9553, '2016-04-02', 592, 246, '6600.00'),
(969, 9559, '2016-05-11', 1310, 26, '130.00'),
(970, 9608, '2016-05-10', 901, 146, '2200.00'),
(971, 9643, '2016-04-04', 1022, 143, '1000.00'),
(972, 9644, '2016-04-04', 385, 222, '2990.00'),
(973, 9645, '2016-04-04', 208, 222, '4020.00'),
(974, 9628, '2016-04-04', 658, 113, '4600.00'),
(975, 9661, '2016-05-12', 543, 63, '800.00'),
(976, 9659, '2016-05-12', 1428, 198, '350.00'),
(977, 9683, '2016-04-05', 652, 253, '550.00'),
(978, 9683, '2016-04-05', 652, 142, '11000.00'),
(979, 9683, '2016-04-05', 652, 93, '17900.00'),
(981, 9685, '2016-04-05', 675, 107, '14600.00'),
(982, 9686, '2016-04-05', 677, 105, '250.00'),
(983, 9687, '2016-04-05', 651, 93, '3600.00'),
(984, 9831, '2016-04-06', 564, 222, '3680.00'),
(985, 9832, '2016-04-06', 529, 93, '17300.00'),
(986, 9889, '2016-04-07', 578, 173, '6600.00'),
(987, 9878, '2016-04-07', 559, 210, '1200.00'),
(988, 9878, '2016-04-07', 559, 256, '2000.00'),
(989, 9879, '2016-04-07', 553, 102, '1100.00'),
(990, 9881, '2016-04-07', 527, 105, '610.00'),
(991, 9900, '2016-05-16', 1538, 98, '2800.00'),
(992, 9901, '2016-05-16', 263, 19, '8000.00'),
(993, 9937, '2016-04-09', 651, 113, '3900.00'),
(994, 9942, '2016-05-18', 1403, 50, '400.00'),
(995, 10012, '2016-04-10', 592, 128, '3500.00'),
(996, 10008, '2016-04-10', 190, 90, '18000.00'),
(997, 10018, '2016-04-10', 675, 90, '18000.00'),
(998, 10023, '2016-04-11', 651, 248, '4000.00'),
(999, 10027, '2016-05-19', 1310, 63, '600.00'),
(1001, 10033, '2016-05-20', 526, 261, '1150.00'),
(1002, 10030, '2016-05-20', 1474, 262, '250.00'),
(1003, 10060, '2016-04-12', 687, 186, '5100.00'),
(1004, 10056, '2016-04-12', 553, 182, '10400.00'),
(1005, 10061, '2016-04-12', 1022, 18, '4600.00'),
(1006, 10040, '2016-04-12', 207, 222, '3680.00'),
(1007, 10102, '2016-05-17', 871, 101, '1200.00'),
(1009, 10107, '2016-05-17', 1400, 113, '2800.00'),
(1010, 10109, '2016-05-17', 1460, 151, '500.00'),
(1011, 10105, '2016-05-17', 27, 263, '200.00'),
(1012, 10127, '2016-05-18', 1454, 159, '13220.00'),
(1014, 10147, '2016-05-18', 869, 264, '600.00'),
(1015, 10150, '2016-05-15', 1460, 99, '2600.00'),
(1016, 10159, '2016-05-15', 582, 265, '6500.00'),
(1017, 10162, '2016-05-15', 571, 266, '9500.00'),
(1018, 10173, '2016-05-19', 88, 101, '300.00'),
(1019, 10175, '2016-05-19', 889, 101, '1500.00'),
(1020, 10196, '2016-05-20', 878, 101, '350.00'),
(1022, 10204, '2016-05-20', 1400, 267, '1000.00'),
(1023, 10211, '2016-04-13', 1095, 82, '12900.00'),
(1024, 10214, '2016-04-13', 652, 26, '150.00'),
(1025, 10222, '2016-05-16', 98, 101, '40.00'),
(1027, 10223, '2016-05-16', 70, 268, '1500.00'),
(1028, 10247, '2016-05-21', 889, 101, '350.00'),
(1029, 10249, '2016-05-22', 86, 101, '300.00'),
(1030, 10250, '2016-05-22', 90, 101, '300.00'),
(1031, 10275, '2016-05-25', 1428, 25, '130.00'),
(1032, 10361, '2016-05-27', 543, 25, '160.00'),
(1033, 10662, '2016-05-26', 466, 101, '300.00'),
(1034, 10663, '2016-05-26', 163, 101, '300.00'),
(1035, 10671, '2016-05-30', 496, 101, '300.00'),
(1036, 10676, '2016-05-30', 1400, 106, '3700.00'),
(1037, 10699, '2016-04-15', 192, 31, '825.00'),
(1038, 10771, '2016-05-31', 496, 112, '1200.00'),
(1039, 10778, '2016-05-31', 874, 101, '530.00'),
(1040, 10774, '2016-05-31', 1455, 15, '2750.00'),
(1041, 10797, '2016-05-27', 239, 101, '300.00'),
(1042, 10799, '2016-05-27', 890, 101, '350.00'),
(1044, 10803, '2016-05-27', 869, 269, '2200.00'),
(1045, 10809, '2016-05-28', 901, 270, '150.00'),
(1046, 10812, '2016-05-28', 240, 101, '1500.00'),
(1047, 10812, '2016-05-28', 240, 172, '1200.00'),
(1049, 10816, '2016-05-28', 351, 273, '1200.00'),
(1050, 10827, '2016-05-29', 869, 101, '530.00'),
(1051, 10827, '2016-05-29', 869, 147, '1300.00'),
(1052, 10829, '2016-05-29', 874, 147, '1140.00'),
(1053, 10824, '2016-05-29', 582, 125, '1900.00'),
(1054, 10836, '2016-05-29', 1460, 272, '600.00'),
(1055, 10836, '2016-05-29', 1460, 125, '7800.00'),
(1058, 10836, '2016-05-29', 1460, 274, '1950.00'),
(1061, 10841, '2016-05-29', 1400, 275, '1800.00'),
(1062, 10862, '2016-06-02', 1479, 62, '360.00'),
(1063, 10868, '2016-06-02', 1247, 33, '500.00'),
(1064, 10940, '2016-06-01', 1460, 102, '200.00'),
(1065, 11000, '2016-04-18', 683, 113, '13400.00'),
(1067, 11005, '2016-06-02', 298, 200, '20920.00'),
(1068, 11058, '2016-06-03', 298, 210, '1700.00'),
(1069, 11062, '2016-06-03', 865, 244, '400.00'),
(1070, 11066, '2016-06-04', 1434, 184, '850.00'),
(1071, 11073, '2016-06-05', 1455, 185, '950.00'),
(1072, 11111, '2016-06-05', 885, 81, '1100.00'),
(1073, 11116, '2016-06-05', 863, 277, '9900.00'),
(1075, 11215, '2016-04-21', 684, 26, '6000.00'),
(1076, 11231, '2016-04-21', 686, 16, '18000.00'),
(1077, 11288, '2016-06-08', 1475, 25, '200.00'),
(1078, 11290, '2016-06-08', 142, 25, '350.00'),
(1079, 11292, '2016-06-08', 407, 278, '400.00'),
(1080, 11292, '2016-06-08', 407, 25, '300.00'),
(1081, 11296, '2016-04-25', 678, 210, '1200.00'),
(1082, 11297, '2016-04-25', 185, 163, '2400.00'),
(1083, 11350, '2016-04-29', 684, 36, '1495.00'),
(1084, 11410, '2016-06-08', 205, 25, '300.00'),
(1085, 11464, '2016-05-02', 678, 113, '3300.00'),
(1086, 11465, '2016-05-02', 1412, 107, '4600.00'),
(1087, 11506, '2016-05-03', 559, 93, '10000.00'),
(1088, 11506, '2016-05-03', 559, 127, '3200.00'),
(1090, 11511, '2016-05-03', 666, 40, '14600.00'),
(1091, 11518, '2016-05-03', 678, 97, '6000.00'),
(1093, 11567, '2016-05-04', 674, 113, '3700.00'),
(1094, 11548, '2016-05-04', 597, 222, '2750.00'),
(1095, 11626, '2016-05-05', 184, 256, '2300.00'),
(1096, 11641, '2016-06-13', 526, 55, '550.00'),
(1097, 11729, '2016-06-14', 58, 101, '300.00'),
(1098, 11731, '2016-06-14', 168, 101, '300.00'),
(1099, 11731, '2016-06-14', 168, 272, '1200.00'),
(1100, 11735, '2016-06-13', 313, 276, '1900.00'),
(1101, 11748, '2016-06-13', 164, 101, '300.00'),
(1103, 11747, '2016-06-13', 79, 101, '300.00'),
(1104, 11751, '2016-06-13', 855, 210, '300.00'),
(1105, 11755, '2016-06-13', 888, 147, '2800.00'),
(1106, 11769, '2016-06-12', 315, 204, '1800.00'),
(1107, 11771, '2016-06-12', 97, 99, '6390.00'),
(1109, 11773, '2016-06-12', 471, 279, '600.00'),
(1110, 11780, '2016-05-07', 691, 248, '2800.00'),
(1111, 11783, '2016-06-11', 171, 101, '300.00'),
(1113, 11793, '2016-06-11', 856, 280, '1600.00'),
(1114, 11797, '2016-06-11', 888, 281, '680.00'),
(1115, 11818, '2016-05-08', 686, 40, '14600.00'),
(1116, 11861, '2016-06-09', 463, 101, '300.00'),
(1117, 11867, '2016-06-08', 79, 101, '300.00'),
(1118, 11872, '2016-06-08', 1455, 282, '3600.00'),
(1119, 11879, '2016-06-07', 886, 101, '530.00'),
(1120, 11885, '2016-06-15', 496, 158, '1850.00'),
(1121, 11882, '2016-06-15', 325, 99, '5220.00'),
(1122, 11892, '2016-06-15', 1400, 238, '6000.00'),
(1123, 11893, '2016-06-15', 1455, 238, '3000.00'),
(1124, 11895, '2016-06-15', 874, 206, '15000.00'),
(1125, 11900, '2016-05-09', 592, 180, '1100.00'),
(1126, 11901, '2016-05-09', 650, 208, '380.00'),
(1127, 11923, '2016-05-10', 183, 180, '1200.00'),
(1128, 11924, '2016-05-10', 671, 222, '13500.00'),
(1129, 11925, '2016-05-10', 677, 65, '4200.00'),
(1130, 11910, '2016-05-10', 651, 248, '3200.00'),
(1131, 11910, '2016-05-10', 651, 35, '2800.00'),
(1132, 11951, '2016-06-16', 1428, 63, '600.00'),
(1133, 11952, '2016-06-16', 1186, 63, '600.00'),
(1134, 11971, '2016-06-16', 1524, 93, '14040.00'),
(1135, 11974, '2016-06-16', 1494, 192, '400.00'),
(1136, 12018, '2016-06-16', 313, 125, '1900.00'),
(1137, 12009, '2016-06-16', 497, 283, '1200.00'),
(1139, 12021, '2016-06-16', 1444, 284, '2200.00'),
(1140, 12083, '2016-06-19', 1186, 52, '1290.00'),
(1141, 12084, '2016-05-12', 581, 119, '4000.00'),
(1142, 12085, '2016-05-12', 687, 180, '150.00'),
(1143, 12085, '2016-05-12', 687, 55, '275.00'),
(1144, 12086, '2016-05-12', 679, 58, '400.00'),
(1145, 12050, '2016-05-12', 692, 105, '150.00'),
(1146, 12091, '2016-05-12', 1015, 58, '150.00'),
(1147, 12108, '2016-06-17', 855, 101, '530.00'),
(1148, 12111, '2016-06-17', 241, 101, '300.00'),
(1149, 12125, '2016-06-18', 238, 101, '300.00'),
(1150, 12128, '2016-05-13', 679, 58, '400.00'),
(1151, 12130, '2016-06-18', 81, 101, '300.00'),
(1152, 12129, '2016-06-18', 25, 80, '3520.00'),
(1154, 12137, '2016-06-18', 888, 269, '2200.00'),
(1155, 12140, '2016-06-18', 1444, 288, '950.00'),
(1156, 12134, '2016-06-18', 855, 286, '1936.00'),
(1157, 12142, '2016-06-18', 463, 287, '350.00'),
(1158, 12181, '2016-05-14', 687, 113, '13500.00'),
(1159, 12243, '2016-05-15', 553, 49, '450.00'),
(1160, 12249, '2016-05-15', 679, 238, '19500.00'),
(1161, 12251, '2016-05-15', 1070, 93, '20600.00'),
(1162, 12260, '2016-06-20', 471, 101, '300.00'),
(1163, 12345, '2016-05-17', 577, 119, '2800.00'),
(1164, 12345, '2016-05-17', 577, 253, '1200.00'),
(1165, 12364, '2016-06-21', 875, 101, '530.00'),
(1166, 12376, '2016-06-21', 582, 251, '2300.00'),
(1167, 12379, '2016-06-21', 1444, 290, '5380.00'),
(1168, 12395, '2016-05-18', 592, 93, '18500.00'),
(1169, 12412, '2016-06-22', 1444, 125, '1800.00'),
(1170, 12445, '2016-06-23', 551, 30, '950.00'),
(1171, 12446, '2016-05-21', 678, 31, '550.00'),
(1172, 12446, '2016-05-21', 678, 165, '2300.00'),
(1173, 12452, '2016-06-23', 766, 214, '750.00'),
(1174, 12445, '2016-06-23', 551, 58, '280.00'),
(1176, 12461, '2016-05-22', 678, 291, '2300.00'),
(1177, 12487, '2016-06-23', 543, 52, '1290.00'),
(1178, 12487, '2016-06-23', 543, 62, '322.00'),
(1179, 12535, '2016-05-25', 679, 113, '4400.00'),
(1180, 12632, '2016-06-23', 27, 101, '300.00'),
(1181, 12635, '2016-06-23', 101, 101, '300.00'),
(1184, 12626, '2016-06-23', 296, 292, '1440.00'),
(1185, 12665, '2016-06-23', 1455, 293, '1400.00'),
(1186, 12675, '2016-05-28', 546, 107, '1400.00'),
(1187, 12725, '2016-05-29', 694, 113, '1500.00'),
(1188, 12725, '2016-05-29', 694, 224, '2100.00'),
(1189, 12727, '2016-05-29', 684, 119, '3200.00'),
(1190, 12703, '2016-05-29', 581, 119, '2000.00'),
(1191, 12751, '2016-06-27', 103, 101, '300.00'),
(1192, 12753, '2016-06-27', 886, 272, '1050.00'),
(1193, 12756, '2016-06-27', 872, 272, '1050.00'),
(1196, 12753, '2016-06-27', 886, 294, '3000.00'),
(1198, 12793, '2016-06-24', 101, 272, '1200.00'),
(1199, 12797, '2016-06-24', 863, 101, '530.00'),
(1200, 12816, '2016-05-30', 666, 46, '2400.00');
INSERT INTO `work_cost` (`work_cost_id`, `repair_id`, `repair_date`, `product_id`, `works_id`, `work_cost`) VALUES
(1201, 12817, '2016-05-30', 700, 113, '4600.00'),
(1202, 12861, '2016-06-28', 60, 101, '300.00'),
(1203, 12861, '2016-06-28', 60, 272, '1100.00'),
(1204, 12868, '2016-06-28', 77, 101, '300.00'),
(1205, 12929, '2016-06-26', 54, 101, '300.00'),
(1206, 12929, '2016-06-26', 54, 272, '1550.00'),
(1207, 12940, '2016-06-26', 890, 155, '950.00'),
(1208, 12934, '2016-06-26', 77, 278, '100.00'),
(1209, 12944, '2016-06-25', 139, 101, '300.00'),
(1210, 12945, '2016-06-25', 143, 101, '300.00'),
(1211, 12946, '2016-06-25', 97, 101, '300.00'),
(1212, 12950, '2016-06-25', 884, 260, '1800.00'),
(1213, 12958, '2016-06-25', 510, 101, '300.00'),
(1214, 12959, '2016-06-25', 885, 15, '3850.00'),
(1215, 12974, '2016-06-29', 1460, 295, '1300.00'),
(1216, 12985, '2016-06-27', 1230, 173, '3000.00'),
(1217, 12987, '2016-06-27', 600, 193, '400.00'),
(1218, 12997, '2016-05-31', 690, 90, '16500.00'),
(1219, 13008, '2016-05-31', 694, 90, '17500.00'),
(1220, 13009, '2016-06-29', 550, 245, '1100.00'),
(1221, 13014, '2016-06-29', 551, 30, '2500.00'),
(1222, 13112, '2016-07-03', 1310, 26, '150.00'),
(1223, 13116, '2016-07-03', 540, 296, '1850.00'),
(1224, 13148, '2016-07-05', 1428, 297, '650.00'),
(1225, 13148, '2016-07-05', 1428, 298, '450.00'),
(1226, 13148, '2016-07-05', 1428, 299, '400.00'),
(1227, 13148, '2016-07-05', 1428, 300, '750.00'),
(1228, 13148, '2016-07-05', 1428, 301, '150.00'),
(1229, 13148, '2016-07-05', 1428, 302, '250.00'),
(1230, 13148, '2016-07-05', 1428, 303, '150.00'),
(1231, 13148, '2016-07-05', 1428, 304, '100.00'),
(1232, 13213, '2016-06-01', 689, 102, '150.00'),
(1233, 13213, '2016-06-01', 689, 96, '800.00'),
(1234, 13214, '2016-07-01', 142, 25, '650.00'),
(1235, 13245, '2016-07-09', 1512, 164, '300.00'),
(1236, 13254, '2016-06-02', 568, 49, '200.00'),
(1237, 13254, '2016-06-02', 568, 40, '3100.00'),
(1238, 13254, '2016-06-02', 568, 113, '250.00'),
(1239, 13264, '2016-06-03', 586, 93, '450.00'),
(1240, 13267, '2016-07-10', 1330, 40, '1200.00'),
(1241, 13298, '2016-06-04', 586, 210, '1200.00'),
(1242, 13313, '2016-06-05', 690, 102, '100.00'),
(1243, 13313, '2016-06-05', 690, 269, '200.00'),
(1245, 13323, '2016-07-09', 466, 305, '250.00'),
(1246, 13330, '2016-06-30', 872, 185, '950.00'),
(1247, 13352, '2016-06-30', 54, 305, '105.00'),
(1248, 13363, '2016-06-30', 1446, 57, '420.00'),
(1249, 13373, '2016-07-01', 54, 100, '800.00'),
(1250, 13374, '2016-07-01', 32, 101, '600.00'),
(1251, 13378, '2016-07-01', 55, 101, '300.00'),
(1252, 13379, '2016-07-01', 163, 101, '300.00'),
(1253, 13380, '2016-07-01', 303, 238, '47800.00'),
(1254, 13381, '2016-07-01', 1212, 120, '3200.00'),
(1255, 13382, '2016-07-01', 1434, 101, '850.00'),
(1256, 13383, '2016-07-01', 1454, 184, '850.00'),
(1257, 13385, '2016-07-01', 880, 101, '530.00'),
(1258, 13422, '2016-07-02', 313, 80, '3600.00'),
(1259, 13428, '2016-07-02', 867, 197, '1580.00'),
(1260, 13429, '2016-07-02', 145, 101, '300.00'),
(1261, 13430, '2016-07-02', 144, 101, '300.00'),
(1262, 13431, '2016-07-02', 88, 101, '300.00'),
(1263, 13432, '2016-07-02', 99, 101, '300.00'),
(1264, 13442, '2016-07-03', 166, 101, '300.00'),
(1265, 13450, '2016-07-03', 239, 101, '300.00'),
(1266, 13453, '2016-07-03', 1454, 295, '1300.00'),
(1268, 13459, '2016-07-03', 1548, 244, '300.00'),
(1269, 13458, '2016-07-03', 1444, 306, '250.00'),
(1271, 13466, '2016-07-04', 32, 307, '650.00'),
(1272, 13498, '2016-06-06', 1027, 248, '1020.00'),
(1273, 13496, '2016-06-06', 1029, 208, '350.00'),
(1274, 13484, '2016-06-06', 578, 175, '3000.00'),
(1275, 13514, '2016-06-07', 1452, 34, '1200.00'),
(1276, 13514, '2016-06-07', 1452, 304, '1200.00'),
(1277, 13514, '2016-06-07', 1452, 3, '3100.00'),
(1278, 13532, '2016-06-08', 1412, 113, '6400.00'),
(1279, 13532, '2016-06-08', 1412, 231, '8400.00'),
(1280, 13536, '2016-06-08', 678, 173, '19000.00'),
(1281, 13547, '2016-06-09', 1014, 25, '2400.00'),
(1282, 13547, '2016-06-09', 1014, 214, '1500.00'),
(1283, 13547, '2016-06-09', 1014, 208, '100.00'),
(1284, 13559, '2016-06-10', 686, 107, '12200.00'),
(1285, 13583, '2016-07-14', 557, 42, '6800.00'),
(1286, 13617, '2016-06-12', 538, 186, '6600.00'),
(1287, 13744, '2016-07-14', 318, 80, '3000.00'),
(1288, 13748, '2016-07-14', 291, 80, '3600.00'),
(1289, 13751, '2016-07-14', 571, 101, '500.00'),
(1290, 13756, '2016-07-15', 315, 80, '1200.00'),
(1291, 13757, '2016-07-15', 875, 208, '250.00'),
(1292, 13789, '2016-07-17', 522, 42, '1800.00'),
(1293, 13819, '2016-06-16', 577, 119, '3600.00'),
(1294, 13856, '2016-06-18', 183, 136, '3600.00'),
(1295, 13856, '2016-06-18', 183, 13, '600.00'),
(1296, 13856, '2016-06-18', 183, 163, '1200.00'),
(1297, 13856, '2016-06-18', 183, 151, '1000.00'),
(1298, 13856, '2016-06-18', 183, 91, '2000.00'),
(1299, 13856, '2016-06-18', 183, 164, '1400.00'),
(1300, 13856, '2016-06-18', 183, 88, '3600.00'),
(1301, 13856, '2016-06-18', 183, 278, '3000.00'),
(1302, 13858, '2016-06-19', 184, 49, '450.00'),
(1303, 13884, '2016-06-20', 183, 174, '1900.00'),
(1304, 13927, '2016-07-18', 233, 25, '170.00'),
(1305, 13973, '2016-06-21', 695, 90, '21800.00'),
(1306, 13973, '2016-06-21', 695, 106, '6000.00'),
(1307, 14097, '2016-07-19', 804, 106, '3100.00'),
(1308, 14098, '2016-07-19', 809, 106, '1090.00'),
(1309, 14204, '2016-07-19', 1444, 165, '950.00'),
(1310, 14246, '2016-06-23', 652, 107, '9400.00'),
(1311, 14184, '2016-06-23', 538, 222, '2172.00'),
(1312, 14166, '2016-06-23', 200, 114, '3930.00'),
(1313, 14247, '2016-06-23', 577, 210, '1150.00'),
(1314, 14184, '2016-06-23', 538, 218, '8400.00'),
(1316, 14248, '2016-06-23', 529, 278, '6000.00'),
(1317, 14252, '2016-06-24', 592, 49, '550.00'),
(1318, 14278, '2016-06-25', 652, 140, '3500.00'),
(1319, 14278, '2016-06-25', 652, 26, '120.00'),
(1320, 14278, '2016-06-25', 652, 113, '3900.00'),
(1321, 14302, '2016-06-26', 687, 97, '13000.00'),
(1322, 14308, '2016-06-27', 652, 56, '1500.00'),
(1323, 14308, '2016-06-27', 652, 91, '600.00'),
(1324, 14392, '2016-07-17', 310, 99, '4100.00'),
(1325, 14401, '2016-07-17', 141, 101, '1800.00'),
(1326, 14403, '2016-07-17', 669, 214, '1400.00'),
(1327, 14409, '2016-07-17', 466, 278, '800.00'),
(1328, 14424, '2016-07-17', 859, 101, '530.00'),
(1329, 14420, '2016-07-01', 694, 214, '1600.00'),
(1330, 14420, '2016-07-01', 694, 248, '3200.00'),
(1331, 14420, '2016-07-01', 694, 86, '2800.00'),
(1332, 14450, '2016-07-02', 680, 40, '800.00'),
(1333, 14450, '2016-07-02', 680, 160, '600.00'),
(1334, 14479, '2016-07-21', 1400, 152, '120.00'),
(1336, 14489, '2016-07-22', 325, 308, '1200.00'),
(1337, 14504, '2016-07-23', 871, 223, '1800.00'),
(1338, 14512, '2016-07-03', 658, 278, '4000.00'),
(1339, 14550, '2016-07-24', 313, 305, '200.00'),
(1340, 14626, '2016-07-25', 871, 125, '600.00'),
(1341, 14628, '2016-07-25', 557, 106, '1100.00'),
(1342, 14948, '2016-07-29', 70, 101, '300.00'),
(1343, 14949, '2016-07-29', 90, 101, '300.00'),
(1344, 14952, '2016-07-29', 859, 208, '150.00'),
(1345, 14979, '2016-07-31', 1439, 178, '16450.00'),
(1346, 14980, '2016-07-31', 241, 119, '1200.00'),
(1347, 14981, '2016-07-31', 871, 272, '1050.00'),
(1348, 14984, '2016-07-27', 306, 309, '550.00'),
(1349, 14991, '2016-07-27', 1439, 272, '450.00'),
(1350, 14993, '2016-07-26', 1439, 69, '900.00'),
(1351, 14992, '2016-07-26', 291, 310, '550.00'),
(1352, 15007, '2016-07-26', 241, 101, '300.00'),
(1353, 15014, '2016-07-26', 901, 208, '150.00'),
(1354, 15015, '2016-07-26', 311, 99, '4120.00'),
(1355, 15020, '2016-08-03', 800, 132, '100.00'),
(1356, 15025, '2016-08-02', 224, 25, '260.00'),
(1357, 15024, '2016-08-02', 223, 25, '80.00'),
(1358, 15064, '2016-08-03', 1562, 42, '450.00'),
(1359, 15065, '2016-08-03', 557, 106, '1000.00'),
(1360, 15215, '2016-08-03', 312, 312, '120.00'),
(1361, 15218, '2016-08-03', 874, 202, '300.00'),
(1362, 15226, '2016-08-05', 233, 25, '80.00'),
(1363, 15263, '2016-08-05', 163, 101, '300.00'),
(1364, 15270, '2016-07-15', 677, 106, '14600.00'),
(1365, 15356, '2016-08-07', 856, 210, '220.00'),
(1366, 15367, '2016-07-16', 695, 176, '1600.00'),
(1367, 15384, '2016-07-16', 1412, 113, '3600.00'),
(1368, 15409, '2016-07-17', 666, 107, '14600.00'),
(1369, 15444, '2016-08-08', 520, 313, '400.00'),
(1370, 15454, '2016-08-09', 539, 248, '300.00'),
(1371, 15454, '2016-08-09', 539, 103, '1000.00'),
(1372, 15512, '2016-08-10', 233, 25, '260.00'),
(1374, 15543, '2016-08-10', 901, 101, '530.00'),
(1375, 15557, '2016-08-12', 544, 93, '1300.00'),
(1376, 15608, '2016-08-08', 859, 101, '530.00'),
(1377, 15619, '2016-08-09', 305, 314, '28370.00'),
(1378, 15619, '2016-08-09', 305, 159, '3850.00'),
(1380, 15630, '2016-08-09', 471, 101, '300.00'),
(1381, 15636, '2016-08-11', 224, 25, '190.00'),
(1382, 15642, '2016-08-12', 233, 25, '160.00'),
(1383, 15648, '2016-08-11', 30, 101, '300.00'),
(1384, 15650, '2016-08-11', 863, 260, '1350.00'),
(1385, 15641, '2016-08-12', 1474, 25, '160.00'),
(1386, 15689, '2016-08-12', 167, 101, '300.00'),
(1387, 15712, '2016-08-14', 1476, 25, '220.00'),
(1388, 15715, '2016-08-14', 142, 19, '300.00'),
(1389, 15715, '2016-08-14', 142, 25, '200.00'),
(1390, 15706, '2016-08-13', 1461, 315, '1450.00'),
(1391, 15737, '2016-08-15', 233, 25, '320.00'),
(1392, 15740, '2016-08-15', 224, 25, '200.00'),
(1393, 15779, '2016-08-17', 1330, 62, '280.00'),
(1394, 15835, '2016-08-20', 1155, 70, '1200.00'),
(1395, 15864, '2016-08-20', 1247, 26, '400.00'),
(1396, 15888, '2016-08-21', 141, 101, '300.00'),
(1397, 15890, '2016-08-21', 88, 101, '300.00'),
(1398, 15934, '2016-08-22', 1477, 316, '900.00'),
(1399, 16030, '2016-08-24', 391, 25, '240.00'),
(1400, 16031, '2016-08-24', 223, 25, '80.00'),
(1401, 16084, '2016-08-27', 572, 110, '380.00'),
(1402, 16084, '2016-08-27', 572, 265, '1000.00'),
(1403, 16084, '2016-08-27', 572, 183, '450.00'),
(1404, 16100, '2016-08-27', 543, 55, '550.00'),
(1405, 16114, '2016-08-22', 34, 101, '300.00'),
(1406, 16125, '2016-08-17', 1400, 18, '5750.00'),
(1407, 16125, '2016-08-17', 1400, 184, '950.00'),
(1409, 16126, '2016-08-17', 676, 101, '400.00'),
(1411, 16126, '2016-08-17', 676, 318, '700.00'),
(1413, 16129, '2016-08-20', 313, 200, '5550.00'),
(1414, 16220, '2016-08-14', 466, 101, '300.00'),
(1415, 16228, '2016-08-28', 1389, 63, '600.00'),
(1416, 16232, '2016-08-28', 1197, 319, '200.00'),
(1417, 16232, '2016-08-28', 1197, 321, '80.00'),
(1418, 16232, '2016-08-28', 1197, 320, '100.00'),
(1419, 16242, '2016-08-18', 281, 101, '300.00'),
(1420, 16251, '2016-08-29', 540, 127, '500.00'),
(1421, 16264, '2016-08-15', 859, 276, '3600.00'),
(1422, 16264, '2016-08-15', 859, 210, '390.00'),
(1423, 16274, '2016-08-29', 164, 101, '300.00'),
(1424, 16305, '2016-08-29', 806, 276, '4800.00'),
(1425, 16306, '2016-08-29', 809, 276, '1080.00'),
(1426, 16307, '2016-08-29', 805, 1, '1150.00'),
(1427, 16308, '2016-08-29', 800, 53, '150.00'),
(1428, 16310, '2016-08-30', 807, 200, '17600.00'),
(1429, 16311, '2016-08-30', 557, 106, '2550.00'),
(1430, 16314, '2016-08-29', 1323, 321, '300.00'),
(1431, 16333, '2016-08-31', 526, 261, '1450.00'),
(1432, 16402, '2016-09-03', 1330, 26, '550.00'),
(1433, 16432, '2016-08-31', 96, 101, '300.00'),
(1434, 16436, '2016-08-31', 875, 208, '180.00'),
(1436, 16437, '2016-08-31', 1446, 274, '2200.00'),
(1437, 16446, '2016-09-04', 223, 63, '690.00'),
(1438, 16446, '2016-09-04', 223, 296, '1800.00'),
(1439, 16466, '2016-09-01', 572, 322, '120.00'),
(1440, 16467, '2016-09-01', 1323, 304, '160.00'),
(1441, 16469, '2016-09-01', 1389, 48, '1100.00'),
(1442, 16471, '2016-09-02', 1323, 226, '160.00'),
(1443, 16473, '2016-09-03', 520, 256, '6000.00'),
(1444, 16479, '2016-09-03', 1323, 64, '120.00'),
(1445, 16479, '2016-09-03', 1323, 56, '120.00'),
(1446, 16485, '2016-09-03', 1226, 51, '350.00'),
(1447, 16493, '2016-08-30', 889, 101, '530.00'),
(1448, 16494, '2016-09-04', 539, 267, '450.00'),
(1449, 16494, '2016-09-04', 539, 248, '150.00'),
(1451, 16498, '2016-09-04', 1323, 325, '500.00'),
(1452, 16501, '2016-08-30', 872, 101, '530.00'),
(1454, 16513, '2016-09-01', 320, 326, '550.00'),
(1455, 16512, '2016-09-01', 410, 326, '550.00'),
(1456, 16514, '2016-09-01', 292, 326, '550.00'),
(1457, 16515, '2016-09-01', 313, 326, '550.00'),
(1458, 16516, '2016-09-01', 96, 272, '1100.00'),
(1459, 16517, '2016-09-01', 884, 15, '3200.00'),
(1460, 16525, '2016-09-06', 572, 324, '1000.00'),
(1461, 16525, '2016-09-06', 572, 206, '3000.00'),
(1462, 16568, '2016-09-02', 238, 101, '300.00'),
(1463, 16570, '2016-09-02', 239, 101, '300.00'),
(1464, 16571, '2016-07-24', 1427, 151, '2400.00'),
(1465, 16571, '2016-07-24', 1427, 107, '12400.00'),
(1466, 16573, '2016-07-24', 209, 118, '600.00'),
(1467, 16576, '2016-07-24', 680, 290, '3500.00'),
(1468, 16576, '2016-07-24', 680, 142, '3500.00'),
(1469, 16576, '2016-07-24', 680, 160, '6600.00'),
(1470, 16576, '2016-07-24', 680, 307, '1000.00'),
(1471, 16577, '2016-07-24', 197, 214, '1400.00'),
(1472, 16579, '2016-07-24', 663, 248, '7200.00'),
(1473, 16584, '2016-07-24', 521, 214, '2500.00'),
(1474, 16588, '2016-07-24', 691, 127, '1500.00'),
(1475, 16591, '2016-09-06', 224, 25, '200.00'),
(1476, 16593, '2016-09-06', 227, 25, '180.00'),
(1477, 16594, '2016-09-06', 391, 25, '190.00'),
(1478, 16597, '2016-09-03', 304, 80, '5100.00'),
(1480, 16597, '2016-09-03', 304, 327, '22620.00'),
(1482, 16603, '2016-09-03', 571, 80, '3800.00'),
(1483, 16603, '2016-09-03', 571, 223, '8450.00'),
(1484, 16613, '2016-09-03', 143, 185, '950.00'),
(1485, 16617, '2016-09-03', 171, 272, '1750.00'),
(1486, 16617, '2016-09-03', 171, 101, '300.00'),
(1488, 16620, '2016-09-03', 1434, 328, '1300.00'),
(1489, 16621, '2016-09-03', 1454, 328, '1300.00'),
(1490, 16622, '2016-09-03', 1212, 328, '1300.00'),
(1491, 16647, '2016-09-06', 1435, 185, '750.00'),
(1492, 16647, '2016-09-06', 1435, 330, '150.00'),
(1493, 16647, '2016-09-06', 1435, 329, '250.00'),
(1495, 16656, '2016-09-07', 803, 327, '5880.00'),
(1496, 16664, '2016-09-07', 1435, 210, '450.00'),
(1497, 16661, '2016-09-07', 1562, 42, '350.00'),
(1498, 16672, '2016-09-07', 800, 42, '1350.00'),
(1499, 16664, '2016-09-07', 1435, 331, '200.00'),
(1501, 16674, '2016-09-07', 580, 332, '600.00'),
(1502, 16674, '2016-09-07', 580, 333, '300.00'),
(1503, 16674, '2016-09-07', 580, 334, '300.00'),
(1504, 16680, '2016-07-25', 521, 307, '3500.00'),
(1505, 16681, '2016-07-25', 586, 106, '11100.00'),
(1506, 16682, '2016-07-25', 637, 107, '17000.00'),
(1507, 16687, '2016-09-04', 79, 101, '300.00'),
(1508, 16688, '2016-09-04', 862, 101, '1860.00'),
(1509, 16693, '2016-09-04', 496, 101, '300.00'),
(1510, 16687, '2016-09-04', 79, 80, '3300.00'),
(1512, 16722, '2016-09-08', 1227, 321, '150.00'),
(1513, 16724, '2016-09-08', 1435, 321, '920.00'),
(1514, 16726, '2016-09-08', 1323, 294, '1265.00'),
(1515, 16726, '2016-09-08', 1323, 332, '1800.00'),
(1516, 16728, '2016-09-08', 539, 336, '120.00'),
(1517, 16730, '2016-09-06', 1226, 70, '6700.00'),
(1518, 16733, '2016-09-09', 1226, 338, '320.00'),
(1519, 16733, '2016-09-09', 1226, 337, '700.00'),
(1520, 16830, '2016-09-06', 862, 200, '14950.00'),
(1521, 16830, '2016-09-06', 862, 239, '67220.00'),
(1522, 16833, '2016-09-06', 103, 104, '650.00'),
(1523, 16823, '2016-09-06', 88, 245, '700.00'),
(1524, 16844, '2016-09-07', 32, 101, '300.00'),
(1525, 16847, '2016-09-07', 81, 101, '300.00'),
(1526, 16855, '2016-09-07', 1434, 101, '200.00'),
(1527, 16856, '2016-09-07', 1454, 127, '180.00'),
(1529, 16860, '2016-09-07', 676, 339, '10000.00'),
(1530, 16861, '2016-09-08', 166, 101, '300.00'),
(1531, 16867, '2016-09-08', 145, 101, '300.00'),
(1532, 16869, '2016-09-08', 99, 101, '300.00'),
(1533, 16868, '2016-09-08', 55, 80, '4850.00'),
(1535, 16909, '2016-09-09', 25, 101, '300.00'),
(1536, 16910, '2016-09-18', 803, 93, '1400.00'),
(1537, 16911, '2016-09-18', 800, 93, '1800.00'),
(1538, 16912, '2016-09-18', 1067, 200, '1400.00'),
(1539, 16728, '2016-09-08', 539, 49, '1000.00'),
(1541, 16722, '2016-09-08', 1227, 58, '150.00'),
(1543, 16965, '2016-09-09', 878, 31, '510.00'),
(1544, 16990, '2016-09-19', 1074, 106, '1500.00'),
(1545, 16992, '2016-09-19', 1562, 106, '2500.00'),
(1546, 16959, '2016-09-10', 1323, 222, '1500.00'),
(1547, 16959, '2016-09-10', 1323, 62, '300.00'),
(1548, 17111, '2016-09-10', 572, 181, '2200.00'),
(1549, 17111, '2016-09-10', 572, 215, '850.00'),
(1550, 17111, '2016-09-10', 572, 328, '1200.00'),
(1551, 17111, '2016-09-10', 572, 107, '1200.00'),
(1552, 17111, '2016-09-10', 572, 26, '400.00'),
(1553, 17164, '2016-09-11', 1226, 25, '210.00'),
(1554, 17165, '2016-09-11', 1435, 16, '560.00'),
(1555, 17166, '2016-09-10', 510, 159, '3300.00'),
(1556, 17225, '2016-09-20', 224, 222, '1400.00'),
(1557, 17226, '2016-09-20', 223, 38, '1400.00'),
(1558, 17190, '2016-09-15', 520, 315, '750.00'),
(1559, 17190, '2016-09-15', 520, 36, '450.00'),
(1560, 17190, '2016-09-15', 520, 236, '650.00'),
(1561, 17190, '2016-09-15', 520, 237, '250.00'),
(1562, 17238, '2016-09-17', 1227, 325, '150.00'),
(1563, 17236, '2016-09-17', 539, 65, '1400.00'),
(1564, 17239, '2016-09-18', 572, 98, '570.00'),
(1565, 17240, '2016-09-18', 520, 295, '1450.00'),
(1566, 17240, '2016-09-18', 520, 332, '2420.00'),
(1567, 17276, '2016-09-20', 572, 47, '1050.00'),
(1568, 17345, '2016-09-22', 520, 278, '460.00'),
(1569, 17303, '2016-09-18', 294, 314, '24420.00'),
(1570, 17303, '2016-09-18', 294, 125, '2000.00'),
(1571, 17303, '2016-09-18', 294, 99, '4430.00'),
(1572, 17358, '2016-09-18', 1400, 152, '220.00'),
(1573, 17359, '2016-09-19', 86, 101, '300.00'),
(1574, 17346, '2016-09-22', 1323, 174, '250.00'),
(1576, 17384, '2016-09-20', 463, 101, '300.00'),
(1577, 17387, '2016-09-23', 544, 18, '4400.00'),
(1578, 17387, '2016-09-23', 544, 256, '6200.00'),
(1579, 17392, '2016-09-22', 580, 275, '650.00'),
(1580, 17444, '2016-09-21', 281, 185, '950.00'),
(1581, 17465, '2016-09-22', 55, 101, '300.00'),
(1582, 17473, '2016-09-23', 105, 101, '300.00'),
(1583, 17473, '2016-09-23', 105, 272, '1200.00'),
(1584, 17476, '2016-09-23', 79, 245, '1000.00'),
(1585, 17500, '2016-09-24', 1323, 340, '120.00'),
(1586, 17501, '2016-09-24', 520, 157, '340.00'),
(1587, 17660, '2016-09-27', 771, 132, '800.00'),
(1588, 17674, '2016-09-27', 580, 227, '1000.00'),
(1589, 17680, '2016-09-27', 807, 93, '3700.00'),
(1590, 17681, '2016-09-27', 1248, 22, '3100.00'),
(1591, 17682, '2016-09-27', 520, 227, '1000.00'),
(1592, 17684, '2016-09-27', 1435, 10, '1000.00'),
(1593, 17679, '2016-09-27', 539, 167, '2200.00'),
(1594, 17679, '2016-09-27', 539, 41, '350.00'),
(1595, 17679, '2016-09-27', 539, 313, '990.00'),
(1596, 17725, '2016-07-26', 1070, 25, '2400.00'),
(1597, 17726, '2016-07-27', 1452, 224, '4600.00'),
(1598, 17737, '2016-09-28', 1435, 340, '700.00'),
(1599, 17753, '2016-09-28', 1213, 22, '2700.00'),
(1600, 17800, '2016-08-01', 1021, 235, '5500.00'),
(1601, 17800, '2016-08-01', 1021, 119, '4000.00'),
(1602, 17801, '2016-08-01', 690, 182, '1500.00'),
(1603, 17801, '2016-08-01', 690, 113, '4100.00'),
(1604, 17802, '2016-08-01', 637, 106, '15100.00'),
(1605, 17802, '2016-08-01', 637, 182, '1500.00'),
(1606, 17802, '2016-08-01', 637, 143, '5000.00'),
(1607, 17878, '2018-10-01', 544, 111, '1280.00'),
(1608, 17882, '2016-10-01', 1323, 234, '2000.00'),
(1609, 17882, '2016-10-01', 1323, 216, '620.00'),
(1610, 17885, '2016-10-01', 1389, 25, '350.00'),
(1611, 17886, '2016-10-01', 539, 248, '250.00'),
(1612, 17893, '2016-09-29', 1197, 38, '1400.00'),
(1613, 17905, '2016-10-01', 572, 120, '3500.00'),
(1614, 18018, '2016-08-02', 527, 119, '4800.00'),
(1615, 18027, '2016-08-02', 686, 35, '5400.00'),
(1616, 18027, '2016-08-02', 686, 163, '1000.00'),
(1617, 18058, '2016-08-03', 687, 107, '13700.00'),
(1618, 18059, '2016-08-03', 199, 245, '1600.00'),
(1619, 18066, '2016-10-05', 1230, 194, '975.00'),
(1620, 18068, '2016-10-05', 809, 31, '750.00'),
(1621, 18070, '2016-10-05', 557, 1, '1600.00'),
(1622, 18077, '2016-08-04', 637, 65, '8400.00'),
(1623, 18078, '2016-08-04', 695, 25, '2400.00'),
(1624, 18077, '2016-08-04', 637, 118, '1200.00'),
(1626, 18079, '2016-08-05', 678, 106, '16000.00'),
(1627, 18083, '2016-08-05', 548, 106, '9000.00'),
(1628, 18083, '2016-08-05', 548, 140, '1500.00'),
(1629, 18083, '2016-08-05', 548, 136, '600.00'),
(1630, 18098, '2016-10-05', 1352, 52, '1380.00'),
(1631, 18098, '2016-10-05', 1352, 62, '350.00'),
(1632, 18109, '2016-10-05', 828, 111, '800.00'),
(1633, 18117, '2016-08-07', 674, 248, '6400.00'),
(1634, 18118, '2016-08-07', 680, 113, '4400.00'),
(1635, 18123, '2016-10-04', 572, 210, '1220.00'),
(1636, 18123, '2016-10-04', 572, 205, '150.00'),
(1637, 18124, '2016-10-04', 520, 26, '300.00'),
(1638, 18124, '2016-10-04', 520, 22, '120.00'),
(1639, 18145, '2016-10-06', 572, 244, '210.00'),
(1640, 18155, '2016-10-06', 1477, 341, '1200.00'),
(1641, 18217, '2016-09-21', 1412, 169, '3150.00'),
(1642, 18218, '2016-09-21', 1094, 180, '11000.00'),
(1643, 18221, '2016-09-21', 1030, 327, '5400.00'),
(1644, 18212, '2016-09-21', 597, 180, '1000.00'),
(1645, 18222, '2016-10-09', 1389, 121, '300.00'),
(1646, 18233, '2016-09-22', 527, 62, '1200.00'),
(1647, 18253, '2016-09-26', 501, 101, '300.00'),
(1648, 18276, '2016-09-30', 168, 248, '1200.00'),
(1649, 18283, '2016-09-24', 1427, 55, '275.00'),
(1650, 18287, '2016-09-30', 901, 18, '4950.00'),
(1651, 18306, '2016-09-25', 1412, 55, '275.00'),
(1652, 18306, '2016-09-25', 1412, 184, '1200.00'),
(1653, 18334, '2016-09-29', 874, 210, '320.00'),
(1654, 18335, '2016-09-29', 1461, 204, '1400.00'),
(1655, 18336, '2016-09-29', 1446, 152, '230.00'),
(1656, 18338, '2016-09-28', 571, 125, '400.00'),
(1657, 18339, '2016-09-28', 1444, 80, '1140.00'),
(1658, 18339, '2016-09-28', 1444, 125, '3200.00'),
(1659, 18339, '2016-09-28', 1444, 179, '7270.00'),
(1662, 18339, '2016-09-28', 1444, 348, '17150.00'),
(1666, 18340, '2016-09-28', 901, 15, '3100.00'),
(1667, 18340, '2016-09-28', 901, 179, '3700.00'),
(1668, 18340, '2016-09-28', 901, 327, '8550.00'),
(1669, 18354, '2016-10-01', 164, 119, '1200.00'),
(1671, 18363, '2016-10-02', 582, 349, '3000.00'),
(1672, 18360, '2016-10-02', 571, 349, '3000.00'),
(1673, 18364, '2016-10-02', 676, 349, '3000.00'),
(1674, 18376, '2016-10-10', 572, 313, '670.00'),
(1675, 18377, '2016-10-10', 1435, 350, '200.00'),
(1676, 18389, '2016-09-26', 690, 105, '120.00'),
(1677, 18392, '2016-09-26', 597, 105, '150.00'),
(1678, 18392, '2016-09-26', 597, 62, '400.00'),
(1679, 18393, '2016-10-11', 539, 10, '360.00'),
(1680, 18406, '2016-10-12', 550, 47, '3000.00'),
(1681, 18407, '2016-10-12', 1512, 296, '1770.00'),
(1682, 18407, '2016-10-12', 1512, 318, '200.00'),
(1683, 18412, '2016-10-11', 1216, 58, '600.00'),
(1684, 18412, '2016-10-11', 1216, 30, '800.00'),
(1685, 18412, '2016-10-11', 1216, 43, '1200.00'),
(1686, 18412, '2016-10-11', 1216, 164, '200.00'),
(1687, 18419, '2016-10-12', 580, 346, '1520.00'),
(1689, 18469, '2016-10-03', 1400, 351, '130.00'),
(1690, 18546, '2016-09-28', 521, 143, '1175.00'),
(1691, 18548, '2016-09-28', 189, 143, '1175.00'),
(1692, 18549, '2016-09-28', 1094, 67, '850.00'),
(1693, 18549, '2016-09-28', 1094, 37, '650.00'),
(1694, 18549, '2016-09-28', 1094, 55, '550.00'),
(1695, 18601, '2016-10-03', 144, 101, '300.00'),
(1696, 18615, '2016-09-29', 664, 107, '5000.00'),
(1697, 18617, '2016-09-29', 682, 97, '10000.00'),
(1698, 18611, '2016-10-04', 1434, 352, '1020.00'),
(1699, 18660, '2016-09-30', 659, 210, '1200.00'),
(1700, 18693, '2016-10-01', 1030, 107, '4000.00'),
(1701, 18695, '2016-10-01', 1412, 184, '800.00'),
(1702, 18696, '2016-10-01', 611, 113, '3000.00'),
(1703, 18698, '2016-10-01', 549, 49, '5000.00'),
(1704, 18699, '2016-10-01', 651, 113, '2500.00'),
(1705, 18712, '2016-10-05', 88, 101, '300.00'),
(1706, 18763, '2016-10-07', 241, 101, '300.00'),
(1707, 18764, '2016-10-07', 58, 101, '300.00'),
(1708, 18779, '2016-10-03', 666, 140, '2500.00'),
(1709, 18789, '2016-10-09', 315, 327, '6960.00'),
(1710, 18798, '2016-10-10', 1454, 152, '200.00'),
(1712, 18799, '2016-10-10', 676, 353, '1500.00'),
(1713, 18820, '2016-10-13', 539, 47, '250.00'),
(1714, 18822, '2016-10-13', 1226, 26, '220.00'),
(1715, 18823, '2016-10-15', 1323, 203, '1050.00'),
(1716, 18825, '2016-10-15', 539, 10, '330.00'),
(1717, 18871, '2016-10-04', 611, 120, '9000.00'),
(1718, 18872, '2016-10-04', 687, 90, '12000.00'),
(1719, 18874, '2016-10-05', 611, 169, '10280.00'),
(1720, 18874, '2016-10-05', 611, 55, '550.00'),
(1721, 18892, '2016-10-05', 659, 65, '6000.00'),
(1722, 18893, '2016-10-05', 597, 106, '8000.00'),
(1723, 18894, '2016-10-05', 529, 106, '4500.00'),
(1724, 18894, '2016-10-05', 529, 176, '1000.00'),
(1725, 18892, '2016-10-05', 659, 106, '15000.00'),
(1727, 18904, '2016-10-17', 391, 25, '200.00'),
(1728, 18976, '2016-10-18', 807, 276, '1300.00'),
(1729, 18994, '2016-10-08', 1095, 26, '120.00'),
(1730, 18997, '2016-10-08', 517, 180, '1200.00'),
(1731, 18998, '2016-10-08', 651, 261, '1400.00'),
(1732, 19009, '2016-10-18', 580, 120, '2160.00'),
(1733, 19072, '2016-10-12', 653, 55, '1100.00'),
(1734, 19100, '2016-10-19', 1323, 350, '220.00'),
(1735, 19150, '2016-10-20', 539, 159, '1200.00'),
(1736, 19152, '2016-10-20', 572, 120, '500.00'),
(1737, 19170, '2016-10-21', 519, 164, '300.00'),
(1738, 19170, '2016-10-21', 519, 98, '350.00'),
(1739, 19170, '2016-10-21', 519, 165, '400.00'),
(1740, 19170, '2016-10-21', 519, 296, '600.00'),
(1741, 19195, '2016-10-22', 1233, 278, '400.00'),
(1742, 19195, '2016-10-22', 1233, 175, '200.00'),
(1743, 19212, '2016-10-22', 169, 100, '2650.00'),
(1744, 19220, '2016-10-22', 29, 101, '300.00'),
(1745, 19229, '2016-10-22', 885, 172, '1050.00'),
(1746, 19229, '2016-10-22', 885, 102, '150.00'),
(1747, 19248, '2016-10-21', 99, 101, '300.00'),
(1748, 19251, '2016-10-21', 60, 119, '1200.00'),
(1749, 19265, '2016-10-20', 466, 101, '300.00'),
(1750, 19278, '2016-10-18', 164, 307, '500.00'),
(1751, 19285, '2016-10-13', 88, 101, '300.00'),
(1752, 19302, '2016-10-14', 163, 101, '300.00'),
(1753, 19305, '2016-10-14', 870, 208, '220.00'),
(1754, 19314, '2016-10-17', 501, 155, '950.00'),
(1755, 19315, '2016-10-17', 869, 101, '530.00'),
(1756, 19319, '2016-10-17', 870, 200, '2400.00'),
(1757, 19320, '2016-10-17', 885, 295, '1300.00'),
(1758, 19328, '2016-10-23', 1234, 347, '400.00'),
(1759, 19328, '2016-10-23', 1234, 316, '880.00'),
(1760, 19328, '2016-10-23', 1234, 4, '150.00'),
(1761, 19328, '2016-10-23', 1234, 48, '1240.00'),
(1762, 19329, '2016-10-23', 1415, 48, '1200.00'),
(1763, 19331, '2016-10-23', 550, 86, '1764.00'),
(1764, 19322, '2016-10-23', 544, 37, '450.00'),
(1765, 19456, '2016-10-25', 544, 47, '3200.00'),
(1766, 19456, '2016-10-25', 544, 111, '2500.00'),
(1767, 19506, '2016-10-26', 544, 165, '1950.00'),
(1768, 19506, '2016-10-26', 544, 49, '1050.00'),
(1769, 19506, '2016-10-26', 544, 350, '220.00'),
(1770, 19507, '2016-10-26', 1389, 121, '450.00'),
(1771, 19455, '2016-10-23', 319, 354, '2100.00'),
(1772, 19536, '2016-10-23', 676, 214, '1800.00'),
(1773, 19546, '2016-10-24', 497, 101, '300.00'),
(1774, 19547, '2016-10-24', 1400, 238, '3500.00'),
(1775, 19553, '2016-10-27', 765, 18, '950.00'),
(1776, 19553, '2016-10-27', 765, 55, '330.00'),
(1777, 19650, '2016-10-27', 687, 113, '2000.00'),
(1778, 19651, '2016-10-27', 527, 214, '1200.00'),
(1779, 19652, '2016-10-27', 581, 33, '1200.00'),
(1780, 19653, '2016-10-27', 187, 33, '600.00'),
(1781, 19653, '2016-10-27', 187, 229, '300.00'),
(1782, 19655, '2016-10-29', 544, 47, '1720.00'),
(1783, 19683, '2016-10-28', 805, 106, '1500.00'),
(1784, 19684, '2016-10-28', 1562, 159, '1900.00'),
(1785, 19685, '2016-10-28', 800, 200, '1800.00'),
(1786, 19710, '2016-10-25', 863, 179, '5854.00'),
(1787, 19710, '2016-10-25', 863, 210, '570.00'),
(1788, 19719, '2016-10-26', 304, 179, '900.00'),
(1789, 19726, '2016-10-26', 1454, 223, '1800.00'),
(1791, 19742, '2016-10-29', 803, 200, '3050.00'),
(1792, 19744, '2016-10-29', 522, 10, '800.00'),
(1793, 19751, '2016-10-30', 1232, 30, '5480.00'),
(1794, 19746, '2016-10-30', 771, 44, '7050.00'),
(1795, 19746, '2016-10-30', 771, 113, '3450.00'),
(1796, 19752, '2016-10-30', 769, 30, '3100.00'),
(1797, 19753, '2016-10-30', 600, 30, '2150.00'),
(1798, 19754, '2016-10-29', 1520, 246, '1140.00'),
(1799, 19754, '2016-10-29', 1520, 120, '1100.00'),
(1800, 19754, '2016-10-29', 1520, 30, '990.00'),
(1801, 19754, '2016-10-29', 1520, 111, '500.00'),
(1802, 19755, '2016-10-29', 1494, 30, '850.00'),
(1803, 19755, '2016-10-29', 1494, 353, '900.00'),
(1804, 19755, '2016-10-29', 1494, 165, '1200.00'),
(1805, 19756, '2016-10-29', 1524, 30, '600.00'),
(1806, 19756, '2016-10-29', 1524, 278, '650.00'),
(1807, 19756, '2016-10-29', 1524, 149, '600.00'),
(1808, 19637, '2016-10-29', 1516, 122, '7000.00'),
(1809, 19637, '2016-10-29', 1516, 1, '2000.00'),
(1810, 19637, '2016-10-29', 1516, 30, '500.00'),
(1811, 19765, '2016-09-19', 521, 245, '1800.00'),
(1812, 19766, '2016-10-30', 572, 119, '450.00'),
(1813, 19773, '2016-09-18', 568, 280, '4000.00'),
(1814, 19773, '2016-09-18', 568, 253, '550.00'),
(1815, 19805, '2016-10-31', 544, 47, '2400.00'),
(1816, 19805, '2016-10-31', 544, 90, '2500.00'),
(1817, 19805, '2016-10-31', 544, 39, '550.00'),
(1818, 19806, '2016-10-31', 539, 49, '1500.00'),
(1819, 19806, '2016-10-31', 539, 258, '1200.00'),
(1820, 19806, '2016-10-31', 539, 90, '2100.00'),
(1821, 19806, '2016-10-31', 539, 86, '1050.00'),
(1822, 19806, '2016-10-31', 539, 355, '350.00'),
(1827, 19940, '2016-10-29', 871, 82, '400.00'),
(1828, 19944, '2016-10-30', 27, 101, '300.00'),
(1829, 19945, '2016-11-01', 580, 22, '120.00'),
(1830, 19946, '2016-10-30', 867, 134, '2540.00'),
(1831, 19946, '2016-10-30', 867, 356, '600.00'),
(1832, 19946, '2016-10-30', 867, 357, '4800.00'),
(1833, 19946, '2016-10-30', 867, 125, '400.00'),
(1835, 19970, '2016-11-02', 1330, 52, '1380.00'),
(1836, 19970, '2016-11-02', 1330, 62, '300.00'),
(1837, 19974, '2016-11-02', 849, 239, '6000.00'),
(1838, 19975, '2016-11-02', 1234, 90, '11700.00'),
(1839, 19976, '2016-11-02', 1566, 131, '80.00'),
(1840, 19983, '2016-11-03', 1332, 61, '520.00'),
(1841, 20169, '2016-11-05', 1415, 177, '515.00'),
(1842, 20173, '2016-11-05', 1231, 30, '800.00'),
(1844, 20202, '2016-11-02', 580, 235, '810.00'),
(1845, 20207, '2016-11-04', 544, 295, '2650.00'),
(1846, 20207, '2016-11-04', 544, 26, '220.00'),
(1848, 20251, '2016-11-06', 572, 348, '8240.00'),
(1849, 20268, '2016-10-31', 571, 358, '850.00'),
(1850, 20269, '2016-10-31', 1434, 359, '150.00'),
(1851, 20277, '2016-11-01', 859, 202, '300.00'),
(1852, 20276, '2016-11-01', 1434, 272, '600.00'),
(1853, 20276, '2016-11-01', 1434, 184, '500.00'),
(1854, 20280, '2016-11-02', 239, 101, '300.00'),
(1855, 20283, '2016-11-02', 571, 99, '7600.00'),
(1856, 20284, '2016-11-02', 471, 101, '300.00'),
(1857, 20286, '2016-11-02', 468, 101, '300.00'),
(1859, 20295, '2016-11-03', 316, 360, '1440.00'),
(1860, 20296, '2016-11-03', 571, 101, '300.00'),
(1862, 20297, '2016-11-03', 884, 361, '4000.00'),
(1863, 20303, '2016-11-03', 1454, 314, '9560.00'),
(1864, 20320, '2016-11-07', 1477, 30, '500.00'),
(1865, 20320, '2016-11-07', 1477, 39, '600.00'),
(1866, 20325, '2016-11-07', 544, 47, '6600.00'),
(1867, 20326, '2016-11-07', 572, 334, '300.00'),
(1868, 20327, '2016-11-07', 520, 119, '300.00'),
(1869, 20328, '2016-11-07', 1197, 19, '2500.00'),
(1870, 20328, '2016-11-07', 1197, 40, '3500.00'),
(1871, 20360, '2016-11-04', 1095, 208, '120.00'),
(1872, 20408, '2016-09-17', 686, 56, '2800.00'),
(1873, 20408, '2016-09-17', 686, 179, '9500.00'),
(1874, 20417, '2016-11-04', 97, 101, '300.00'),
(1875, 20438, '2016-09-15', 1452, 174, '4500.00'),
(1876, 20446, '2016-09-14', 1452, 224, '1620.00'),
(1877, 20447, '2016-11-07', 859, 125, '400.00'),
(1878, 20452, '2016-11-07', 870, 185, '950.00'),
(1879, 20453, '2016-11-07', 856, 185, '950.00'),
(1880, 20504, '2016-11-08', 1566, 119, '975.00'),
(1881, 20527, '2016-11-08', 233, 25, '220.00'),
(1882, 20551, '2016-11-05', 297, 80, '5320.00'),
(1884, 20554, '2016-11-05', 1455, 125, '1700.00'),
(1885, 20552, '2016-11-05', 1444, 362, '1850.00'),
(1886, 20557, '2016-11-05', 238, 101, '300.00'),
(1887, 20557, '2016-11-05', 238, 272, '1200.00'),
(1888, 20559, '2016-11-05', 34, 80, '4720.00'),
(1889, 20561, '2016-11-05', 510, 101, '300.00'),
(1890, 20567, '2016-11-05', 875, 272, '1050.00'),
(1891, 20608, '2016-09-12', 548, 261, '400.00'),
(1892, 20608, '2016-09-12', 548, 233, '1400.00'),
(1893, 20614, '2016-11-09', 800, 42, '2300.00'),
(1894, 20615, '2016-11-09', 1249, 93, '1800.00'),
(1895, 20619, '2016-11-08', 888, 125, '300.00'),
(1897, 20623, '2016-11-08', 582, 363, '9500.00'),
(1898, 20742, '2016-11-12', 1226, 148, '2090.00'),
(1899, 20750, '2016-11-12', 539, 19, '1000.00'),
(1900, 20753, '2016-11-12', 544, 39, '950.00'),
(1901, 20753, '2016-11-12', 544, 111, '900.00'),
(1902, 20812, '2016-11-13', 1516, 25, '800.00'),
(1903, 20812, '2016-11-13', 1516, 14, '700.00'),
(1904, 20812, '2016-11-13', 1516, 30, '950.00'),
(1905, 20812, '2016-11-13', 1516, 279, '1050.00'),
(1906, 20812, '2016-11-13', 1516, 343, '700.00'),
(1907, 20812, '2016-11-13', 1516, 111, '1650.00'),
(1908, 20813, '2016-11-13', 1524, 30, '850.00'),
(1909, 20813, '2016-11-13', 1524, 13, '700.00'),
(1910, 20814, '2016-11-13', 1529, 30, '1410.00'),
(1911, 20814, '2016-11-13', 1529, 25, '650.00'),
(1912, 20814, '2016-11-13', 1529, 229, '1400.00'),
(1913, 20814, '2016-11-13', 1529, 214, '1000.00'),
(1914, 20814, '2016-11-13', 1529, 46, '950.00'),
(1915, 20819, '2016-11-13', 1520, 30, '1250.00'),
(1916, 20819, '2016-11-13', 1520, 14, '570.00'),
(1917, 20819, '2016-11-13', 1520, 132, '800.00'),
(1918, 20820, '2016-11-13', 1494, 25, '1000.00'),
(1919, 20830, '2016-11-12', 1310, 164, '1300.00'),
(1920, 20864, '2016-11-12', 1352, 30, '550.00'),
(1921, 20864, '2016-11-12', 1352, 43, '350.00'),
(1922, 20910, '2016-11-14', 805, 200, '800.00'),
(1923, 20913, '2016-11-14', 767, 22, '300.00'),
(1924, 20915, '2016-11-14', 809, 106, '200.00'),
(1925, 20916, '2016-11-14', 804, 106, '2000.00'),
(1926, 20917, '2016-11-14', 522, 15, '1800.00'),
(1927, 20918, '2016-11-14', 1249, 148, '1130.00'),
(1928, 20948, '2016-11-15', 519, 346, '2560.00'),
(1929, 20949, '2016-11-15', 1219, 48, '400.00'),
(1930, 20950, '2016-11-15', 1332, 48, '1900.00'),
(1931, 20951, '2016-11-15', 1415, 48, '700.00'),
(1932, 20990, '2016-11-16', 1407, 346, '890.00'),
(1933, 21003, '2016-11-15', 1226, 26, '130.00'),
(1934, 21004, '2016-11-16', 1226, 350, '200.00'),
(1935, 21166, '2016-11-19', 572, 355, '120.00'),
(1936, 21235, '2016-11-20', 557, 93, '63850.00'),
(1937, 21238, '2016-11-21', 520, 355, '350.00'),
(1938, 21238, '2016-11-21', 520, 120, '400.00'),
(1939, 21239, '2016-11-21', 1226, 111, '1200.00'),
(1940, 21239, '2016-11-21', 1226, 364, '150.00'),
(1942, 21241, '2016-11-21', 539, 355, '400.00'),
(1943, 21241, '2016-11-21', 539, 10, '11000.00'),
(1944, 21241, '2016-11-21', 539, 120, '550.00'),
(1945, 21242, '2016-11-21', 580, 355, '350.00'),
(1946, 21265, '2016-11-22', 539, 47, '270.00'),
(1947, 21265, '2016-11-22', 539, 350, '200.00'),
(1948, 21302, '2016-11-23', 520, 248, '150.00'),
(1949, 21303, '2016-11-23', 572, 355, '300.00'),
(1950, 21303, '2016-11-23', 572, 296, '1600.00'),
(1951, 21301, '2016-11-23', 1230, 206, '4000.00'),
(1952, 21331, '2016-11-23', 1247, 30, '300.00'),
(1953, 21331, '2016-11-23', 1247, 39, '440.00'),
(1954, 21354, '2016-11-24', 539, 10, '800.00'),
(1955, 21356, '2016-11-25', 572, 47, '550.00'),
(1956, 21420, '2016-11-24', 1520, 164, '1000.00'),
(1957, 21420, '2016-11-24', 1520, 48, '1200.00'),
(1958, 21420, '2016-11-24', 1520, 173, '800.00'),
(1959, 21434, '2016-09-10', 546, 105, '550.00'),
(1960, 21434, '2016-09-10', 546, 31, '825.00'),
(1961, 21437, '2016-09-10', 568, 136, '10500.00'),
(1962, 21464, '2016-11-26', 1187, 30, '350.00'),
(1963, 21464, '2016-11-26', 1187, 39, '440.00'),
(1964, 21486, '2016-11-27', 1231, 30, '720.00'),
(1965, 21487, '2016-11-27', 1233, 30, '650.00'),
(1966, 21512, '2016-09-09', 546, 51, '2000.00'),
(1967, 21514, '2016-09-09', 196, 180, '1000.00'),
(1968, 21572, '2016-11-26', 544, 313, '600.00'),
(1969, 21576, '2016-11-27', 1226, 147, '250.00'),
(1970, 21578, '2016-11-28', 539, 17, '1350.00'),
(1971, 21579, '2016-11-28', 1323, 355, '320.00'),
(1972, 21576, '2016-11-27', 1226, 37, '450.00'),
(1974, 21605, '2016-09-08', 664, 160, '8000.00'),
(1975, 21608, '2016-09-08', 517, 55, '550.00'),
(1976, 21609, '2016-09-08', 535, 55, '550.00'),
(1977, 21611, '2016-09-07', 568, 163, '1200.00'),
(1978, 21624, '2016-09-07', 653, 107, '8500.00'),
(1979, 21624, '2016-09-07', 653, 190, '600.00'),
(1980, 21650, '2016-11-29', 1219, 63, '630.00'),
(1981, 21651, '2016-11-29', 767, 346, '700.00'),
(1982, 21647, '2016-11-29', 1512, 112, '1260.00'),
(1983, 21652, '2016-11-29', 769, 176, '265.00'),
(1984, 21653, '2016-11-29', 1501, 63, '745.00'),
(1985, 21656, '2016-11-29', 1389, 267, '450.00'),
(1986, 21727, '2016-11-30', 519, 253, '315.00'),
(1987, 21741, '2016-11-30', 804, 276, '2200.00'),
(1988, 21747, '2016-11-30', 539, 355, '240.00'),
(1989, 21747, '2016-11-30', 539, 91, '250.00'),
(1990, 21748, '2016-12-01', 520, 338, '1100.00'),
(1991, 21749, '2016-12-01', 572, 41, '120.00'),
(1992, 21750, '2016-12-01', 1323, 72, '800.00'),
(1993, 21751, '2016-12-02', 1435, 18, '1750.00'),
(1994, 21754, '2016-12-01', 1232, 63, '865.00'),
(1995, 21754, '2016-12-01', 1232, 47, '1600.00'),
(1996, 21761, '2016-12-01', 772, 206, '12000.00'),
(1997, 21775, '2016-12-03', 1512, 180, '1400.00'),
(1998, 21775, '2016-12-03', 1512, 208, '210.00'),
(1999, 21775, '2016-12-03', 1512, 343, '380.00'),
(2000, 21782, '2016-12-03', 1219, 4, '160.00'),
(2001, 21782, '2016-12-03', 1219, 112, '450.00'),
(2002, 21782, '2016-12-03', 1219, 275, '650.00'),
(2003, 21955, '2016-12-05', 520, 346, '450.00'),
(2004, 21957, '2016-12-05', 572, 304, '180.00'),
(2005, 21959, '2016-12-06', 539, 49, '1020.00'),
(2006, 21960, '2016-12-07', 580, 33, '720.00'),
(2007, 21960, '2016-12-07', 580, 261, '1200.00'),
(2008, 21961, '2016-12-07', 520, 346, '450.00'),
(2009, 21961, '2016-12-07', 520, 49, '440.00'),
(2010, 21988, '2016-12-08', 551, 261, '1600.00'),
(2011, 21989, '2016-12-08', 600, 4, '420.00'),
(2012, 21990, '2016-12-08', 1332, 63, '760.00'),
(2013, 21991, '2016-12-08', 1222, 296, '760.00'),
(2014, 21991, '2016-12-08', 1222, 63, '1060.00'),
(2015, 22042, '2016-12-04', 1566, 343, '320.00'),
(2016, 22175, '2016-12-09', 164, 202, '200.00'),
(2017, 22176, '2016-12-09', 96, 115, '100.00'),
(2018, 22193, '2016-12-10', 99, 365, '120.00'),
(2019, 22194, '2016-12-10', 871, 210, '580.00'),
(2020, 22195, '2016-12-10', 890, 366, '950.00'),
(2021, 22200, '2016-12-10', 1400, 15, '7750.00'),
(2022, 22203, '2016-12-10', 582, 15, '3740.00'),
(2024, 22244, '2016-12-12', 1186, 56, '450.00'),
(2025, 22265, '2016-12-12', 1444, 359, '120.00'),
(2026, 22282, '2016-12-13', 90, 67, '300.00'),
(2027, 22283, '2016-12-13', 105, 67, '300.00'),
(2028, 22284, '2016-12-13', 164, 67, '300.00'),
(2029, 22286, '2016-12-13', 54, 67, '300.00'),
(2030, 22344, '2016-12-15', 1512, 345, '4830.00'),
(2031, 22345, '2016-12-15', 1216, 19, '7500.00'),
(2032, 22349, '2016-12-15', 1415, 201, '3200.00'),
(2033, 22385, '2016-12-18', 767, 304, '300.00'),
(2034, 22394, '2016-12-19', 572, 119, '120.00'),
(2035, 22427, '2016-12-20', 520, 355, '240.00'),
(2036, 22427, '2016-12-20', 520, 258, '300.00'),
(2037, 22427, '2016-12-20', 520, 251, '850.00'),
(2038, 22457, '2016-12-21', 1226, 275, '460.00'),
(2039, 22458, '2016-12-21', 544, 47, '5500.00'),
(2040, 22460, '2016-12-21', 1435, 355, '220.00'),
(2041, 22487, '2016-12-22', 1524, 278, '250.00'),
(2042, 22490, '2016-12-22', 1520, 30, '250.00'),
(2043, 22490, '2016-12-22', 1520, 39, '160.00'),
(2044, 22609, '2016-12-25', 1232, 196, '17000.00'),
(2045, 22629, '2016-12-23', 572, 248, '240.00'),
(2046, 22630, '2016-12-24', 580, 47, '600.00'),
(2047, 22633, '2016-12-24', 1389, 111, '600.00'),
(2048, 22637, '2016-12-26', 520, 248, '350.00'),
(2049, 22638, '2016-12-26', 1323, 30, '700.00'),
(2050, 22732, '2016-12-29', 1524, 237, '1400.00'),
(2051, 22732, '2016-12-29', 1524, 343, '1200.00'),
(2053, 22733, '2016-12-29', 1520, 209, '650.00'),
(2054, 22736, '2016-12-30', 1230, 149, '1000.00'),
(2055, 22786, '2016-12-29', 539, 105, '360.00'),
(2056, 22786, '2016-12-29', 539, 64, '195.00'),
(2057, 22787, '2016-12-29', 1435, 118, '150.00'),
(2058, 22790, '2016-12-30', 520, 355, '250.00'),
(2059, 22791, '2016-12-28', 1226, 121, '450.00'),
(2060, 22791, '2016-12-28', 1226, 209, '1000.00'),
(2061, 22791, '2016-12-28', 1226, 107, '3349.00'),
(2062, 22791, '2016-12-28', 1226, 184, '760.00'),
(2063, 22792, '2016-12-28', 520, 344, '320.00'),
(2064, 22793, '2016-12-28', 539, 131, '670.00'),
(2065, 22793, '2016-12-28', 539, 261, '2500.00'),
(2066, 22794, '2016-12-28', 580, 185, '1200.00'),
(2067, 22809, '2016-12-17', 281, 315, '300.00'),
(2068, 22816, '2016-12-18', 168, 55, '30.00'),
(2069, 22818, '2016-12-18', 163, 131, '150.00'),
(2070, 22821, '2016-12-18', 899, 299, '1500.00'),
(2071, 22821, '2016-12-18', 899, 298, '800.00'),
(2072, 22821, '2016-12-18', 899, 18, '1000.00'),
(2073, 22822, '2016-12-18', 466, 55, '300.00'),
(2074, 22848, '2016-12-19', 471, 105, '100.00'),
(2075, 22848, '2016-12-19', 471, 48, '18500.00'),
(2076, 22865, '2016-12-20', 54, 105, '120.00'),
(2077, 22867, '2016-12-20', 510, 55, '300.00'),
(2078, 22868, '2016-12-20', 884, 131, '600.00'),
(2079, 22869, '2016-12-20', 857, 131, '600.00'),
(2080, 22911, '2016-12-28', 1187, 70, '2800.00'),
(2081, 22946, '2017-01-02', 1428, 52, '1000.00'),
(2082, 22946, '2017-01-02', 1428, 62, '200.00'),
(2083, 22998, '2017-01-04', 1407, 42, '26850.00'),
(2084, 23102, '2017-01-10', 763, 269, '5500.00'),
(2085, 23108, '2017-01-10', 572, 47, '720.00'),
(2086, 23112, '2017-01-09', 520, 248, '280.00'),
(2087, 23118, '2017-01-09', 539, 119, '120.00'),
(2088, 23137, '2017-01-11', 1389, 355, '200.00'),
(2089, 23141, '2017-01-07', 1241, 38, '1200.00'),
(2090, 23148, '2017-01-07', 1352, 50, '200.00'),
(2091, 23229, '2017-01-13', 1352, 57, '250.00'),
(2092, 23239, '2017-01-03', 520, 350, '200.00'),
(2093, 23242, '2017-01-05', 520, 19, '1500.00'),
(2094, 23243, '2017-01-05', 1435, 305, '120.00'),
(2095, 23244, '2017-01-05', 1323, 216, '1200.00'),
(2096, 23247, '2017-01-06', 572, 305, '180.00'),
(2097, 23252, '2017-01-07', 520, 194, '1400.00'),
(2098, 23255, '2017-01-07', 1323, 311, '2600.00'),
(2099, 23257, '2017-01-07', 1389, 234, '2600.00'),
(2100, 23259, '2017-01-08', 1323, 267, '210.00'),
(2101, 23259, '2017-01-08', 1323, 30, '400.00'),
(2102, 23259, '2017-01-08', 1323, 29, '300.00'),
(2103, 23261, '2017-01-08', 572, 62, '300.00'),
(2104, 23261, '2017-01-08', 572, 112, '260.00'),
(2105, 23239, '2017-01-03', 520, 365, '450.00'),
(2107, 23348, '2017-01-12', 1323, 113, '120.00'),
(2108, 23352, '2017-01-12', 544, 46, '120.00'),
(2109, 23354, '2017-01-12', 1435, 246, '320.00'),
(2110, 23356, '2017-01-12', 572, 321, '160.00'),
(2111, 23497, '2017-01-14', 572, 119, '400.00'),
(2112, 23498, '2017-01-14', 1435, 134, '1900.00'),
(2113, 23502, '2017-01-15', 520, 49, '1200.00'),
(2114, 23503, '2017-01-16', 572, 248, '400.00'),
(2115, 23539, '2017-01-17', 1243, 30, '600.00'),
(2116, 23539, '2017-01-17', 1243, 328, '200.00'),
(2117, 23577, '2017-01-12', 1494, 48, '1600.00'),
(2118, 23577, '2017-01-12', 1494, 30, '1600.00'),
(2119, 23579, '2017-01-12', 1529, 267, '2600.00'),
(2120, 23580, '2017-01-12', 1524, 115, '3700.00'),
(2121, 23581, '2017-01-12', 1493, 25, '1500.00'),
(2122, 23590, '2017-01-12', 1520, 343, '1050.00'),
(2123, 23600, '2017-01-13', 763, 210, '800.00'),
(2124, 23602, '2017-01-13', 1407, 63, '600.00'),
(2125, 23600, '2017-01-13', 763, 112, '600.00'),
(2127, 23602, '2017-01-13', 1407, 44, '4000.00'),
(2129, 23604, '2017-01-13', 1215, 112, '1200.00'),
(2130, 23606, '2017-01-13', 766, 30, '1600.00'),
(2131, 23607, '2017-01-18', 539, 55, '600.00'),
(2132, 23638, '2017-01-20', 1187, 62, '200.00'),
(2133, 23638, '2017-01-20', 1187, 52, '1000.00'),
(2134, 23643, '2017-01-19', 520, 82, '120.00'),
(2135, 23644, '2017-01-19', 1389, 355, '100.00'),
(2136, 23647, '2017-01-20', 572, 355, '120.00'),
(2137, 23672, '2017-01-21', 580, 210, '550.00'),
(2138, 23701, '2017-01-22', 572, 355, '100.00'),
(2139, 23702, '2017-01-22', 1435, 355, '120.00'),
(2140, 23756, '2017-01-23', 1493, 250, '1140.00'),
(2141, 23756, '2017-01-23', 1493, 275, '570.00'),
(2142, 23760, '2017-01-23', 1566, 279, '152.00'),
(2143, 23762, '2017-01-23', 1494, 345, '2375.00'),
(2144, 23762, '2017-01-23', 1494, 212, '1140.00'),
(2145, 23764, '2017-01-23', 1524, 30, '893.00'),
(2146, 23765, '2017-01-23', 1529, 275, '1425.00'),
(2147, 23765, '2017-01-23', 1529, 40, '2825.00'),
(2148, 23765, '2017-01-23', 1529, 303, '1472.00'),
(2149, 23765, '2017-01-23', 1529, 358, '532.00'),
(2150, 23765, '2017-01-23', 1529, 201, '4275.00'),
(2151, 23765, '2017-01-23', 1529, 222, '1947.00'),
(2152, 23893, '2017-01-25', 520, 210, '850.00'),
(2153, 23894, '2017-01-25', 539, 255, '150.00'),
(2154, 23894, '2017-01-25', 539, 355, '200.00'),
(2155, 23920, '2017-01-27', 550, 47, '5225.00'),
(2156, 23960, '2017-01-26', 572, 350, '250.00'),
(2157, 23960, '2017-01-26', 572, 355, '300.00'),
(2158, 23961, '2017-01-26', 544, 350, '250.00'),
(2159, 23962, '2017-01-26', 1435, 147, '1090.00'),
(2160, 23964, '2017-01-26', 539, 30, '2200.00'),
(2161, 23968, '2017-01-28', 1323, 147, '220.00'),
(2162, 23969, '2017-01-28', 539, 30, '1200.00'),
(2163, 23969, '2017-01-28', 539, 29, '800.00'),
(2164, 23990, '2017-01-29', 539, 47, '150.00'),
(2165, 23990, '2017-01-29', 539, 121, '150.00'),
(2166, 23991, '2017-01-29', 1226, 198, '200.00'),
(2167, 23992, '2017-01-29', 1389, 319, '100.00'),
(2168, 24039, '2017-01-01', 79, 105, '120.00'),
(2169, 24042, '2017-01-01', 1212, 105, '200.00'),
(2170, 24044, '2017-01-01', 669, 48, '10000.00'),
(2171, 24048, '2017-01-30', 1241, 18, '3700.00'),
(2172, 24052, '2017-01-30', 1474, 214, '12800.00'),
(2173, 24068, '2017-01-29', 1474, 40, '16500.00'),
(2174, 24087, '2017-01-31', 1474, 52, '1300.00'),
(2175, 24089, '2017-01-30', 572, 180, '1800.00'),
(2176, 24091, '2017-01-30', 539, 367, '50000.00'),
(2177, 24092, '2017-01-30', 580, 367, '55000.00'),
(2178, 24092, '2017-01-30', 580, 19, '5600.00'),
(2179, 24093, '2017-01-31', 580, 279, '200.00'),
(2180, 24094, '2017-01-31', 539, 101, '550.00'),
(2181, 24126, '2017-01-03', 890, 106, '500.00'),
(2182, 24156, '2017-02-01', 580, 267, '450.00'),
(2183, 24201, '2017-02-02', 1435, 38, '690.00'),
(2184, 24201, '2017-02-02', 1435, 317, '1200.00'),
(2185, 24203, '2017-02-02', 520, 120, '1200.00'),
(2186, 24204, '2017-02-03', 572, 317, '2600.00'),
(2187, 24206, '2017-02-04', 520, 203, '2100.00'),
(2188, 24208, '2017-02-04', 1323, 350, '250.00'),
(2189, 24209, '2017-02-04', 1226, 350, '250.00'),
(2190, 24209, '2017-02-04', 1226, 19, '200.00'),
(2191, 24213, '2017-02-01', 1310, 70, '5850.00'),
(2192, 24213, '2017-02-01', 1310, 148, '700.00'),
(2193, 24222, '2017-02-04', 1330, 163, '1750.00'),
(2194, 24231, '2017-02-04', 1479, 304, '1350.00'),
(2195, 24232, '2017-02-04', 526, 357, '700.00'),
(2196, 24234, '2017-02-05', 1435, 19, '1100.00'),
(2197, 24249, '2017-02-06', 1323, 201, '370.00'),
(2198, 24250, '2017-02-06', 572, 206, '1500.00'),
(2199, 24251, '2017-02-06', 539, 98, '2200.00'),
(2200, 24251, '2017-02-06', 539, 206, '8000.00'),
(2202, 24262, '2017-02-06', 1330, 299, '760.00'),
(2203, 24263, '2017-02-06', 1320, 300, '1300.00'),
(2204, 24264, '2017-02-06', 1247, 300, '800.00'),
(2205, 24286, '2017-02-03', 239, 55, '300.00'),
(2206, 24288, '2017-02-03', 855, 228, '659.00'),
(2207, 24358, '2017-02-07', 1243, 229, '2500.00'),
(2208, 24370, '2017-02-08', 543, 316, '2550.00'),
(2209, 24405, '2017-02-02', 650, 322, '260.00'),
(2210, 24430, '2017-02-09', 77, 55, '300.00'),
(2211, 24434, '2017-02-04', 188, 48, '5750.00'),
(2212, 24493, '2017-02-08', 862, 55, '480.00'),
(2213, 24496, '2017-02-07', 485, 90, '24900.00'),
(2214, 24504, '2017-02-06', 1548, 1, '1000.00'),
(2215, 24511, '2017-02-08', 1435, 25, '100.00'),
(2216, 24513, '2017-02-08', 544, 203, '750.00'),
(2217, 24514, '2017-02-09', 572, 355, '250.00'),
(2218, 24514, '2017-02-09', 572, 346, '460.00'),
(2219, 24524, '2017-02-11', 1226, 267, '550.00'),
(2220, 24526, '2017-02-11', 572, 317, '1600.00'),
(2221, 24570, '2017-02-12', 520, 111, '650.00'),
(2222, 24655, '2017-02-13', 580, 206, '8000.00'),
(2223, 24656, '2017-02-13', 1323, 148, '2000.00'),
(2224, 24665, '2017-02-13', 540, 131, '1200.00'),
(2225, 24665, '2017-02-13', 540, 51, '6000.00'),
(2226, 24669, '2017-02-14', 572, 355, '180.00'),
(2227, 24670, '2017-02-14', 539, 248, '320.00'),
(2228, 24670, '2017-02-14', 539, 350, '250.00'),
(2229, 24670, '2017-02-14', 539, 317, '1300.00'),
(2231, 24700, '2017-02-15', 1323, 30, '500.00'),
(2232, 24701, '2017-02-15', 544, 267, '750.00'),
(2233, 24706, '2017-02-15', 572, 120, '2200.00'),
(2234, 24706, '2017-02-15', 572, 49, '1500.00'),
(2235, 24804, '2017-02-16', 539, 154, '600.00'),
(2236, 24804, '2017-02-16', 539, 355, '240.00'),
(2237, 24805, '2017-02-18', 544, 355, '340.00'),
(2238, 24806, '2017-02-18', 520, 338, '550.00'),
(2239, 24807, '2017-02-18', 1435, 261, '250.00'),
(2240, 24868, '2017-02-16', 884, 295, '1000.00'),
(2241, 24868, '2017-02-16', 884, 345, '1000.00'),
(2242, 24868, '2017-02-16', 884, 65, '500.00'),
(2243, 24931, '2017-02-01', 550, 25, '332.00'),
(2244, 24941, '2017-02-19', 539, 47, '1250.00'),
(2245, 24950, '2017-02-19', 571, 55, '300.00'),
(2246, 24955, '2017-02-19', 1548, 55, '450.00'),
(2247, 24973, '2017-02-17', 683, 287, '1300.00'),
(2248, 25005, '2017-02-21', 1435, 57, '150.00'),
(2249, 25007, '2017-02-21', 1389, 203, '1600.00'),
(2250, 25032, '2017-02-11', 90, 55, '300.00'),
(2251, 25033, '2017-02-11', 166, 55, '300.00'),
(2252, 25034, '2017-02-11', 81, 55, '300.00'),
(2253, 25082, '2017-02-22', 520, 321, '260.00'),
(2254, 25083, '2017-02-22', 1323, 165, '250.00'),
(2255, 25090, '2017-02-21', 1310, 39, '900.00'),
(2256, 25111, '2017-02-23', 1323, 43, '400.00'),
(2257, 25112, '2017-02-23', 544, 48, '1300.00'),
(2258, 25268, '2017-02-25', 1460, 31, '1100.00'),
(2259, 25268, '2017-02-25', 1460, 13, '2200.00'),
(2260, 25271, '2017-02-24', 869, 55, '450.00'),
(2261, 25289, '2017-02-26', 1226, 350, '200.00'),
(2262, 25290, '2017-02-26', 1197, 203, '1200.00'),
(2263, 25290, '2017-02-26', 1197, 198, '1910.00'),
(2264, 25291, '2017-02-26', 520, 350, '200.00'),
(2265, 25291, '2017-02-26', 520, 218, '400.00'),
(2266, 25292, '2017-02-26', 539, 350, '200.00'),
(2267, 25292, '2017-02-26', 539, 218, '400.00'),
(2268, 25293, '2017-02-26', 1323, 350, '200.00'),
(2269, 25293, '2017-02-26', 1323, 203, '1200.00'),
(2270, 25293, '2017-02-26', 1323, 51, '1910.00'),
(2271, 25322, '2017-02-27', 572, 248, '900.00'),
(2272, 25323, '2017-02-27', 1323, 317, '8500.00'),
(2273, 25373, '2017-02-28', 1435, 134, '1250.00'),
(2274, 25374, '2017-02-28', 1323, 30, '700.00'),
(2275, 25411, '2017-03-02', 1435, 107, '350.00'),
(2276, 25453, '2017-03-04', 539, 47, '300.00'),
(2277, 25454, '2017-03-04', 520, 47, '1200.00'),
(2278, 25503, '2017-03-05', 1197, 100, '1800.00'),
(2279, 25503, '2017-03-05', 1197, 235, '1200.00'),
(2280, 25503, '2017-03-05', 1197, 202, '300.00'),
(2281, 25503, '2017-03-05', 1197, 184, '850.00'),
(2282, 25503, '2017-03-05', 1197, 283, '2300.00'),
(2283, 25504, '2017-03-05', 1435, 113, '1800.00'),
(2284, 25506, '2017-03-05', 572, 47, '1600.00'),
(2285, 25506, '2017-03-05', 572, 328, '2400.00'),
(2286, 25508, '2017-03-05', 544, 328, '2400.00'),
(2287, 25516, '2017-03-01', 105, 55, '300.00'),
(2288, 25517, '2017-03-01', 856, 30, '2000.00'),
(2289, 25574, '2017-03-06', 1435, 38, '1800.00'),
(2290, 25583, '2017-03-04', 103, 55, '300.00'),
(2291, 25584, '2017-03-04', 32, 55, '300.00'),
(2292, 25585, '2017-03-04', 101, 55, '300.00'),
(2293, 25645, '2017-03-05', 856, 208, '150.00'),
(2294, 25645, '2017-03-05', 856, 55, '450.00'),
(2295, 25754, '2017-03-07', 544, 47, '2250.00'),
(2296, 25754, '2017-03-07', 544, 111, '1850.00'),
(2297, 25764, '2017-03-07', 572, 49, '350.00'),
(2298, 25764, '2017-03-07', 572, 355, '190.00'),
(2299, 25768, '2017-03-08', 1197, 121, '250.00'),
(2300, 25768, '2017-03-08', 1197, 155, '600.00'),
(2301, 25770, '2017-03-10', 580, 317, '650.00'),
(2302, 25772, '2017-03-10', 1435, 321, '220.00'),
(2303, 25775, '2017-03-11', 572, 321, '220.00'),
(2304, 25777, '2017-03-11', 1323, 19, '200.00'),
(2305, 25788, '2017-03-09', 1197, 180, '1700.00'),
(2306, 25793, '2017-03-09', 1435, 38, '280.00');
INSERT INTO `work_cost` (`work_cost_id`, `repair_id`, `repair_date`, `product_id`, `works_id`, `work_cost`) VALUES
(2307, 25796, '2017-03-09', 580, 62, '470.00'),
(2308, 25784, '2017-03-09', 544, 216, '1000.00'),
(2309, 25817, '2017-02-25', 1477, 115, '1800.00'),
(2310, 25817, '2017-02-25', 1477, 368, '600.00'),
(2311, 25837, '2017-03-02', 540, 349, '3500.00'),
(2312, 25850, '2017-03-03', 1330, 18, '2950.00'),
(2313, 25873, '2017-03-09', 859, 64, '850.00'),
(2314, 25873, '2017-03-09', 859, 157, '350.00'),
(2315, 25873, '2017-03-09', 859, 55, '450.00'),
(2316, 25881, '2017-03-04', 1310, 176, '500.00'),
(2317, 25881, '2017-03-04', 1310, 369, '1500.00'),
(2319, 25920, '2017-03-07', 540, 256, '3000.00'),
(2320, 25922, '2017-03-07', 1241, 178, '1200.00'),
(2321, 25942, '2017-03-07', 1400, 229, '950.00'),
(2322, 25942, '2017-03-07', 1400, 295, '1000.00'),
(2323, 25944, '2017-03-08', 105, 87, '3100.00'),
(2324, 25944, '2017-03-08', 105, 160, '400.00'),
(2325, 25948, '2017-03-10', 58, 55, '300.00'),
(2326, 25950, '2017-03-10', 884, 55, '450.00'),
(2327, 25951, '2017-03-10', 865, 55, '450.00'),
(2328, 25954, '2017-03-11', 54, 55, '300.00'),
(2329, 25955, '2017-03-11', 468, 55, '300.00'),
(2330, 25968, '2017-03-12', 580, 321, '500.00'),
(2331, 25970, '2017-03-12', 1389, 111, '1530.00'),
(2332, 25971, '2017-03-12', 1197, 191, '2000.00'),
(2333, 25971, '2017-03-12', 1197, 279, '150.00'),
(2334, 25971, '2017-03-12', 1197, 237, '120.00'),
(2335, 25971, '2017-03-12', 1197, 321, '400.00'),
(2336, 25975, '2017-03-13', 1493, 25, '320.00'),
(2337, 26023, '2017-03-12', 164, 283, '900.00'),
(2338, 26024, '2017-03-12', 34, 119, '900.00'),
(2339, 26017, '2017-03-12', 88, 119, '900.00'),
(2340, 26030, '2017-03-13', 572, 338, '700.00'),
(2341, 26034, '2017-03-13', 826, 370, '3000.00'),
(2343, 26068, '2017-03-14', 539, 167, '3000.00'),
(2345, 26070, '2017-03-14', 1226, 364, '1200.00'),
(2346, 26069, '2017-03-14', 520, 36, '440.00'),
(2347, 26102, '2017-03-15', 1428, 371, '600.00'),
(2348, 26103, '2017-03-15', 1243, 342, '200.00'),
(2349, 26103, '2017-03-15', 1243, 372, '300.00'),
(2351, 26121, '2017-03-15', 526, 62, '350.00'),
(2352, 26122, '2017-03-15', 1197, 113, '120.00'),
(2353, 26124, '2017-03-15', 572, 248, '220.00'),
(2354, 26142, '2017-03-15', 885, 88, '2500.00'),
(2355, 26142, '2017-03-15', 885, 227, '850.00'),
(2356, 26142, '2017-03-15', 885, 315, '500.00'),
(2357, 26162, '2017-03-03', 1215, 357, '4400.00'),
(2358, 26163, '2017-03-03', 519, 180, '850.00'),
(2359, 26163, '2017-03-03', 519, 47, '1600.00'),
(2360, 26200, '2017-03-14', 1520, 25, '700.00'),
(2361, 26200, '2017-03-14', 1520, 30, '2200.00'),
(2362, 26201, '2017-03-14', 1524, 180, '1600.00'),
(2363, 26202, '2017-03-14', 1516, 25, '600.00'),
(2364, 26202, '2017-03-14', 1516, 267, '1800.00'),
(2365, 26268, '2017-03-18', 1208, 1, '4400.00'),
(2366, 26284, '2017-03-16', 1247, 164, '450.00'),
(2367, 26284, '2017-03-16', 1247, 278, '250.00'),
(2368, 26285, '2017-03-16', 526, 31, '350.00'),
(2369, 26285, '2017-03-16', 526, 374, '200.00'),
(2372, 26288, '2017-03-18', 520, 111, '1000.00'),
(2373, 26288, '2017-03-18', 520, 338, '1100.00'),
(2374, 26290, '2017-03-18', 1389, 25, '180.00'),
(2375, 26290, '2017-03-18', 1389, 266, '180.00'),
(2376, 26294, '2017-03-16', 1186, 348, '21840.00'),
(2377, 26318, '2017-03-17', 141, 55, '300.00'),
(2378, 26334, '2017-03-19', 1435, 179, '2400.00'),
(2379, 26334, '2017-03-19', 1435, 3, '150.00'),
(2380, 26355, '2017-03-17', 819, 41, '1800.00'),
(2381, 26442, '2017-03-21', 1323, 284, '1200.00'),
(2382, 26443, '2017-03-21', 1197, 82, '1220.00'),
(2383, 26443, '2017-03-21', 1197, 267, '3000.00'),
(2384, 26444, '2017-03-21', 1435, 321, '240.00'),
(2385, 26445, '2017-03-21', 572, 240, '600.00'),
(2386, 26478, '2017-03-22', 1247, 121, '120.00'),
(2387, 26491, '2017-03-22', 1323, 43, '1600.00'),
(2388, 26491, '2017-03-22', 1323, 82, '700.00'),
(2389, 26491, '2017-03-22', 1323, 299, '1300.00'),
(2390, 26491, '2017-03-22', 1323, 205, '2220.00'),
(2391, 26492, '2017-03-22', 539, 173, '500.00'),
(2392, 26493, '2017-03-22', 1435, 25, '120.00'),
(2393, 26495, '2017-03-22', 1197, 364, '420.00'),
(2394, 26495, '2017-03-22', 1197, 234, '670.00'),
(2395, 26532, '2017-03-23', 1226, 25, '100.00'),
(2396, 26533, '2017-03-23', 1197, 40, '3800.00'),
(2397, 26535, '2017-03-23', 1323, 375, '1000.00'),
(2398, 26536, '2017-03-23', 1186, 52, '1000.00'),
(2399, 26536, '2017-03-23', 1186, 62, '200.00'),
(2400, 26537, '2017-03-23', 1187, 376, '1800.00'),
(2401, 26552, '2017-03-25', 1197, 206, '3000.00'),
(2402, 26552, '2017-03-25', 1197, 25, '120.00'),
(2403, 26547, '2017-03-25', 1243, 18, '2900.00'),
(2404, 26553, '2017-03-25', 1435, 93, '2310.00'),
(2405, 26563, '2017-03-25', 826, 41, '200.00'),
(2406, 26564, '2017-03-26', 828, 26, '200.00'),
(2407, 26565, '2017-03-26', 580, 255, '150.00'),
(2408, 26567, '2017-03-26', 1197, 222, '1800.00'),
(2410, 26627, '2017-03-26', 540, 376, '940.00'),
(2411, 26661, '2017-03-27', 1197, 350, '200.00'),
(2412, 26661, '2017-03-27', 1197, 19, '1300.00'),
(2413, 26661, '2017-03-27', 1197, 216, '300.00'),
(2414, 26661, '2017-03-27', 1197, 93, '650.00'),
(2415, 26662, '2017-03-27', 1323, 25, '380.00'),
(2416, 26662, '2017-03-27', 1323, 350, '200.00'),
(2417, 26663, '2017-03-27', 580, 118, '1440.00'),
(2418, 26663, '2017-03-27', 580, 350, '200.00'),
(2419, 26664, '2017-03-27', 544, 350, '200.00'),
(2420, 26665, '2017-03-27', 572, 350, '200.00'),
(2421, 26667, '2017-03-27', 1435, 350, '200.00'),
(2422, 26668, '2017-03-27', 1226, 350, '200.00'),
(2423, 26669, '2017-03-28', 520, 313, '550.00'),
(2424, 26688, '2017-03-29', 1323, 355, '200.00'),
(2425, 26688, '2017-03-29', 1323, 341, '450.00'),
(2426, 26688, '2017-03-29', 1323, 106, '1200.00'),
(2427, 26689, '2017-03-29', 1389, 267, '650.00'),
(2428, 26689, '2017-03-29', 1389, 132, '1000.00'),
(2429, 26690, '2017-03-29', 1197, 40, '3660.00'),
(2430, 26691, '2017-03-29', 819, 44, '2500.00'),
(2431, 26691, '2017-03-29', 819, 111, '3600.00'),
(2432, 26756, '2017-03-19', 496, 55, '400.00'),
(2433, 26759, '2017-03-19', 1400, 30, '2200.00'),
(2436, 26817, '2017-03-30', 520, 350, '200.00'),
(2437, 26817, '2017-03-30', 520, 355, '110.00'),
(2438, 26818, '2017-03-30', 539, 350, '200.00'),
(2439, 26818, '2017-03-30', 539, 355, '840.00'),
(2440, 26819, '2017-03-30', 1323, 355, '120.00'),
(2441, 26822, '2017-03-31', 1197, 297, '650.00'),
(2442, 26822, '2017-03-31', 1197, 76, '2500.00'),
(2443, 26822, '2017-03-31', 1197, 82, '3000.00'),
(2444, 26825, '2017-04-01', 539, 306, '450.00'),
(2445, 26825, '2017-04-01', 539, 119, '770.00'),
(2446, 26827, '2017-04-01', 1323, 92, '120.00'),
(2447, 26827, '2017-04-01', 1323, 81, '240.00'),
(2448, 26828, '2017-03-30', 826, 261, '600.00'),
(2449, 26848, '2017-04-02', 572, 62, '1800.00'),
(2450, 26848, '2017-04-02', 572, 366, '1160.00'),
(2451, 26848, '2017-04-02', 572, 209, '2250.00'),
(2452, 26849, '2017-04-02', 1197, 355, '150.00'),
(2453, 26849, '2017-04-02', 1197, 222, '220.00'),
(2454, 26874, '2017-04-03', 1226, 19, '450.00'),
(2455, 26875, '2017-04-03', 1323, 25, '480.00'),
(2456, 26876, '2017-04-03', 1197, 25, '240.00'),
(2457, 26877, '2017-04-03', 1435, 25, '320.00'),
(2458, 26878, '2017-04-03', 539, 341, '500.00'),
(2459, 26886, '2017-03-22', 485, 55, '300.00'),
(2461, 26903, '2017-04-01', 540, 377, '1725.00'),
(2462, 26908, '2017-04-04', 1323, 346, '480.00'),
(2463, 26908, '2017-04-04', 1323, 151, '650.00'),
(2464, 26908, '2017-04-04', 1323, 147, '640.00'),
(2465, 26909, '2017-04-04', 572, 65, '1600.00'),
(2466, 26909, '2017-04-04', 572, 50, '1360.00'),
(2467, 26910, '2017-04-04', 1435, 16, '700.00'),
(2468, 26911, '2017-04-04', 580, 355, '480.00'),
(2469, 26912, '2017-04-04', 543, 47, '1500.00'),
(2470, 26906, '2017-04-01', 1330, 348, '19380.00'),
(2471, 26906, '2017-04-01', 1330, 378, '1240.00'),
(2473, 26923, '2017-03-31', 543, 379, '13500.00'),
(2474, 26933, '2017-03-29', 1187, 346, '1600.00'),
(2475, 26933, '2017-03-29', 1187, 173, '1500.00'),
(2476, 26933, '2017-03-29', 1187, 380, '500.00'),
(2477, 26933, '2017-03-29', 1187, 238, '2500.00'),
(2478, 26933, '2017-03-29', 1187, 30, '600.00'),
(2481, 26933, '2017-03-29', 1187, 381, '300.00'),
(2482, 26933, '2017-03-29', 1187, 382, '2000.00'),
(2483, 26933, '2017-03-29', 1187, 48, '9500.00'),
(2489, 26934, '2017-03-28', 1247, 379, '1110.00'),
(2490, 26934, '2017-03-28', 1247, 278, '350.00'),
(2491, 26936, '2017-03-28', 1428, 383, '2400.00'),
(2492, 26938, '2017-03-27', 1186, 378, '4000.00'),
(2493, 26955, '2017-04-05', 1197, 267, '750.00'),
(2494, 26957, '2017-04-05', 1323, 379, '220.00'),
(2495, 26958, '2017-04-05', 1226, 341, '1300.00'),
(2496, 26959, '2017-04-05', 539, 19, '1100.00'),
(2497, 26976, '2017-04-05', 540, 384, '1725.00'),
(2498, 26977, '2017-04-05', 1479, 52, '1200.00'),
(2499, 27025, '2017-04-04', 1223, 18, '1200.00'),
(2500, 27047, '2017-03-31', 1234, 56, '1650.00'),
(2501, 27054, '2017-03-30', 767, 113, '4100.00'),
(2502, 27071, '2017-04-06', 1323, 36, '650.00'),
(2503, 27072, '2017-04-06', 544, 278, '300.00'),
(2504, 27075, '2017-04-08', 572, 279, '220.00'),
(2505, 27075, '2017-04-08', 572, 25, '240.00'),
(2506, 27076, '2017-04-08', 580, 148, '220.00'),
(2507, 27076, '2017-04-08', 580, 343, '400.00'),
(2508, 27077, '2017-04-08', 544, 25, '120.00'),
(2509, 27083, '2017-03-24', 77, 55, '250.00'),
(2510, 27136, '2017-04-09', 539, 350, '200.00'),
(2511, 27137, '2017-04-09', 580, 350, '200.00'),
(2512, 27138, '2017-04-09', 1197, 267, '350.00'),
(2513, 27138, '2017-04-09', 1197, 350, '200.00'),
(2514, 27140, '2017-04-09', 520, 350, '200.00'),
(2515, 27141, '2017-04-09', 1226, 350, '200.00'),
(2516, 27216, '2017-04-07', 305, 55, '300.00'),
(2517, 27252, '2017-04-10', 572, 267, '420.00'),
(2518, 27252, '2017-04-10', 572, 25, '480.00'),
(2519, 27255, '2017-04-10', 1226, 311, '220.00'),
(2520, 27255, '2017-04-10', 1226, 205, '150.00'),
(2521, 27261, '2017-04-06', 1330, 379, '19380.00'),
(2522, 27262, '2017-04-06', 540, 379, '1500.00'),
(2523, 27280, '2017-04-10', 1320, 165, '1140.00'),
(2524, 27282, '2017-04-10', 1474, 385, '3050.00'),
(2525, 27283, '2017-04-10', 543, 386, '345.00'),
(2526, 27310, '2017-04-06', 287, 25, '150.00'),
(2527, 27317, '2017-04-07', 828, 111, '800.00'),
(2528, 27318, '2017-04-08', 261, 41, '500.00'),
(2529, 27330, '2017-04-11', 520, 313, '1280.00'),
(2530, 27338, '2017-04-03', 308, 104, '200.00'),
(2531, 27345, '2017-04-01', 238, 55, '300.00'),
(2532, 27346, '2017-04-01', 463, 23, '150.00'),
(2533, 27358, '2017-04-08', 1444, 55, '200.00'),
(2534, 27358, '2017-04-08', 1444, 183, '500.00'),
(2536, 27373, '2017-04-09', 582, 55, '300.00'),
(2537, 27374, '2017-04-09', 468, 55, '300.00'),
(2538, 27382, '2017-04-10', 856, 55, '450.00'),
(2540, 27390, '2017-04-11', 1479, 387, '1600.00'),
(2541, 27391, '2017-04-11', 1330, 38, '1240.00'),
(2542, 27397, '2017-04-02', 819, 25, '400.00'),
(2543, 27413, '2017-04-12', 572, 388, '1280.00'),
(2544, 27414, '2017-04-12', 544, 389, '5000.00'),
(2545, 27414, '2017-04-12', 544, 390, '500.00'),
(2546, 27415, '2017-04-12', 1197, 57, '100.00'),
(2547, 27423, '2017-04-13', 539, 25, '120.00'),
(2548, 27425, '2017-04-14', 1435, 391, '5500.00'),
(2549, 27426, '2017-04-14', 1323, 392, '8500.00'),
(2550, 27476, '2017-04-14', 543, 47, '6600.00'),
(2551, 27504, '2017-04-16', 572, 393, '120.00'),
(2552, 27524, '2017-04-17', 520, 203, '450.00'),
(2553, 27533, '2017-04-17', 1477, 394, '2040.00'),
(2554, 27567, '2017-04-18', 572, 25, '120.00'),
(2555, 27568, '2017-04-18', 544, 25, '120.00'),
(2556, 27572, '2017-04-18', 1226, 261, '600.00'),
(2557, 27573, '2017-04-18', 580, 155, '970.00'),
(2558, 27573, '2017-04-18', 580, 395, '150.00'),
(2559, 27574, '2017-04-18', 543, 49, '2500.00'),
(2560, 27592, '2017-04-19', 1323, 22, '300.00'),
(2561, 27592, '2017-04-19', 1323, 184, '240.00'),
(2562, 27593, '2017-04-19', 539, 25, '480.00'),
(2563, 27596, '2017-04-19', 526, 397, '5500.00'),
(2564, 27595, '2017-04-19', 1479, 396, '2500.00'),
(2565, 27597, '2017-04-19', 1428, 398, '440.00'),
(2566, 27625, '2017-04-20', 572, 25, '240.00'),
(2567, 27627, '2017-04-20', 1197, 26, '120.00'),
(2568, 27628, '2017-04-20', 1323, 364, '450.00'),
(2569, 27655, '2017-04-22', 544, 203, '450.00'),
(2570, 27656, '2017-04-22', 572, 25, '240.00'),
(2571, 27665, '2017-04-20', 1479, 173, '6942.00'),
(2572, 27669, '2017-04-22', 1330, 399, '2750.00'),
(2573, 27670, '2017-04-22', 1187, 378, '260.00'),
(2574, 27755, '2017-04-23', 1197, 214, '800.00'),
(2575, 27756, '2017-04-23', 1226, 173, '825.00'),
(2576, 27758, '2017-04-23', 1323, 173, '825.00'),
(2577, 27797, '2017-04-24', 544, 148, '1200.00'),
(2578, 27877, '2017-04-25', 539, 49, '800.00'),
(2579, 27877, '2017-04-25', 539, 400, '1100.00'),
(2581, 27879, '2017-04-25', 1247, 380, '300.00'),
(2582, 27879, '2017-04-25', 1247, 401, '2300.00'),
(2584, 27886, '2017-04-25', 843, 90, '18000.00'),
(2585, 27892, '2017-04-25', 850, 90, '18500.00'),
(2586, 27893, '2017-04-25', 818, 90, '19000.00'),
(2587, 27899, '2017-04-26', 1389, 112, '1650.00'),
(2588, 27899, '2017-04-26', 1389, 223, '9100.00'),
(2589, 27901, '2017-04-26', 572, 25, '200.00'),
(2590, 27901, '2017-04-26', 572, 344, '150.00'),
(2591, 27916, '2017-04-24', 543, 402, '6600.00'),
(2592, 27934, '2017-04-27', 520, 350, '200.00'),
(2593, 27934, '2017-04-27', 520, 278, '350.00'),
(2594, 27935, '2017-04-27', 580, 21, '120.00'),
(2595, 27935, '2017-04-27', 580, 222, '1200.00'),
(2596, 28004, '2017-04-23', 1310, 261, '1300.00'),
(2597, 28004, '2017-04-23', 1310, 403, '2300.00'),
(2599, 28007, '2017-04-23', 526, 261, '2800.00'),
(2600, 28007, '2017-04-23', 526, 173, '1200.00'),
(2601, 28007, '2017-04-23', 526, 210, '1300.00'),
(2602, 28016, '2017-04-29', 1323, 35, '800.00'),
(2603, 28019, '2017-04-30', 544, 398, '850.00'),
(2604, 28020, '2017-04-30', 572, 25, '120.00'),
(2605, 28021, '2017-04-30', 1226, 57, '120.00'),
(2606, 28022, '2017-04-30', 1197, 355, '480.00'),
(2607, 28023, '2017-04-30', 1323, 19, '600.00'),
(2608, 28024, '2017-04-30', 1389, 173, '1800.00'),
(2609, 28095, '2017-04-30', 540, 256, '2185.00'),
(2610, 28095, '2017-04-30', 540, 404, '750.00'),
(2612, 28184, '2017-05-03', 572, 240, '1600.00'),
(2613, 28186, '2017-05-03', 1226, 25, '480.00'),
(2614, 28187, '2017-05-03', 1186, 405, '6490.00'),
(2615, 28221, '2017-05-04', 580, 366, '850.00'),
(2616, 28221, '2017-05-04', 580, 390, '6200.00'),
(2617, 28221, '2017-05-04', 580, 350, '250.00'),
(2618, 28222, '2017-05-04', 1226, 25, '480.00'),
(2619, 28222, '2017-05-04', 1226, 350, '250.00'),
(2620, 28223, '2017-05-04', 1197, 267, '750.00'),
(2621, 28224, '2017-05-04', 520, 25, '250.00'),
(2622, 28224, '2017-05-04', 520, 350, '250.00'),
(2623, 28225, '2017-05-04', 544, 248, '200.00'),
(2624, 28225, '2017-05-04', 544, 350, '250.00'),
(2625, 28225, '2017-05-04', 544, 406, '1000.00'),
(2628, 28226, '2017-05-04', 1323, 350, '250.00'),
(2629, 28325, '2017-05-06', 520, 101, '650.00'),
(2630, 28327, '2017-05-06', 1389, 25, '180.00'),
(2631, 28390, '2017-05-07', 1197, 155, '750.00'),
(2632, 28390, '2017-05-07', 1197, 395, '150.00'),
(2633, 28392, '2017-05-07', 1323, 113, '150.00'),
(2634, 28393, '2017-05-07', 1389, 25, '180.00'),
(2635, 28394, '2017-05-07', 572, 406, '1700.00'),
(2636, 28395, '2017-05-07', 539, 407, '150.00'),
(2637, 28395, '2017-05-07', 539, 408, '350.00'),
(2638, 28403, '2017-05-06', 1187, 39, '2920.00'),
(2639, 28403, '2017-05-06', 1187, 409, '2600.00'),
(2640, 28403, '2017-05-06', 1187, 410, '600.00'),
(2642, 28432, '2017-05-08', 1226, 105, '120.00'),
(2643, 28451, '2017-05-09', 1435, 314, '7500.00'),
(2644, 28451, '2017-05-09', 1435, 136, '2700.00'),
(2645, 28451, '2017-05-09', 1435, 161, '5000.00'),
(2646, 28451, '2017-05-09', 1435, 163, '660.00'),
(2647, 28451, '2017-05-09', 1435, 143, '600.00'),
(2648, 28451, '2017-05-09', 1435, 86, '1200.00'),
(2649, 28451, '2017-05-09', 1435, 141, '650.00'),
(2650, 28451, '2017-05-09', 1435, 87, '3530.00'),
(2651, 28451, '2017-05-09', 1435, 186, '1850.00'),
(2652, 28451, '2017-05-09', 1435, 411, '450.00'),
(2653, 28451, '2017-05-09', 1435, 412, '400.00'),
(2663, 28455, '2017-05-04', 1352, 378, '17200.00'),
(2664, 28455, '2017-05-04', 1352, 38, '1300.00'),
(2665, 28456, '2017-05-09', 1186, 38, '1750.00'),
(2666, 28457, '2017-05-09', 543, 413, '4200.00'),
(2667, 28496, '2017-05-10', 826, 41, '730.00'),
(2668, 28508, '2017-05-10', 1352, 414, '25300.00'),
(2669, 28509, '2017-05-10', 1187, 415, '2200.00'),
(2670, 28527, '2017-05-11', 1435, 99, '1500.00'),
(2671, 28527, '2017-05-11', 1435, 62, '300.00'),
(2672, 28527, '2017-05-11', 1435, 118, '650.00'),
(2673, 28527, '2017-05-11', 1435, 172, '550.00'),
(2674, 28530, '2017-05-11', 539, 173, '2300.00'),
(2675, 28609, '2017-05-13', 1197, 406, '900.00'),
(2676, 28609, '2017-05-13', 1197, 39, '480.00'),
(2677, 28609, '2017-05-13', 1197, 25, '480.00'),
(2678, 28610, '2017-05-13', 1435, 416, '360.00'),
(2679, 28611, '2017-05-13', 520, 67, '350.00'),
(2680, 28625, '2017-05-13', 1475, 25, '500.00'),
(2681, 28626, '2017-05-13', 391, 25, '220.00'),
(2682, 28627, '2017-05-13', 142, 25, '200.00'),
(2683, 28628, '2017-05-13', 233, 25, '400.00'),
(2684, 28629, '2017-05-13', 543, 417, '2150.00'),
(2685, 28630, '2017-05-13', 1479, 378, '10700.00'),
(2686, 28632, '2017-05-13', 1310, 26, '360.00'),
(2687, 28633, '2017-05-14', 544, 278, '400.00'),
(2688, 28633, '2017-05-14', 544, 176, '150.00'),
(2689, 28633, '2017-05-14', 544, 366, '180.00'),
(2690, 28653, '2017-05-14', 1243, 403, '4000.00'),
(2691, 28654, '2017-05-14', 1186, 255, '360.00'),
(2692, 28657, '2017-05-15', 543, 396, '2300.00'),
(2693, 28662, '2017-05-15', 539, 408, '1450.00'),
(2694, 28662, '2017-05-15', 539, 418, '150.00'),
(2695, 28740, '2017-05-16', 1435, 366, '270.00'),
(2696, 28657, '2017-05-15', 543, 402, '6000.00'),
(2698, 28755, '2017-05-17', 539, 173, '1050.00'),
(2699, 28755, '2017-05-17', 539, 36, '650.00'),
(2700, 28764, '2017-05-17', 1389, 57, '150.00'),
(2701, 28766, '2017-05-17', 1226, 306, '650.00'),
(2702, 28785, '2017-05-17', 1243, 378, '400.00'),
(2703, 28786, '2017-05-17', 1477, 379, '1200.00'),
(2704, 28788, '2017-05-16', 540, 419, '1050.00'),
(2705, 28792, '2017-05-16', 1352, 420, '12000.00'),
(2706, 28794, '2017-05-18', 572, 421, '2000.00'),
(2707, 28797, '2017-05-18', 544, 422, '600.00'),
(2708, 28856, '2017-05-20', 544, 25, '480.00'),
(2709, 28860, '2017-05-20', 572, 37, '1000.00'),
(2710, 28860, '2017-05-20', 572, 406, '500.00'),
(2711, 28860, '2017-05-20', 572, 210, '270.00'),
(2712, 28860, '2017-05-20', 572, 424, '1200.00'),
(2713, 28860, '2017-05-20', 572, 425, '800.00'),
(2717, 28867, '2017-05-20', 1389, 278, '160.00'),
(2718, 28924, '2017-05-21', 580, 25, '270.00'),
(2719, 28925, '2017-05-21', 520, 406, '800.00'),
(2720, 28926, '2017-05-21', 1323, 275, '450.00'),
(2721, 28927, '2017-05-21', 539, 426, '300.00'),
(2722, 28957, '2017-05-18', 1320, 56, '1520.00'),
(2723, 28961, '2017-05-19', 1428, 151, '500.00'),
(2724, 28964, '2017-05-19', 1186, 19, '1725.00'),
(2725, 28965, '2017-05-20', 526, 38, '1740.00'),
(2726, 28967, '2017-05-20', 1187, 427, '650.00'),
(2727, 28968, '2017-05-20', 1352, 147, '1350.00'),
(2728, 28986, '2017-05-22', 1389, 428, '3000.00'),
(2729, 28986, '2017-05-22', 1389, 429, '1500.00'),
(2730, 28986, '2017-05-22', 1389, 430, '800.00'),
(2731, 28986, '2017-05-22', 1389, 431, '1000.00'),
(2732, 28987, '2017-05-22', 580, 25, '380.00'),
(2733, 29022, '2017-05-23', 520, 432, '500.00'),
(2734, 29022, '2017-05-23', 520, 433, '250.00'),
(2735, 29023, '2017-05-23', 539, 433, '250.00'),
(2736, 29024, '2017-05-23', 1226, 433, '250.00'),
(2737, 29039, '2017-05-22', 1330, 203, '450.00'),
(2738, 29040, '2017-05-22', 1187, 434, '3600.00'),
(2739, 29041, '2017-05-22', 1320, 435, '1000.00'),
(2740, 29045, '2017-05-23', 1241, 155, '690.00'),
(2741, 29045, '2017-05-23', 1241, 257, '600.00'),
(2742, 29045, '2017-05-23', 1241, 436, '250.00'),
(2744, 29047, '2017-05-23', 543, 437, '600.00'),
(2745, 29049, '2017-05-24', 1226, 433, '250.00'),
(2746, 29050, '2017-05-24', 544, 432, '600.00'),
(2747, 29050, '2017-05-24', 544, 433, '2500.00'),
(2748, 29050, '2017-05-24', 544, 421, '2500.00'),
(2749, 29051, '2017-05-24', 572, 306, '450.00'),
(2750, 29051, '2017-05-24', 572, 433, '250.00'),
(2751, 29052, '2017-05-24', 1435, 433, '250.00'),
(2752, 29139, '2017-05-26', 544, 30, '830.00'),
(2753, 29139, '2017-05-26', 544, 47, '650.00'),
(2754, 29143, '2017-05-27', 580, 47, '960.00'),
(2755, 29143, '2017-05-27', 580, 433, '260.00'),
(2756, 29143, '2017-05-27', 580, 25, '340.00'),
(2757, 29144, '2017-05-27', 539, 424, '1000.00'),
(2758, 29144, '2017-05-27', 539, 25, '340.00'),
(2759, 29144, '2017-05-27', 539, 438, '1200.00'),
(2760, 29144, '2017-05-27', 539, 439, '500.00'),
(2763, 29154, '2017-05-25', 1477, 440, '1200.00'),
(2764, 29154, '2017-05-25', 1477, 441, '1000.00'),
(2765, 29155, '2017-05-25', 1310, 442, '350.00'),
(2766, 29155, '2017-05-25', 1310, 443, '450.00'),
(2767, 29156, '2017-05-25', 1428, 444, '5830.00'),
(2768, 29156, '2017-05-25', 1428, 445, '1000.00'),
(2769, 29170, '2017-05-28', 544, 47, '800.00'),
(2770, 29171, '2017-05-28', 572, 47, '900.00'),
(2771, 29173, '2017-05-24', 1251, 401, '1000.00'),
(2772, 29173, '2017-05-24', 1251, 112, '1000.00'),
(2773, 29173, '2017-05-24', 1251, 41, '300.00'),
(2774, 29216, '2017-05-30', 1323, 297, '650.00'),
(2775, 29216, '2017-05-30', 1323, 299, '380.00'),
(2776, 29216, '2017-05-30', 1323, 446, '450.00'),
(2777, 29216, '2017-05-30', 1323, 447, '1400.00'),
(2778, 29216, '2017-05-30', 1323, 448, '1250.00'),
(2779, 29216, '2017-05-30', 1323, 449, '500.00'),
(2780, 29216, '2017-05-30', 1323, 450, '350.00'),
(2783, 29226, '2017-05-30', 572, 261, '1250.00'),
(2784, 29226, '2017-05-30', 572, 408, '1550.00'),
(2785, 29227, '2017-05-30', 544, 452, '320.00'),
(2786, 29237, '2017-05-28', 1242, 453, '110.00'),
(2787, 29272, '2017-05-31', 1323, 297, '200.00'),
(2788, 29272, '2017-05-31', 1323, 199, '150.00'),
(2789, 29273, '2017-05-31', 539, 37, '1000.00'),
(2790, 29274, '2017-05-31', 520, 25, '160.00'),
(2791, 29278, '2017-06-01', 544, 47, '1200.00'),
(2792, 29290, '2017-05-31', 1428, 184, '1130.00'),
(2793, 29290, '2017-05-31', 1428, 454, '350.00'),
(2795, 29293, '2017-05-31', 1479, 106, '15800.00'),
(2796, 29298, '2017-06-01', 1310, 455, '2000.00'),
(2797, 29298, '2017-06-01', 1310, 456, '200.00'),
(2799, 29360, '2017-06-04', 539, 263, '250.00'),
(2800, 29361, '2017-06-04', 1323, 240, '4600.00'),
(2801, 29361, '2017-06-04', 1323, 428, '5000.00'),
(2802, 29362, '2017-06-04', 1197, 26, '150.00'),
(2803, 29362, '2017-06-04', 1197, 72, '3150.00'),
(2804, 29419, '2017-06-05', 572, 25, '900.00'),
(2805, 29421, '2017-06-05', 539, 406, '400.00'),
(2806, 29447, '2017-06-04', 1186, 15, '4000.00'),
(2807, 29448, '2017-06-06', 520, 406, '2200.00'),
(2808, 29449, '2017-06-06', 1323, 205, '2350.00'),
(2809, 29455, '2017-06-06', 1186, 454, '1000.00'),
(2810, 29455, '2017-06-06', 1186, 458, '500.00'),
(2811, 29455, '2017-06-06', 1186, 459, '750.00'),
(2812, 29455, '2017-06-06', 1186, 460, '700.00'),
(2813, 29455, '2017-06-06', 1186, 461, '1120.00'),
(2814, 29455, '2017-06-06', 1186, 462, '440.00'),
(2815, 29455, '2017-06-06', 1186, 463, '800.00'),
(2816, 29464, '2017-06-07', 572, 217, '1200.00'),
(2817, 29533, '2017-06-08', 520, 345, '1550.00'),
(2818, 29564, '2017-06-10', 520, 454, '1050.00'),
(2819, 29568, '2017-06-10', 1197, 454, '2250.00'),
(2820, 29568, '2017-06-10', 1197, 50, '1020.00'),
(2821, 29568, '2017-06-10', 1197, 458, '480.00'),
(2822, 29568, '2017-06-10', 1197, 72, '1020.00'),
(2823, 29571, '2017-06-11', 544, 42, '1200.00'),
(2824, 29571, '2017-06-11', 544, 25, '120.00'),
(2825, 29573, '2017-06-11', 1323, 25, '210.00'),
(2826, 29574, '2017-06-11', 580, 438, '2500.00'),
(2827, 29574, '2017-06-11', 580, 424, '2880.00'),
(2828, 29575, '2017-06-11', 572, 464, '1200.00'),
(2829, 29587, '2017-06-12', 520, 438, '2500.00'),
(2830, 29587, '2017-06-12', 520, 424, '2880.00'),
(2831, 29588, '2017-06-12', 1197, 25, '180.00'),
(2832, 29609, '2017-06-13', 572, 426, '800.00'),
(2833, 29609, '2017-06-13', 572, 408, '600.00'),
(2834, 29609, '2017-06-13', 572, 120, '600.00'),
(2835, 29610, '2017-06-13', 544, 47, '1650.00'),
(2836, 29610, '2017-06-13', 544, 438, '2500.00'),
(2837, 29610, '2017-06-13', 544, 424, '2880.00'),
(2838, 29611, '2017-06-13', 1323, 19, '600.00'),
(2839, 29649, '2017-06-08', 767, 240, '2500.00'),
(2840, 29650, '2017-06-08', 600, 240, '7000.00'),
(2841, 29659, '2017-06-05', 1216, 240, '2500.00'),
(2842, 29717, '2017-06-14', 1323, 25, '380.00'),
(2843, 29717, '2017-06-14', 1323, 433, '250.00'),
(2844, 29718, '2017-06-14', 1197, 25, '200.00'),
(2845, 29719, '2017-06-14', 520, 433, '250.00'),
(2846, 29720, '2017-06-14', 539, 438, '2500.00'),
(2847, 29720, '2017-06-14', 539, 421, '2880.00'),
(2848, 29720, '2017-06-14', 539, 433, '250.00'),
(2849, 29749, '2017-06-10', 1320, 19, '5500.00'),
(2850, 29757, '2017-06-15', 544, 433, '250.00'),
(2851, 29757, '2017-06-15', 544, 90, '2000.00'),
(2852, 29758, '2017-06-15', 572, 433, '250.00'),
(2853, 29759, '2017-06-15', 1197, 433, '250.00'),
(2854, 29762, '2017-06-16', 520, 451, '300.00'),
(2855, 29776, '2017-06-15', 1529, 90, '18000.00'),
(2856, 29792, '2017-06-11', 1187, 86, '700.00'),
(2857, 29797, '2017-06-17', 572, 25, '480.00'),
(2858, 29839, '2017-06-18', 1226, 465, '200.00'),
(2859, 29841, '2017-06-18', 1197, 299, '1730.00'),
(2860, 29841, '2017-06-18', 1197, 297, '650.00'),
(2861, 29841, '2017-06-18', 1197, 450, '530.00'),
(2862, 29843, '2017-06-18', 539, 47, '900.00'),
(2863, 29871, '2017-06-19', 572, 466, '5500.00'),
(2864, 29872, '2017-06-19', 544, 466, '5500.00'),
(2865, 29873, '2017-06-19', 1226, 401, '1350.00'),
(2866, 29873, '2017-06-19', 1226, 467, '1000.00'),
(2867, 29873, '2017-06-19', 1226, 468, '320.00'),
(2868, 29873, '2017-06-19', 1226, 469, '300.00'),
(2869, 29873, '2017-06-19', 1226, 470, '600.00'),
(2870, 29873, '2017-06-19', 1226, 471, '400.00'),
(2871, 29873, '2017-06-19', 1226, 472, '600.00'),
(2872, 29873, '2017-06-19', 1226, 473, '50.00'),
(2873, 29870, '2017-06-18', 1330, 19, '5500.00'),
(2874, 29884, '2017-06-20', 539, 408, '6000.00'),
(2875, 29885, '2017-06-20', 520, 408, '400.00'),
(2876, 29885, '2017-06-20', 520, 438, '300.00'),
(2877, 29885, '2017-06-20', 520, 474, '300.00'),
(2880, 29939, '2017-06-21', 1323, 25, '260.00'),
(2881, 29939, '2017-06-21', 1323, 466, '6500.00'),
(2882, 29968, '2017-06-21', 1493, 30, '1200.00'),
(2883, 29970, '2017-06-21', 1524, 30, '2010.00'),
(2884, 30006, '2017-06-23', 572, 25, '720.00'),
(2885, 30007, '2017-06-23', 544, 25, '480.00'),
(2886, 30008, '2017-06-24', 520, 235, '650.00'),
(2887, 30008, '2017-06-24', 520, 22, '250.00'),
(2888, 30008, '2017-06-24', 520, 278, '250.00'),
(2889, 30008, '2017-06-24', 520, 185, '550.00'),
(2890, 30008, '2017-06-24', 520, 63, '750.00'),
(2891, 30010, '2017-06-24', 539, 267, '350.00'),
(2892, 30010, '2017-06-24', 539, 417, '150.00'),
(2893, 30010, '2017-06-24', 539, 25, '150.00'),
(2894, 30013, '2017-06-25', 580, 173, '3000.00'),
(2895, 30014, '2017-06-25', 1197, 475, '740.00'),
(2896, 30015, '2017-06-27', 520, 22, '380.00'),
(2897, 30017, '2017-06-28', 1323, 62, '300.00'),
(2898, 30072, '2017-06-29', 520, 437, '480.00'),
(2899, 30072, '2017-06-29', 520, 432, '600.00'),
(2900, 30073, '2017-06-29', 1226, 417, '900.00'),
(2901, 30076, '2017-06-20', 1477, 155, '690.00'),
(2902, 30076, '2017-06-20', 1477, 476, '1800.00'),
(2904, 30124, '2017-06-30', 1323, 454, '500.00'),
(2905, 30124, '2017-06-30', 1323, 458, '460.00'),
(2906, 30131, '2017-07-02', 1435, 477, '160.00'),
(2907, 30132, '2017-07-02', 572, 451, '450.00'),
(2908, 30161, '2017-06-27', 1428, 63, '690.00'),
(2909, 30193, '2017-07-03', 539, 475, '710.00'),
(2910, 30222, '2017-07-04', 572, 402, '800.00'),
(2913, 30223, '2017-07-04', 1389, 405, '2000.00'),
(2914, 30223, '2017-07-04', 1389, 111, '450.00'),
(2915, 30223, '2017-07-04', 1389, 39, '300.00'),
(2916, 30240, '2017-07-03', 1330, 40, '5885.00'),
(2917, 30282, '2017-07-05', 1389, 477, '150.00'),
(2918, 30283, '2017-07-05', 539, 25, '150.00'),
(2919, 30283, '2017-07-05', 539, 433, '250.00'),
(2920, 30284, '2017-07-05', 520, 433, '250.00'),
(2921, 30289, '2017-07-05', 1330, 30, '1300.00'),
(2922, 30321, '2017-07-06', 1323, 433, '250.00'),
(2923, 30322, '2017-07-06', 544, 433, '250.00'),
(2924, 30322, '2017-07-06', 544, 477, '150.00'),
(2925, 30323, '2017-07-06', 1197, 433, '250.00'),
(2926, 30323, '2017-07-06', 1197, 353, '350.00'),
(2927, 30323, '2017-07-06', 1197, 30, '350.00'),
(2928, 30323, '2017-07-06', 1197, 418, '200.00'),
(2929, 30323, '2017-07-06', 1197, 34, '200.00'),
(2930, 30324, '2017-07-06', 1389, 19, '300.00'),
(2931, 30325, '2017-07-06', 572, 433, '250.00'),
(2932, 30329, '2017-07-07', 520, 406, '750.00'),
(2933, 30334, '2017-07-08', 572, 408, '500.00'),
(2934, 30334, '2017-07-08', 572, 178, '300.00'),
(2935, 30334, '2017-07-08', 572, 406, '200.00'),
(2936, 30337, '2017-07-08', 1323, 454, '400.00'),
(2937, 30337, '2017-07-08', 1323, 458, '220.00'),
(2938, 30362, '2017-07-09', 520, 432, '500.00'),
(2939, 30362, '2017-07-09', 520, 5, '200.00'),
(2940, 30498, '2017-07-10', 1415, 93, '12160.00'),
(2941, 30498, '2017-07-10', 1415, 210, '1050.00'),
(2942, 30498, '2017-07-10', 1415, 99, '3035.00'),
(2943, 30498, '2017-07-10', 1415, 136, '550.00'),
(2944, 30502, '2017-07-10', 572, 48, '400.00'),
(2945, 30501, '2017-07-10', 1323, 478, '650.00'),
(2946, 30501, '2017-07-10', 1323, 479, '1250.00'),
(2947, 30501, '2017-07-10', 1323, 480, '900.00'),
(2948, 30501, '2017-07-10', 1323, 481, '600.00'),
(2949, 30501, '2017-07-10', 1323, 485, '460.00'),
(2950, 30501, '2017-07-10', 1323, 484, '420.00'),
(2951, 30501, '2017-07-10', 1323, 486, '350.00'),
(2952, 30583, '2017-07-11', 580, 475, '440.00'),
(2953, 30583, '2017-07-11', 580, 155, '750.00'),
(2954, 30583, '2017-07-11', 580, 74, '250.00'),
(2955, 30583, '2017-07-11', 580, 366, '220.00'),
(2956, 30584, '2017-07-11', 1389, 475, '150.00'),
(2957, 30601, '2017-07-08', 1242, 184, '200.00'),
(2958, 30612, '2017-07-12', 1197, 353, '500.00'),
(2959, 30612, '2017-07-12', 1197, 458, '1350.00'),
(2960, 30613, '2017-07-12', 544, 93, '300.00'),
(2961, 30613, '2017-07-12', 544, 408, '200.00'),
(2962, 30614, '2017-07-12', 572, 37, '400.00'),
(2963, 30614, '2017-07-12', 572, 406, '200.00'),
(2964, 30615, '2017-07-12', 1323, 475, '380.00'),
(2965, 30648, '2017-07-13', 539, 37, '600.00'),
(2966, 30648, '2017-07-13', 539, 122, '400.00'),
(2967, 30648, '2017-07-13', 539, 210, '300.00'),
(2968, 30648, '2017-07-13', 539, 215, '500.00'),
(2969, 30665, '2017-07-13', 580, 423, '800.00'),
(2970, 30665, '2017-07-13', 580, 475, '380.00'),
(2971, 30666, '2017-07-13', 1226, 475, '200.00'),
(2972, 30667, '2017-07-13', 520, 429, '600.00'),
(2973, 30667, '2017-07-13', 520, 408, '600.00'),
(2975, 30668, '2017-07-14', 572, 461, '900.00'),
(2976, 30671, '2017-07-14', 1389, 475, '440.00'),
(2977, 30675, '2017-07-15', 1197, 213, '650.00'),
(2978, 30675, '2017-07-15', 1197, 365, '220.00'),
(2979, 30677, '2017-07-15', 520, 270, '300.00'),
(2980, 30677, '2017-07-15', 520, 464, '200.00'),
(2981, 30678, '2017-07-15', 580, 25, '300.00'),
(2982, 30728, '2017-07-16', 572, 406, '600.00'),
(2983, 30728, '2017-07-16', 572, 49, '600.00'),
(2984, 30728, '2017-07-16', 572, 422, '600.00'),
(2985, 30729, '2017-07-16', 1323, 406, '600.00'),
(2986, 30731, '2017-07-16', 1389, 406, '800.00'),
(2987, 30732, '2017-07-16', 1197, 487, '800.00'),
(2988, 30741, '2017-07-17', 539, 99, '1500.00'),
(2989, 30741, '2017-07-17', 539, 62, '300.00'),
(2990, 30741, '2017-07-17', 539, 63, '750.00'),
(2991, 30741, '2017-07-17', 539, 296, '750.00'),
(2992, 30741, '2017-07-17', 539, 388, '400.00'),
(2993, 30741, '2017-07-17', 539, 25, '240.00'),
(2994, 30765, '2017-07-18', 1323, 475, '200.00'),
(2995, 30766, '2017-07-18', 572, 475, '220.00'),
(2996, 30767, '2017-07-18', 580, 475, '180.00'),
(2997, 30770, '2017-07-18', 544, 345, '450.00'),
(2998, 30774, '2017-07-18', 1197, 118, '650.00'),
(2999, 30774, '2017-07-18', 1197, 467, '1050.00'),
(3000, 30774, '2017-07-18', 1197, 22, '850.00'),
(3001, 30789, '2017-07-12', 287, 41, '60.00'),
(3002, 30791, '2017-07-13', 540, 488, '2300.00'),
(3003, 30807, '2017-07-19', 1389, 25, '250.00'),
(3004, 30822, '2017-07-21', 580, 475, '400.00'),
(3005, 30823, '2017-07-21', 520, 489, '120.00'),
(3006, 30824, '2017-07-20', 544, 388, '200.00'),
(3007, 30826, '2017-07-20', 572, 408, '400.00'),
(3008, 30827, '2017-07-20', 1197, 267, '220.00'),
(3009, 30838, '2017-07-22', 544, 47, '1000.00'),
(3010, 30838, '2017-07-22', 544, 388, '300.00'),
(3011, 30839, '2017-07-22', 1389, 26, '150.00'),
(3012, 30839, '2017-07-22', 1389, 112, '650.00'),
(3013, 30839, '2017-07-22', 1389, 469, '2380.00'),
(3014, 30839, '2017-07-22', 1389, 184, '940.00'),
(3015, 30839, '2017-07-22', 1389, 470, '420.00'),
(3016, 30840, '2017-07-22', 572, 25, '200.00'),
(3017, 30842, '2017-07-22', 600, 275, '600.00'),
(3018, 30842, '2017-07-22', 600, 212, '1600.00'),
(3019, 30868, '2017-07-23', 539, 120, '200.00'),
(3020, 30868, '2017-07-23', 539, 408, '200.00'),
(3021, 30868, '2017-07-23', 539, 49, '450.00'),
(3022, 30870, '2017-07-23', 520, 438, '100.00'),
(3023, 30870, '2017-07-23', 520, 490, '150.00'),
(3025, 30905, '2017-07-24', 572, 464, '50.00'),
(3026, 30905, '2017-07-24', 572, 490, '150.00'),
(3027, 30905, '2017-07-24', 572, 408, '300.00'),
(3028, 30956, '2017-07-25', 520, 464, '520.00'),
(3029, 30964, '2017-07-25', 539, 491, '350.00'),
(3030, 31042, '2017-07-26', 544, 380, '900.00'),
(3031, 31048, '2017-07-26', 1435, 173, '3800.00'),
(3032, 31049, '2017-07-26', 1389, 267, '450.00'),
(3033, 31133, '2017-07-27', 539, 423, '400.00'),
(3034, 31133, '2017-07-27', 539, 408, '200.00'),
(3035, 31133, '2017-07-27', 539, 451, '1100.00'),
(3036, 31144, '2017-07-28', 1226, 475, '400.00'),
(3037, 31145, '2017-07-28', 1389, 475, '340.00'),
(3038, 31149, '2017-07-28', 544, 475, '240.00'),
(3039, 31173, '2017-07-29', 539, 475, '250.00'),
(3040, 31173, '2017-07-29', 539, 432, '500.00'),
(3041, 31174, '2017-07-29', 520, 345, '2000.00'),
(3042, 31174, '2017-07-29', 520, 202, '1200.00'),
(3043, 31174, '2017-07-29', 520, 409, '400.00'),
(3044, 31174, '2017-07-29', 520, 388, '450.00'),
(3045, 31177, '2017-07-29', 580, 475, '300.00'),
(3046, 31178, '2017-07-29', 1389, 493, '150.00'),
(3047, 31198, '2017-07-30', 572, 185, '750.00'),
(3048, 31198, '2017-07-30', 572, 436, '220.00'),
(3049, 31198, '2017-07-30', 572, 249, '250.00'),
(3050, 31198, '2017-07-30', 572, 475, '200.00'),
(3051, 31199, '2017-07-30', 544, 47, '2500.00'),
(3052, 31199, '2017-07-30', 544, 65, '1200.00'),
(3053, 31201, '2017-07-30', 1310, 56, '500.00'),
(3054, 31207, '2017-07-31', 1435, 475, '400.00'),
(3055, 31209, '2017-07-31', 1197, 120, '12500.00'),
(3056, 31230, '2017-07-31', 1186, 111, '1000.00'),
(3057, 31230, '2017-07-31', 1186, 494, '700.00'),
(3058, 31230, '2017-07-31', 1186, 459, '220.00'),
(3059, 31230, '2017-07-31', 1186, 495, '100.00'),
(3060, 31230, '2017-07-31', 1186, 496, '160.00'),
(3062, 31242, '2017-08-01', 572, 25, '360.00'),
(3063, 31242, '2017-08-01', 572, 19, '420.00'),
(3064, 31267, '2017-07-31', 550, 25, '1800.00'),
(3065, 31301, '2017-08-03', 572, 402, '1250.00'),
(3066, 31301, '2017-08-03', 572, 279, '6000.00'),
(3067, 31301, '2017-08-03', 572, 388, '3200.00'),
(3068, 31306, '2017-08-04', 520, 25, '360.00'),
(3069, 31307, '2017-08-05', 544, 304, '400.00'),
(3070, 31308, '2017-08-05', 572, 25, '240.00'),
(3071, 31342, '2017-08-06', 539, 93, '5500.00'),
(3072, 31342, '2017-08-06', 539, 342, '250.00'),
(3073, 31342, '2017-08-06', 539, 475, '120.00'),
(3074, 31343, '2017-08-06', 1435, 438, '550.00'),
(3075, 31396, '2017-08-07', 520, 47, '6000.00'),
(3076, 31396, '2017-08-07', 520, 261, '5120.00'),
(3077, 31399, '2017-08-07', 544, 63, '750.00'),
(3078, 31399, '2017-08-07', 544, 249, '350.00'),
(3079, 31399, '2017-08-07', 544, 436, '240.00'),
(3080, 31424, '2017-08-08', 1232, 275, '850.00'),
(3081, 31476, '2017-08-08', 1197, 377, '18000.00'),
(3082, 31479, '2017-08-08', 580, 475, '480.00'),
(3083, 31480, '2017-08-08', 520, 65, '200.00'),
(3084, 31480, '2017-08-08', 520, 51, '3400.00'),
(3085, 31480, '2017-08-08', 520, 432, '850.00'),
(3086, 31483, '2017-08-08', 1435, 30, '1000.00'),
(3087, 31483, '2017-08-08', 1435, 458, '600.00'),
(3088, 31483, '2017-08-08', 1435, 50, '500.00'),
(3089, 31503, '2017-08-09', 544, 423, '500.00'),
(3090, 31504, '2017-08-09', 1389, 463, '5000.00'),
(3091, 31504, '2017-08-09', 1389, 442, '850.00'),
(3092, 31504, '2017-08-09', 1389, 443, '750.00'),
(3093, 31505, '2017-08-09', 1226, 428, '1200.00'),
(3094, 31506, '2017-08-09', 580, 490, '200.00'),
(3095, 31506, '2017-08-09', 580, 408, '600.00'),
(3096, 31507, '2017-08-09', 572, 406, '5500.00'),
(3097, 31507, '2017-08-09', 572, 50, '1500.00'),
(3098, 31528, '2017-08-10', 519, 180, '1120.00'),
(3099, 31528, '2017-08-10', 519, 444, '1500.00'),
(3100, 31529, '2017-08-10', 563, 292, '500.00'),
(3101, 31529, '2017-08-10', 563, 25, '800.00'),
(3102, 31613, '2017-08-10', 539, 475, '600.00'),
(3103, 31613, '2017-08-10', 539, 422, '3500.00'),
(3104, 31615, '2017-08-10', 520, 248, '810.00'),
(3105, 31620, '2017-08-11', 580, 475, '260.00'),
(3106, 31626, '2017-08-13', 563, 99, '1980.00'),
(3107, 31629, '2017-08-14', 1223, 296, '850.00'),
(3108, 31644, '2017-08-12', 540, 19, '400.00'),
(3109, 31655, '2017-08-08', 1310, 15, '3780.00'),
(3110, 31667, '2017-08-07', 543, 437, '700.00'),
(3111, 31695, '2017-08-16', 519, 475, '1050.00'),
(3112, 31695, '2017-08-16', 519, 461, '1780.00'),
(3113, 31695, '2017-08-16', 519, 47, '8000.00'),
(3114, 31696, '2017-08-16', 563, 278, '5770.00'),
(3115, 31807, '2017-08-13', 544, 458, '450.00'),
(3116, 31809, '2017-08-13', 1323, 80, '1500.00'),
(3117, 31809, '2017-08-13', 1323, 62, '300.00'),
(3118, 31810, '2017-08-14', 539, 43, '650.00'),
(3119, 31811, '2017-08-15', 544, 458, '900.00'),
(3120, 31811, '2017-08-15', 544, 30, '900.00'),
(3121, 31814, '2017-08-16', 1197, 475, '380.00'),
(3122, 31815, '2017-08-16', 1389, 475, '250.00'),
(3123, 31817, '2017-08-14', 1524, 25, '400.00'),
(3124, 31818, '2017-08-14', 1529, 25, '600.00'),
(3125, 31820, '2017-08-14', 1494, 30, '500.00'),
(3126, 31822, '2017-08-15', 1234, 30, '1060.00'),
(3127, 31831, '2017-08-18', 1415, 459, '700.00'),
(3128, 31832, '2017-08-18', 1216, 455, '1000.00'),
(3129, 31833, '2017-08-18', 1233, 381, '750.00'),
(3130, 31871, '2017-08-18', 572, 475, '250.00'),
(3131, 31872, '2017-08-18', 580, 475, '250.00'),
(3132, 31873, '2017-08-18', 1389, 475, '120.00'),
(3133, 31874, '2017-08-18', 539, 475, '440.00'),
(3134, 31875, '2017-08-17', 544, 402, '800.00'),
(3135, 31875, '2017-08-17', 544, 453, '160.00'),
(3136, 31908, '2017-08-20', 539, 475, '270.00'),
(3137, 31910, '2017-08-20', 572, 475, '560.00'),
(3138, 31938, '2017-08-22', 572, 402, '1200.00'),
(3139, 31938, '2017-08-22', 572, 37, '150.00'),
(3140, 31938, '2017-08-22', 572, 497, '150.00'),
(3141, 31938, '2017-08-22', 572, 498, '16000.00'),
(3144, 31939, '2017-08-22', 539, 481, '350.00'),
(3145, 31939, '2017-08-22', 539, 111, '850.00'),
(3146, 31939, '2017-08-22', 539, 50, '400.00'),
(3147, 31939, '2017-08-22', 539, 426, '500.00'),
(3148, 31940, '2017-08-22', 1389, 406, '500.00'),
(3149, 31941, '2017-08-22', 1226, 406, '500.00'),
(3150, 31941, '2017-08-22', 1226, 475, '220.00'),
(3151, 31942, '2017-08-22', 1435, 406, '500.00'),
(3152, 31978, '2017-08-22', 1516, 30, '700.00'),
(3153, 31979, '2017-08-22', 1529, 445, '2500.00'),
(3154, 32011, '2017-08-23', 580, 433, '250.00'),
(3155, 32011, '2017-08-23', 580, 37, '400.00'),
(3156, 32011, '2017-08-23', 580, 406, '700.00'),
(3157, 32012, '2017-08-23', 520, 152, '150.00'),
(3158, 32012, '2017-08-23', 520, 26, '120.00'),
(3159, 32012, '2017-08-23', 520, 432, '800.00'),
(3160, 32013, '2017-08-23', 1197, 433, '250.00'),
(3161, 32022, '2017-08-22', 1494, 147, '1600.00'),
(3162, 32023, '2017-08-24', 539, 437, '300.00'),
(3163, 32023, '2017-08-24', 539, 37, '1000.00'),
(3164, 32024, '2017-08-24', 572, 19, '400.00'),
(3165, 32029, '2017-08-26', 1197, 475, '400.00'),
(3166, 32098, '2017-08-27', 580, 37, '1200.00'),
(3167, 32170, '2017-08-28', 572, 406, '1000.00'),
(3168, 32171, '2017-08-28', 539, 499, '3500.00'),
(3169, 32171, '2017-08-28', 539, 500, '2500.00'),
(3170, 32171, '2017-08-28', 539, 501, '500.00'),
(3171, 32171, '2017-08-28', 539, 502, '400.00'),
(3172, 32171, '2017-08-28', 539, 503, '500.00'),
(3173, 32171, '2017-08-28', 539, 47, '2000.00'),
(3174, 32237, '2017-08-29', 580, 25, '600.00'),
(3175, 32237, '2017-08-29', 580, 499, '3500.00'),
(3176, 32237, '2017-08-29', 580, 500, '2500.00'),
(3177, 32237, '2017-08-29', 580, 402, '500.00'),
(3178, 32244, '2017-08-29', 1197, 475, '300.00'),
(3179, 32287, '2017-08-30', 539, 121, '700.00'),
(3180, 32290, '2017-08-30', 1197, 454, '450.00'),
(3181, 32290, '2017-08-30', 1197, 43, '350.00'),
(3182, 32290, '2017-08-30', 1197, 387, '350.00'),
(3183, 32290, '2017-08-30', 1197, 328, '150.00'),
(3184, 32323, '2017-08-31', 580, 180, '1200.00'),
(3185, 32325, '2017-08-31', 1323, 113, '250.00'),
(3186, 32325, '2017-08-31', 1323, 497, '200.00'),
(3187, 32326, '2017-08-31', 544, 127, '400.00'),
(3188, 32326, '2017-08-31', 544, 406, '900.00'),
(3189, 32326, '2017-08-31', 544, 90, '600.00'),
(3190, 32327, '2017-08-31', 520, 49, '1200.00'),
(3192, 32327, '2017-08-31', 520, 279, '1800.00'),
(3193, 32330, '2017-09-01', 539, 50, '1000.00'),
(3194, 32330, '2017-09-01', 539, 408, '500.00'),
(3195, 32331, '2017-09-01', 1197, 475, '600.00'),
(3196, 32332, '2017-09-01', 1389, 26, '300.00'),
(3197, 32328, '2017-09-01', 1435, 475, '400.00'),
(3198, 32335, '2017-09-04', 572, 49, '700.00'),
(3199, 32335, '2017-09-04', 572, 37, '1500.00'),
(3200, 32337, '2017-09-04', 1197, 475, '440.00'),
(3201, 32356, '2017-09-06', 572, 432, '1350.00'),
(3202, 32356, '2017-09-06', 572, 47, '1400.00'),
(3203, 32357, '2017-09-06', 1435, 63, '750.00'),
(3204, 32357, '2017-09-06', 1435, 448, '600.00'),
(3205, 32357, '2017-09-06', 1435, 452, '220.00'),
(3206, 32357, '2017-09-06', 1435, 477, '120.00'),
(3207, 32358, '2017-09-06', 539, 302, '600.00'),
(3208, 32358, '2017-09-06', 539, 119, '220.00'),
(3209, 32358, '2017-09-06', 539, 19, '900.00'),
(3210, 32359, '2017-09-06', 1389, 475, '220.00'),
(3211, 32360, '2017-09-06', 1197, 477, '150.00'),
(3212, 32363, '2017-09-05', 520, 49, '700.00'),
(3213, 32412, '2017-09-08', 772, 30, '2500.00'),
(3214, 32444, '2017-09-07', 520, 475, '300.00'),
(3215, 32452, '2017-09-09', 520, 432, '1200.00'),
(3216, 32452, '2017-09-09', 520, 346, '1000.00'),
(3217, 32453, '2017-09-09', 580, 25, '400.00'),
(3218, 32454, '2017-09-09', 544, 432, '1100.00'),
(3219, 32519, '2017-09-11', 520, 47, '1200.00'),
(3220, 32519, '2017-09-11', 520, 39, '1200.00'),
(3221, 32519, '2017-09-11', 520, 49, '2000.00'),
(3222, 32527, '2017-09-11', 544, 72, '1000.00'),
(3223, 32550, '2017-09-12', 1197, 26, '120.00'),
(3224, 32550, '2017-09-12', 1197, 306, '200.00'),
(3225, 32551, '2017-09-12', 539, 432, '1200.00'),
(3226, 32573, '2017-09-13', 544, 63, '1570.00'),
(3227, 32574, '2017-09-13', 520, 458, '2400.00'),
(3228, 32574, '2017-09-13', 520, 39, '1200.00'),
(3229, 32574, '2017-09-13', 520, 475, '260.00'),
(3230, 32612, '2017-09-14', 572, 475, '460.00'),
(3231, 32612, '2017-09-14', 572, 279, '400.00'),
(3232, 32616, '2017-09-14', 539, 475, '270.00'),
(3233, 32674, '2017-09-17', 520, 433, '250.00'),
(3234, 32675, '2017-09-17', 580, 248, '800.00'),
(3235, 32675, '2017-09-17', 580, 47, '600.00'),
(3236, 32675, '2017-09-17', 580, 433, '250.00'),
(3244, 32697, '2017-09-18', 572, 433, '250.00'),
(3238, 32676, '2017-09-17', 1226, 433, '250.00'),
(3239, 32677, '2017-09-17', 1323, 433, '250.00'),
(3240, 32678, '2017-09-17', 1389, 433, '250.00'),
(3241, 32679, '2017-09-17', 1435, 433, '250.00'),
(3242, 32680, '2017-09-17', 544, 37, '800.00'),
(3243, 32680, '2017-09-17', 544, 433, '250.00'),
(3245, 32697, '2017-09-18', 572, 461, '900.00'),
(3246, 32697, '2017-09-18', 572, 19, '800.00'),
(3247, 32701, '2017-09-18', 539, 433, '250.00'),
(3248, 32701, '2017-09-18', 539, 475, '400.00'),
(3249, 32701, '2017-09-18', 539, 47, '900.00'),
(3250, 32701, '2017-09-18', 539, 432, '1200.00'),
(3251, 32748, '2017-09-19', 520, 346, '700.00'),
(3252, 32765, '2017-09-20', 1323, 72, '800.00'),
(3253, 32766, '2017-09-20', 539, 475, '320.00'),
(3254, 32766, '2017-09-20', 539, 432, '700.00'),
(3255, 32767, '2017-09-20', 1389, 453, '120.00'),
(3256, 32767, '2017-09-20', 1389, 113, '150.00'),
(3257, 32783, '2017-09-22', 572, 37, '600.00'),
(3258, 32784, '2017-09-22', 1226, 13, '350.00'),
(3259, 32790, '2017-09-21', 544, 503, '1500.00'),
(3260, 32811, '2017-09-23', 1389, 63, '750.00'),
(3261, 32811, '2017-09-23', 1389, 13, '350.00'),
(3262, 32811, '2017-09-23', 1389, 504, '300.00'),
(3263, 32812, '2017-09-23', 1197, 120, '2500.00'),
(3264, 32839, '2017-09-19', 1320, 106, '21640.00'),
(3265, 32838, '2017-09-19', 1310, 505, '1075.00'),
(3266, 32837, '2017-09-20', 1320, 38, '1725.00'),
(3267, 32841, '2017-09-21', 1320, 185, '990.00'),
(3268, 32843, '2017-09-22', 1352, 38, '1725.00'),
(3269, 32852, '2017-09-24', 1435, 19, '300.00'),
(3270, 32853, '2017-09-24', 539, 19, '150.00'),
(3271, 32853, '2017-09-24', 539, 506, '700.00'),
(3272, 32854, '2017-09-24', 572, 507, '500.00'),
(3273, 32871, '2017-09-25', 520, 39, '800.00'),
(3274, 32872, '2017-09-25', 544, 426, '600.00'),
(3275, 32873, '2017-09-25', 580, 408, '800.00'),
(3276, 32886, '2017-09-26', 572, 406, '1300.00'),
(3277, 32887, '2017-09-26', 1226, 13, '1200.00'),
(3278, 32937, '2017-09-28', 1226, 304, '200.00'),
(3279, 32938, '2017-09-28', 1197, 267, '400.00'),
(3280, 32938, '2017-09-28', 1197, 72, '200.00'),
(3281, 32939, '2017-09-28', 572, 312, '120.00'),
(3282, 32939, '2017-09-28', 572, 388, '250.00'),
(3283, 32947, '2017-09-30', 539, 432, '1200.00'),
(3284, 32950, '2017-09-30', 572, 432, '1000.00'),
(3285, 32951, '2017-10-01', 544, 34, '220.00'),
(3286, 32953, '2017-10-01', 520, 301, '120.00'),
(3287, 32966, '2017-09-25', 540, 37, '6360.00'),
(3288, 32967, '2017-09-25', 1428, 15, '3800.00'),
(3289, 32978, '2017-10-02', 572, 475, '100.00'),
(3290, 32980, '2017-10-02', 539, 475, '380.00'),
(3291, 32982, '2017-10-02', 1435, 453, '150.00'),
(3292, 32982, '2017-10-02', 1435, 304, '200.00'),
(3293, 32995, '2017-10-03', 522, 25, '720.00'),
(3294, 33014, '2017-10-04', 1435, 13, '2500.00'),
(3295, 33016, '2017-10-04', 572, 475, '480.00'),
(3296, 33029, '2017-10-02', 1352, 30, '1120.00'),
(3297, 33030, '2017-10-02', 1477, 30, '1500.00'),
(3298, 33030, '2017-10-02', 1477, 458, '600.00'),
(3299, 33030, '2017-10-02', 1477, 495, '800.00'),
(3300, 33030, '2017-10-02', 1477, 494, '180.00'),
(3301, 33030, '2017-10-02', 1477, 66, '160.00'),
(3302, 33030, '2017-10-02', 1477, 460, '360.00'),
(3303, 33030, '2017-10-02', 1477, 508, '300.00'),
(3304, 33034, '2017-10-03', 1186, 19, '1650.00'),
(3305, 33096, '2017-10-05', 522, 433, '250.00'),
(3306, 33097, '2017-10-05', 1197, 267, '380.00'),
(3307, 33097, '2017-10-05', 1197, 26, '180.00'),
(3308, 33097, '2017-10-05', 1197, 163, '660.00'),
(3309, 33097, '2017-10-05', 1197, 145, '600.00'),
(3310, 33099, '2017-10-05', 520, 433, '250.00'),
(3311, 33100, '2017-10-05', 1479, 30, '500.00'),
(3312, 33100, '2017-10-05', 1479, 458, '600.00'),
(3313, 33100, '2017-10-05', 1479, 495, '150.00'),
(3314, 33102, '2017-10-06', 572, 426, '800.00'),
(3315, 33103, '2017-10-06', 1352, 30, '400.00'),
(3316, 33103, '2017-10-06', 1352, 495, '200.00'),
(3317, 33108, '2017-10-07', 1479, 63, '990.00'),
(3318, 33117, '2017-10-07', 522, 346, '1000.00'),
(3319, 33117, '2017-10-07', 522, 415, '2100.00'),
(3320, 33117, '2017-10-07', 522, 388, '1440.00'),
(3321, 33122, '2017-10-08', 572, 475, '200.00'),
(3322, 33122, '2017-10-08', 572, 506, '1200.00'),
(3323, 33124, '2017-10-08', 1389, 475, '150.00'),
(3324, 33159, '2017-10-09', 520, 432, '800.00'),
(3325, 33252, '2017-10-11', 520, 406, '800.00'),
(3326, 33253, '2017-10-11', 522, 275, '350.00'),
(3327, 33254, '2017-10-11', 1242, 106, '2930.00'),
(3328, 33301, '2017-10-14', 211, 41, '1600.00'),
(3329, 33386, '2017-10-12', 1197, 223, '350.00'),
(3330, 33393, '2017-10-12', 580, 475, '480.00'),
(3331, 33399, '2017-10-12', 1226, 297, '1000.00'),
(3332, 33399, '2017-10-12', 1226, 481, '1050.00'),
(3333, 33399, '2017-10-12', 1226, 18, '1450.00'),
(3334, 33399, '2017-10-12', 1226, 484, '440.00'),
(3335, 33399, '2017-10-12', 1226, 205, '800.00'),
(3336, 33400, '2017-10-12', 539, 26, '200.00'),
(3337, 33400, '2017-10-12', 539, 506, '1200.00'),
(3338, 33401, '2017-10-13', 544, 506, '1100.00'),
(3339, 33403, '2017-10-13', 1435, 26, '600.00'),
(3340, 33404, '2017-10-13', 1323, 90, '3000.00'),
(3341, 33406, '2017-10-14', 572, 432, '1200.00'),
(3342, 33407, '2017-10-14', 522, 475, '500.00'),
(3343, 33408, '2017-10-14', 539, 49, '600.00'),
(3344, 33408, '2017-10-14', 539, 432, '800.00'),
(3345, 33409, '2017-10-14', 1197, 267, '300.00'),
(3346, 33434, '2017-10-15', 1187, 30, '1100.00'),
(3347, 33434, '2017-10-15', 1187, 458, '670.00'),
(3348, 33450, '2017-10-15', 540, 437, '1200.00'),
(3349, 33450, '2017-10-15', 540, 426, '2000.00'),
(3350, 33455, '2017-10-15', 1475, 63, '900.00'),
(3351, 33455, '2017-10-15', 1475, 509, '500.00'),
(3352, 33455, '2017-10-15', 1475, 510, '250.00'),
(3353, 33455, '2017-10-15', 1475, 511, '240.00'),
(3354, 33456, '2017-10-15', 1197, 475, '600.00'),
(3355, 33457, '2017-10-15', 544, 47, '1200.00'),
(3356, 33458, '2017-10-15', 520, 267, '40.00'),
(3357, 33458, '2017-10-15', 520, 246, '250.00'),
(3358, 33459, '2017-10-15', 522, 513, '1650.00'),
(3359, 33459, '2017-10-15', 522, 47, '1250.00'),
(3360, 33459, '2017-10-15', 522, 512, '4040.00'),
(3361, 33459, '2017-10-15', 522, 514, '600.00'),
(3362, 33460, '2017-10-15', 1226, 515, '750.00'),
(3363, 33460, '2017-10-15', 1226, 516, '250.00'),
(3364, 33460, '2017-10-15', 1226, 517, '350.00'),
(3365, 33460, '2017-10-15', 1226, 518, '150.00'),
(3366, 33460, '2017-10-15', 1226, 519, '120.00'),
(3367, 33462, '2017-10-15', 211, 41, '100.00'),
(3368, 33463, '2017-10-15', 261, 41, '1000.00'),
(3369, 33511, '2017-10-16', 572, 47, '2350.00'),
(3370, 33511, '2017-10-16', 572, 432, '2000.00'),
(3371, 33523, '2017-10-16', 580, 503, '600.00'),
(3372, 33524, '2017-10-16', 539, 432, '600.00'),
(3373, 33527, '2017-10-16', 522, 406, '6000.00'),
(3374, 33566, '2017-10-17', 1477, 122, '6500.00'),
(3375, 33566, '2017-10-17', 1477, 118, '2000.00'),
(3376, 33571, '2017-10-17', 520, 432, '800.00'),
(3377, 33587, '2017-10-15', 1231, 25, '240.00'),
(3378, 33588, '2017-10-15', 1232, 113, '1500.00'),
(3379, 33589, '2017-10-15', 1501, 99, '1200.00'),
(3380, 33596, '2017-10-14', 1232, 56, '600.00'),
(3381, 33596, '2017-10-14', 1232, 222, '1380.00'),
(3382, 33610, '2017-10-13', 1219, 357, '3000.00'),
(3383, 33625, '2017-10-10', 551, 49, '3500.00'),
(3384, 33625, '2017-10-10', 551, 432, '4000.00'),
(3385, 33631, '2017-10-09', 554, 112, '1000.00'),
(3386, 33641, '2017-10-18', 1197, 267, '450.00'),
(3387, 33642, '2017-10-18', 572, 499, '3500.00'),
(3388, 33642, '2017-10-18', 572, 47, '3450.00'),
(3389, 33642, '2017-10-18', 572, 475, '400.00'),
(3390, 33690, '2017-10-19', 1247, 520, '375.00'),
(3391, 33690, '2017-10-19', 1247, 521, '860.00'),
(3393, 33691, '2017-10-19', 1187, 522, '1200.00'),
(3394, 33691, '2017-10-19', 1187, 523, '800.00'),
(3395, 33692, '2017-10-19', 1186, 19, '400.00'),
(3396, 33693, '2017-10-20', 1352, 154, '3700.00'),
(3397, 33694, '2017-10-20', 1477, 451, '1200.00'),
(3398, 33696, '2017-10-20', 1479, 382, '3000.00'),
(3399, 33697, '2017-10-20', 1243, 525, '1913.00'),
(3400, 33705, '2017-10-19', 170, 25, '150.00'),
(3401, 33706, '2017-10-19', 287, 25, '150.00'),
(3402, 33707, '2017-10-19', 261, 25, '150.00'),
(3403, 33708, '2017-10-19', 89, 25, '150.00'),
(3404, 33729, '2017-10-18', 766, 30, '2200.00'),
(3405, 33725, '2017-10-18', 1223, 113, '1500.00'),
(3406, 33736, '2017-10-18', 550, 390, '1950.00'),
(3407, 33744, '2017-10-19', 520, 346, '600.00'),
(3408, 33745, '2017-10-19', 1389, 172, '360.00'),
(3409, 33745, '2017-10-19', 1389, 468, '320.00'),
(3410, 33745, '2017-10-19', 1389, 83, '1050.00'),
(3411, 33746, '2017-10-19', 544, 344, '200.00'),
(3412, 33746, '2017-10-19', 544, 432, '500.00'),
(3413, 33748, '2017-10-20', 1323, 208, '240.00'),
(3414, 33748, '2017-10-20', 1323, 475, '400.00'),
(3415, 33751, '2017-10-20', 1226, 475, '340.00');
INSERT INTO `work_cost` (`work_cost_id`, `repair_id`, `repair_date`, `product_id`, `works_id`, `work_cost`) VALUES
(3416, 33777, '2017-10-22', 1197, 26, '150.00'),
(3417, 33778, '2017-10-22', 539, 432, '300.00'),
(3418, 33778, '2017-10-22', 539, 406, '120.00'),
(3419, 33779, '2017-10-22', 572, 432, '11000.00'),
(3420, 33779, '2017-10-22', 572, 198, '450.00'),
(3421, 33780, '2017-10-22', 1323, 267, '570.00'),
(3422, 33781, '2017-10-22', 580, 93, '3800.00'),
(3423, 33782, '2017-10-22', 1389, 43, '550.00'),
(3424, 33793, '2017-10-22', 1243, 15, '3400.00'),
(3425, 33797, '2017-10-23', 170, 475, '150.00'),
(3426, 33843, '2017-10-24', 580, 5, '150.00'),
(3427, 33845, '2017-10-24', 1389, 418, '150.00'),
(3428, 33845, '2017-10-24', 1389, 438, '120.00'),
(3429, 33846, '2017-10-24', 572, 475, '430.00'),
(3430, 33846, '2017-10-24', 572, 432, '1000.00'),
(3431, 33849, '2017-10-24', 539, 43, '1500.00'),
(3432, 33849, '2017-10-24', 539, 30, '750.00'),
(3433, 33849, '2017-10-24', 539, 432, '500.00'),
(3434, 33885, '2017-10-25', 287, 475, '150.00'),
(3435, 33906, '2017-10-23', 1323, 475, '220.00'),
(3436, 33907, '2017-10-23', 1226, 475, '140.00'),
(3437, 33907, '2017-10-23', 1226, 69, '600.00'),
(3438, 33908, '2017-10-23', 544, 49, '220.00'),
(3439, 33909, '2017-10-23', 580, 518, '250.00'),
(3440, 33909, '2017-10-23', 580, 296, '500.00'),
(3441, 33909, '2017-10-23', 580, 63, '800.00'),
(3442, 33910, '2017-10-25', 522, 248, '500.00'),
(3443, 33911, '2017-10-25', 520, 345, '930.00'),
(3444, 33911, '2017-10-25', 520, 127, '320.00'),
(3445, 33912, '2017-10-25', 544, 514, '660.00'),
(3446, 33913, '2017-10-25', 1197, 5, '100.00'),
(3447, 33920, '2017-10-26', 572, 432, '450.00'),
(3448, 33920, '2017-10-26', 572, 409, '200.00'),
(3449, 33922, '2017-10-26', 1197, 306, '180.00'),
(3450, 33923, '2017-10-26', 544, 144, '60.00'),
(3451, 33923, '2017-10-26', 544, 288, '160.00'),
(3452, 33926, '2017-10-27', 1389, 475, '250.00'),
(3453, 34010, '2017-10-29', 522, 344, '600.00'),
(3454, 34010, '2017-10-29', 522, 190, '60.00'),
(3455, 34014, '2017-10-28', 1323, 475, '480.00'),
(3456, 34106, '2017-10-30', 539, 475, '200.00'),
(3457, 34107, '2017-10-30', 580, 475, '180.00'),
(3458, 34155, '2017-10-31', 544, 47, '1250.00'),
(3459, 34158, '2017-10-31', 1323, 475, '400.00'),
(3460, 34160, '2017-10-31', 522, 246, '350.00'),
(3461, 34162, '2017-10-31', 520, 513, '3500.00'),
(3462, 34162, '2017-10-31', 520, 239, '1150.00'),
(3463, 34185, '2017-10-28', 287, 475, '150.00'),
(3464, 34187, '2017-10-28', 89, 41, '900.00'),
(3465, 34205, '2017-10-29', 1310, 151, '2100.00'),
(3466, 34206, '2017-10-29', 540, 248, '400.00'),
(3467, 34206, '2017-10-29', 540, 526, '700.00'),
(3468, 34207, '2017-10-29', 1320, 476, '1040.00'),
(3469, 34208, '2017-10-29', 1330, 527, '1700.00'),
(3470, 34347, '2017-11-01', 1323, 475, '220.00'),
(3471, 34351, '2017-11-02', 580, 475, '120.00'),
(3472, 34352, '2017-11-02', 544, 240, '150.00'),
(3473, 34352, '2017-11-02', 544, 26, '120.00'),
(3474, 34360, '2017-11-04', 1197, 475, '200.00'),
(3475, 34375, '2017-11-02', 1243, 15, '3500.00'),
(3476, 34405, '2017-11-05', 1389, 30, '550.00'),
(3477, 34406, '2017-11-05', 572, 345, '800.00'),
(3478, 34406, '2017-11-05', 572, 442, '450.00'),
(3479, 34406, '2017-11-05', 572, 37, '600.00'),
(3480, 34407, '2017-11-05', 539, 461, '3600.00'),
(3481, 34407, '2017-11-05', 539, 37, '400.00'),
(3606, 35751, '2017-12-02', 1352, 63, '1000.00'),
(3483, 34432, '2017-11-04', 278, 41, '1600.00'),
(3484, 34433, '2017-11-06', 1323, 475, '400.00'),
(3485, 34434, '2017-11-06', 1226, 3, '1200.00'),
(3486, 34434, '2017-11-06', 1226, 163, '600.00'),
(3487, 34434, '2017-11-06', 1226, 107, '1200.00'),
(3488, 34483, '2017-11-02', 1230, 181, '8850.00'),
(3489, 34484, '2017-11-02', 1232, 113, '1500.00'),
(3490, 34485, '2017-11-03', 772, 475, '650.00'),
(3491, 34489, '2017-11-03', 1512, 248, '200.00'),
(3492, 34490, '2017-11-03', 519, 111, '8010.00'),
(3493, 34498, '2017-11-04', 1231, 56, '1500.00'),
(3494, 34496, '2017-11-04', 1215, 113, '1500.00'),
(3495, 34540, '2017-11-07', 772, 36, '300.00'),
(3603, 35741, '2017-12-03', 572, 458, '1550.00'),
(3497, 34569, '2017-11-07', 539, 57, '110.00'),
(3498, 34593, '2017-11-08', 1330, 38, '2100.00'),
(3499, 34600, '2017-11-07', 1428, 52, '1296.00'),
(3500, 34624, '2017-11-08', 763, 90, '15000.00'),
(3501, 34635, '2017-11-08', 1230, 99, '1380.00'),
(3502, 34660, '2017-11-10', 520, 49, '800.00'),
(3503, 34661, '2017-11-10', 572, 49, '800.00'),
(3504, 34698, '2017-11-11', 572, 49, '800.00'),
(3505, 34698, '2017-11-11', 572, 90, '400.00'),
(3506, 34698, '2017-11-11', 572, 30, '800.00'),
(3507, 34699, '2017-11-11', 1389, 475, '420.00'),
(3508, 34749, '2017-11-09', 1320, 528, '8654.00'),
(3509, 34775, '2017-11-12', 520, 475, '160.00'),
(3605, 35741, '2017-12-03', 572, 19, '850.00'),
(3604, 35741, '2017-12-03', 572, 43, '850.00'),
(3512, 34776, '2017-11-12', 522, 515, '750.00'),
(3513, 34776, '2017-11-12', 522, 9, '300.00'),
(3514, 34777, '2017-11-12', 1197, 515, '750.00'),
(3515, 34777, '2017-11-12', 1197, 516, '150.00'),
(3516, 34778, '2017-11-12', 1389, 475, '160.00'),
(3517, 34782, '2017-11-13', 1222, 30, '640.00'),
(3518, 34823, '2017-11-12', 551, 199, '1500.00'),
(3519, 34824, '2017-11-13', 1323, 475, '160.00'),
(3520, 34825, '2017-11-13', 1197, 380, '600.00'),
(3521, 34827, '2017-11-13', 539, 458, '1000.00'),
(3522, 34827, '2017-11-13', 539, 30, '600.00'),
(3523, 34827, '2017-11-13', 539, 93, '200.00'),
(3524, 34831, '2017-11-14', 1223, 434, '7700.00'),
(3525, 34859, '2017-11-14', 544, 152, '200.00'),
(3526, 34860, '2017-11-14', 520, 529, '250.00'),
(3527, 34862, '2017-11-14', 522, 432, '650.00'),
(3528, 34863, '2017-11-14', 1389, 19, '1750.00'),
(3529, 34863, '2017-11-14', 1389, 475, '100.00'),
(3530, 34880, '2017-11-15', 539, 432, '3500.00'),
(3531, 34882, '2017-11-15', 1226, 72, '200.00'),
(3532, 34968, '2017-11-17', 1230, 63, '850.00'),
(3533, 34971, '2017-11-18', 771, 438, '300.00'),
(3534, 34998, '2017-11-16', 544, 458, '550.00'),
(3535, 34998, '2017-11-16', 544, 453, '400.00'),
(3536, 35001, '2017-11-17', 539, 19, '720.00'),
(3537, 35002, '2017-11-17', 572, 19, '480.00'),
(3538, 35005, '2017-11-18', 1197, 458, '400.00'),
(3539, 35017, '2017-11-16', 287, 475, '150.00'),
(3540, 35019, '2017-11-18', 261, 475, '150.00'),
(3541, 35047, '2017-11-19', 539, 475, '370.00'),
(3542, 35048, '2017-11-19', 580, 267, '450.00'),
(3543, 35048, '2017-11-19', 580, 19, '400.00'),
(3544, 35173, '2017-11-20', 261, 41, '400.00'),
(3545, 35182, '2017-11-21', 188, 107, '7100.00'),
(3546, 35182, '2017-11-21', 188, 222, '5180.00'),
(3547, 35188, '2017-11-21', 567, 62, '450.00'),
(3548, 35189, '2017-11-21', 585, 432, '550.00'),
(3549, 35213, '2017-11-20', 520, 475, '400.00'),
(3550, 35213, '2017-11-20', 520, 39, '4500.00'),
(3551, 35213, '2017-11-20', 520, 328, '300.00'),
(3552, 35213, '2017-11-20', 520, 111, '850.00'),
(3553, 35213, '2017-11-20', 520, 190, '580.00'),
(3554, 35215, '2017-11-20', 522, 304, '250.00'),
(3555, 35217, '2017-11-21', 539, 267, '650.00'),
(3556, 35217, '2017-11-21', 539, 475, '430.00'),
(3557, 35218, '2017-11-21', 1197, 30, '500.00'),
(3558, 35218, '2017-11-21', 1197, 458, '470.00'),
(3559, 35219, '2017-11-21', 1187, 30, '450.00'),
(3560, 35232, '2017-11-17', 1247, 530, '1000.00'),
(3561, 35237, '2017-11-21', 1323, 475, '300.00'),
(3562, 35238, '2017-11-15', 1187, 30, '1150.00'),
(3563, 35238, '2017-11-15', 1187, 531, '200.00'),
(3564, 35238, '2017-11-15', 1187, 532, '150.00'),
(3565, 35238, '2017-11-15', 1187, 533, '400.00'),
(3566, 35239, '2017-11-21', 580, 475, '220.00'),
(3567, 35245, '2017-11-22', 544, 475, '320.00'),
(3568, 35246, '2017-11-22', 520, 432, '220.00'),
(3569, 35264, '2017-11-22', 1310, 45, '120.00'),
(3570, 35264, '2017-11-22', 1310, 521, '1000.00'),
(3571, 35340, '2017-11-23', 572, 37, '500.00'),
(3572, 35343, '2017-11-24', 580, 19, '1050.00'),
(3573, 35346, '2017-11-25', 539, 432, '450.00'),
(3574, 35346, '2017-11-25', 539, 35, '350.00'),
(3575, 35346, '2017-11-25', 539, 328, '1050.00'),
(3576, 35353, '2017-11-24', 519, 49, '6400.00'),
(3577, 35439, '2017-11-26', 520, 432, '750.00'),
(3578, 35439, '2017-11-26', 520, 5, '250.00'),
(3579, 35439, '2017-11-26', 520, 111, '600.00'),
(3580, 35439, '2017-11-26', 520, 283, '700.00'),
(3581, 35440, '2017-11-26', 544, 475, '220.00'),
(3582, 35441, '2017-11-26', 1310, 55, '300.00'),
(3583, 35497, '2017-11-27', 539, 16, '350.00'),
(3584, 35498, '2017-11-27', 1197, 465, '270.00'),
(3585, 35500, '2017-11-28', 520, 453, '220.00'),
(3586, 35500, '2017-11-28', 520, 512, '1600.00'),
(3587, 35500, '2017-11-28', 520, 534, '2000.00'),
(3588, 35501, '2017-11-28', 1435, 250, '250.00'),
(3589, 35682, '2017-11-30', 1323, 475, '270.00'),
(3590, 35690, '2017-11-30', 544, 433, '250.00'),
(3591, 35691, '2017-11-30', 520, 433, '250.00'),
(3592, 35695, '2017-12-01', 572, 295, '750.00'),
(3593, 35695, '2017-12-01', 572, 37, '450.00'),
(3594, 35695, '2017-12-01', 572, 432, '400.00'),
(3595, 35699, '2017-12-02', 1323, 475, '320.00'),
(3596, 35699, '2017-12-02', 1323, 346, '700.00'),
(3597, 35707, '2017-11-08', 522, 475, '300.00'),
(3598, 35708, '2017-11-08', 1226, 475, '120.00'),
(3599, 35710, '2017-11-08', 544, 368, '480.00'),
(3600, 35710, '2017-11-08', 544, 345, '120.00'),
(3601, 35346, '2017-11-25', 539, 529, '300.00'),
(3602, 35713, '2017-11-29', 580, 432, '550.00'),
(3607, 35755, '2017-12-04', 520, 475, '160.00'),
(3608, 35755, '2017-12-04', 520, 461, '1250.00'),
(3609, 35755, '2017-12-04', 520, 47, '250.00'),
(3610, 35755, '2017-12-04', 520, 432, '470.00'),
(3611, 35815, '2017-12-05', 572, 458, '1500.00'),
(3612, 35817, '2017-12-05', 539, 432, '250.00'),
(3613, 35818, '2017-12-05', 1323, 475, '240.00'),
(3614, 35858, '2017-12-07', 539, 475, '240.00'),
(3615, 35858, '2017-12-07', 539, 529, '200.00'),
(3616, 35859, '2017-12-07', 1197, 267, '430.00'),
(3617, 35862, '2017-12-07', 1389, 475, '480.00'),
(3618, 35970, '2017-12-10', 1435, 517, '250.00'),
(3619, 35970, '2017-12-10', 1435, 63, '400.00'),
(3620, 35970, '2017-12-10', 1435, 516, '150.00'),
(3621, 35971, '2017-12-10', 520, 19, '360.00'),
(3622, 35976, '2017-12-05', 576, 49, '1500.00'),
(3623, 35978, '2017-12-05', 1415, 62, '17830.00'),
(3624, 35978, '2017-12-05', 1415, 80, '1000.00'),
(3625, 35979, '2017-12-05', 550, 47, '1200.00'),
(3626, 36006, '2017-12-11', 1310, 345, '900.00'),
(3627, 36008, '2017-12-11', 540, 261, '500.00'),
(3628, 36008, '2017-12-11', 540, 180, '1000.00'),
(3629, 36036, '2017-12-11', 539, 458, '2900.00'),
(3630, 36036, '2017-12-11', 539, 30, '300.00'),
(3631, 36036, '2017-12-11', 539, 214, '300.00'),
(3632, 36054, '2017-12-03', 89, 25, '150.00'),
(3633, 36058, '2017-12-06', 287, 25, '150.00'),
(3634, 36059, '2017-12-07', 89, 475, '150.00'),
(3635, 36110, '2017-12-12', 1241, 30, '500.00'),
(3636, 36110, '2017-12-12', 1241, 39, '700.00'),
(3637, 36142, '2017-12-12', 278, 475, '150.00'),
(3638, 36144, '2017-12-12', 1389, 19, '260.00'),
(3639, 36146, '2017-12-12', 522, 127, '800.00'),
(3640, 36166, '2017-12-13', 1389, 121, '200.00'),
(3641, 36169, '2017-12-13', 539, 439, '2000.00'),
(3642, 36248, '2017-12-14', 520, 433, '250.00'),
(3643, 36248, '2017-12-14', 520, 415, '300.00'),
(3644, 36248, '2017-12-14', 520, 494, '450.00'),
(3645, 36250, '2017-12-14', 1323, 433, '250.00'),
(3646, 36283, '2017-12-16', 544, 503, '450.00'),
(3647, 36283, '2017-12-16', 544, 432, '350.00'),
(3648, 36284, '2017-12-16', 1435, 473, '1250.00'),
(3649, 36284, '2017-12-16', 1435, 357, '6500.00'),
(3650, 36284, '2017-12-16', 1435, 356, '1200.00'),
(3651, 36284, '2017-12-16', 1435, 65, '900.00'),
(3652, 36284, '2017-12-16', 1435, 223, '12000.00'),
(3653, 36284, '2017-12-16', 1435, 143, '800.00'),
(3654, 36284, '2017-12-16', 1435, 314, '1200.00'),
(3655, 36284, '2017-12-16', 1435, 163, '1200.00'),
(3656, 36284, '2017-12-16', 1435, 56, '1600.00'),
(3657, 36284, '2017-12-16', 1435, 145, '600.00'),
(3658, 36285, '2017-12-16', 572, 535, '5500.00'),
(3659, 36329, '2017-12-17', 1241, 536, '2190.00'),
(3660, 36390, '2017-12-18', 1512, 185, '650.00'),
(3661, 36392, '2017-12-18', 1415, 357, '1200.00'),
(3662, 36443, '2017-12-18', 1323, 105, '210.00'),
(3663, 36443, '2017-12-18', 1323, 475, '160.00'),
(3664, 36444, '2017-12-18', 520, 475, '300.00'),
(3665, 36447, '2017-12-18', 544, 535, '1200.00'),
(3666, 36447, '2017-12-18', 544, 93, '600.00'),
(3667, 36448, '2017-12-19', 287, 41, '250.00'),
(3668, 36452, '2017-12-19', 538, 101, '1425.00'),
(3669, 36471, '2017-12-17', 580, 490, '800.00'),
(3670, 36471, '2017-12-17', 580, 506, '880.00'),
(3671, 36477, '2017-12-19', 572, 120, '800.00'),
(3672, 36477, '2017-12-19', 572, 51, '480.00'),
(3673, 36477, '2017-12-19', 572, 406, '600.00'),
(3674, 36519, '2017-12-20', 211, 261, '1500.00'),
(3675, 36613, '2017-12-23', 1226, 515, '600.00'),
(3676, 36613, '2017-12-23', 1226, 516, '250.00'),
(3677, 36613, '2017-12-23', 1226, 504, '300.00'),
(3678, 36614, '2017-12-23', 539, 506, '1600.00'),
(3679, 36615, '2017-12-23', 1435, 475, '300.00'),
(3680, 36616, '2017-12-23', 1389, 475, '220.00'),
(3681, 36617, '2017-12-23', 1323, 475, '480.00'),
(3682, 36618, '2017-12-23', 572, 93, '800.00'),
(3683, 36618, '2017-12-23', 572, 120, '1200.00'),
(3684, 36618, '2017-12-23', 572, 406, '800.00'),
(3685, 36625, '2017-12-21', 539, 62, '350.00'),
(3686, 36627, '2017-12-21', 1226, 475, '600.00'),
(3687, 36629, '2017-12-21', 520, 93, '1800.00'),
(3688, 36629, '2017-12-21', 520, 62, '350.00'),
(3689, 36629, '2017-12-21', 520, 87, '750.00'),
(3690, 36642, '2017-12-20', 1435, 105, '100.00'),
(3691, 36646, '2017-12-20', 1323, 113, '1550.00'),
(3692, 36648, '2017-12-20', 520, 19, '300.00'),
(3693, 36648, '2017-12-20', 520, 432, '400.00'),
(3694, 36648, '2017-12-20', 520, 267, '350.00'),
(3695, 36650, '2017-12-20', 544, 267, '520.00'),
(3696, 36680, '2017-12-24', 1477, 444, '26338.00'),
(3697, 36690, '2017-12-21', 1479, 284, '900.00'),
(3698, 36742, '2017-12-26', 1477, 420, '4000.00'),
(3699, 36742, '2017-12-26', 1477, 537, '10750.00'),
(3700, 36768, '2017-12-27', 1187, 63, '660.00'),
(3701, 36826, '2017-12-29', 1187, 468, '200.00'),
(3702, 36829, '2017-12-28', 1320, 538, '4400.00'),
(3703, 36895, '2017-12-24', 1197, 475, '300.00'),
(3704, 36906, '2017-12-30', 211, 248, '800.00'),
(3711, 36909, '2017-12-30', 278, 55, '400.00'),
(3706, 36909, '2017-12-30', 278, 248, '800.00'),
(3715, 36910, '2017-12-30', 261, 55, '400.00'),
(3708, 36911, '2017-12-25', 580, 47, '1000.00'),
(3709, 36912, '2017-12-30', 287, 36, '1000.00'),
(3710, 36912, '2017-12-30', 287, 55, '400.00'),
(3712, 36913, '2017-12-25', 572, 514, '500.00'),
(3713, 36913, '2017-12-25', 572, 238, '400.00'),
(3714, 36913, '2017-12-25', 572, 72, '300.00'),
(3716, 36924, '2017-12-31', 287, 184, '100.00'),
(3717, 36925, '2017-12-31', 261, 184, '100.00'),
(3718, 36926, '2017-12-31', 211, 248, '800.00'),
(3719, 36923, '2017-12-25', 1226, 52, '1500.00'),
(3720, 36923, '2017-12-25', 1226, 475, '100.00'),
(3721, 36927, '2017-12-25', 539, 19, '300.00'),
(3723, 36929, '2017-12-26', 520, 306, '570.00'),
(3724, 36930, '2017-12-26', 544, 402, '220.00'),
(3725, 36933, '2017-12-26', 1323, 222, '1500.00'),
(3726, 36936, '2017-12-27', 1323, 87, '220.00'),
(3727, 36937, '2017-12-27', 539, 494, '770.00'),
(3728, 36938, '2017-12-27', 572, 19, '250.00'),
(3729, 36938, '2017-12-27', 572, 49, '550.00'),
(3730, 36943, '2017-12-28', 1323, 26, '110.00'),
(3731, 36949, '2017-12-28', 544, 62, '350.00'),
(3732, 36951, '2017-12-29', 539, 19, '660.00'),
(3733, 36953, '2017-12-30', 522, 513, '1500.00'),
(3734, 36954, '2017-12-30', 1323, 172, '550.00'),
(3735, 36955, '2017-12-31', 572, 167, '950.00'),
(3736, 36955, '2017-12-31', 572, 406, '900.00'),
(3740, 36958, '2017-12-31', 1197, 34, '250.00'),
(3739, 36958, '2017-12-31', 1197, 50, '850.00'),
(3741, 36958, '2017-12-31', 1197, 118, '650.00'),
(3742, 36958, '2017-12-31', 1197, 272, '550.00'),
(3743, 36958, '2017-12-31', 1197, 273, '2200.00'),
(3744, 36958, '2017-12-31', 1197, 65, '800.00'),
(3745, 36959, '2017-12-31', 520, 47, '1250.00'),
(3746, 36959, '2017-12-31', 520, 475, '100.00'),
(3747, 36960, '2017-12-31', 544, 47, '1300.00'),
(3748, 36960, '2017-12-31', 544, 205, '400.00'),
(3749, 36961, '2017-12-31', 1226, 65, '800.00'),
(3750, 36962, '2017-12-31', 1323, 42, '900.00'),
(3751, 36962, '2017-12-31', 1323, 95, '600.00'),
(3752, 36963, '2018-01-01', 544, 513, '2800.00'),
(3753, 37001, '2018-01-02', 572, 475, '110.00'),
(3754, 37001, '2018-01-02', 572, 534, '800.00'),
(3755, 37001, '2018-01-02', 572, 512, '880.00'),
(3756, 37001, '2018-01-02', 572, 19, '300.00'),
(3757, 37002, '2018-01-02', 580, 412, '600.00'),
(3758, 37003, '2018-01-02', 1435, 19, '300.00'),
(3759, 37101, '2018-01-04', 261, 475, '250.00'),
(3760, 37102, '2018-01-06', 89, 475, '150.00'),
(3761, 37102, '2018-01-06', 89, 41, '1500.00'),
(3762, 37205, '2018-01-04', 1226, 454, '1410.00'),
(3763, 37205, '2018-01-04', 1226, 381, '370.00'),
(3764, 37228, '2018-01-06', 539, 19, '570.00'),
(3765, 37229, '2018-01-06', 572, 406, '1200.00'),
(3766, 37229, '2018-01-06', 572, 506, '800.00'),
(3767, 37230, '2018-01-07', 520, 475, '320.00'),
(3768, 37230, '2018-01-07', 520, 167, '1200.00'),
(3769, 37230, '2018-01-07', 520, 34, '470.00'),
(3770, 37230, '2018-01-07', 520, 49, '600.00'),
(3771, 37233, '2018-01-08', 572, 303, '600.00'),
(3772, 37233, '2018-01-08', 572, 406, '1200.00'),
(3773, 37233, '2018-01-08', 572, 49, '400.00'),
(3774, 37234, '2018-01-08', 539, 514, '580.00'),
(3775, 37235, '2018-01-08', 1435, 30, '1000.00'),
(3776, 37235, '2018-01-08', 1435, 29, '600.00'),
(3803, 37582, '2018-01-17', 1428, 541, '2688.00'),
(3778, 37286, '2017-12-31', 223, 539, '1900.00'),
(3779, 37352, '2018-01-10', 1197, 52, '1500.00'),
(3780, 37438, '2018-01-09', 287, 475, '300.00'),
(3781, 37475, '2018-01-14', 287, 475, '150.00'),
(3782, 37490, '2018-01-14', 1241, 62, '375.00'),
(3783, 37500, '2018-01-11', 1242, 540, '1800.00'),
(3784, 37504, '2018-01-11', 544, 19, '390.00'),
(3785, 37525, '2018-01-13', 1197, 111, '450.00'),
(3786, 37525, '2018-01-13', 1197, 475, '220.00'),
(3787, 37531, '2018-01-14', 539, 512, '1250.00'),
(3788, 37531, '2018-01-14', 539, 514, '650.00'),
(3789, 37531, '2018-01-14', 539, 111, '650.00'),
(3790, 37531, '2018-01-14', 539, 190, '1100.00'),
(3791, 37532, '2018-01-14', 1435, 30, '450.00'),
(3792, 37534, '2018-01-14', 1197, 167, '1200.00'),
(3793, 37534, '2018-01-14', 1197, 428, '800.00'),
(3794, 37535, '2018-01-15', 520, 346, '300.00'),
(3795, 37536, '2018-01-15', 544, 93, '650.00'),
(3796, 37538, '2018-01-16', 539, 406, '650.00'),
(3797, 37543, '2018-01-16', 572, 155, '600.00'),
(3798, 37543, '2018-01-16', 572, 510, '250.00'),
(3799, 37543, '2018-01-16', 572, 395, '100.00'),
(3800, 37543, '2018-01-16', 572, 19, '350.00'),
(3801, 37571, '2018-01-17', 170, 475, '150.00'),
(3802, 37577, '2018-01-17', 1226, 406, '650.00'),
(3804, 37642, '2018-01-20', 89, 25, '150.00'),
(3805, 37756, '2018-01-21', 1474, 18, '2150.00'),
(3806, 37761, '2018-01-21', 142, 542, '3225.00'),
(3807, 37775, '2018-01-20', 227, 542, '3225.00'),
(3808, 37933, '2018-01-22', 261, 475, '150.00'),
(3809, 37934, '2018-01-22', 89, 475, '150.00'),
(3810, 37946, '2018-01-18', 572, 475, '280.00'),
(3811, 37948, '2018-01-18', 580, 267, '580.00'),
(3812, 37950, '2018-01-18', 1197, 216, '650.00'),
(3813, 37956, '2018-01-19', 1323, 238, '8300.00'),
(3814, 37962, '2018-01-20', 1435, 475, '420.00'),
(3815, 37963, '2018-01-21', 544, 165, '1500.00'),
(3816, 37963, '2018-01-21', 544, 186, '300.00'),
(3817, 38011, '2018-01-21', 520, 93, '1150.00'),
(3818, 38011, '2018-01-21', 520, 47, '350.00'),
(3819, 38012, '2018-01-21', 1323, 206, '5380.00'),
(3821, 38016, '2018-01-22', 572, 458, '1250.00'),
(3822, 38018, '2018-01-22', 522, 499, '3500.00'),
(3823, 38018, '2018-01-22', 522, 47, '400.00'),
(3824, 38027, '2018-01-22', 544, 33, '500.00'),
(3825, 38027, '2018-01-22', 544, 413, '300.00'),
(3826, 38027, '2018-01-22', 544, 106, '650.00'),
(3827, 38034, '2018-01-23', 520, 19, '300.00'),
(3828, 38035, '2018-01-23', 522, 475, '150.00'),
(3829, 38118, '2018-01-24', 544, 52, '1400.00'),
(3830, 38119, '2018-01-24', 1226, 93, '600.00'),
(3831, 38119, '2018-01-24', 1226, 406, '700.00'),
(3832, 38133, '2018-01-22', 1187, 543, '9250.00'),
(3833, 38149, '2018-01-25', 544, 406, '660.00'),
(3834, 38149, '2018-01-25', 544, 30, '500.00'),
(3835, 38151, '2018-01-26', 539, 506, '660.00'),
(3836, 38152, '2018-01-26', 572, 105, '1400.00'),
(3837, 38152, '2018-01-26', 572, 19, '500.00'),
(3838, 38236, '2018-01-25', 1230, 147, '600.00'),
(3839, 38255, '2018-01-27', 1310, 544, '120.00'),
(3840, 38282, '2018-01-27', 278, 475, '150.00'),
(3841, 38283, '2018-01-27', 287, 475, '300.00'),
(3842, 38285, '2018-01-27', 170, 475, '300.00'),
(3843, 38287, '2018-01-27', 139, 41, '4200.00'),
(3844, 38288, '2018-01-28', 287, 475, '150.00'),
(3845, 38332, '2018-01-28', 1187, 63, '742.00'),
(3846, 38333, '2018-01-28', 1330, 294, '3024.00'),
(3847, 38370, '2018-01-29', 1187, 284, '968.00'),
(3848, 38372, '2018-01-29', 1330, 398, '2045.00'),
(3849, 38408, '2018-01-16', 1230, 30, '1700.00'),
(3850, 38461, '2018-01-28', 539, 106, '650.00'),
(3851, 38461, '2018-01-28', 539, 458, '650.00'),
(3852, 38462, '2018-01-29', 522, 39, '650.00'),
(3853, 38463, '2018-01-30', 211, 475, '150.00'),
(3854, 38475, '2018-01-30', 1187, 398, '753.00'),
(3855, 38577, '2018-02-01', 1323, 72, '600.00'),
(3856, 38578, '2018-02-01', 1389, 107, '650.00'),
(3857, 38579, '2018-02-02', 544, 267, '400.00'),
(3858, 38579, '2018-02-02', 544, 26, '300.00'),
(3859, 38579, '2018-02-02', 544, 134, '650.00'),
(3860, 38663, '2018-02-04', 1232, 30, '1540.00'),
(3861, 38681, '2018-02-04', 1475, 445, '3225.00'),
(3862, 38683, '2018-02-03', 170, 475, '200.00'),
(3863, 38685, '2018-02-03', 139, 62, '600.00'),
(3864, 38718, '2018-02-05', 576, 459, '400.00'),
(3865, 38718, '2018-02-05', 576, 219, '1980.00'),
(3866, 38740, '2018-02-05', 233, 445, '3225.00'),
(3867, 38746, '2018-02-06', 1186, 185, '742.00'),
(3868, 38757, '2018-02-06', 1208, 219, '1980.00'),
(3869, 38851, '2018-02-04', 539, 19, '800.00'),
(3870, 38851, '2018-02-04', 539, 120, '2400.00'),
(3871, 38855, '2018-02-04', 1389, 475, '220.00'),
(3872, 38856, '2018-02-04', 1226, 13, '450.00'),
(3873, 38872, '2018-02-09', 1230, 30, '1000.00'),
(3874, 38872, '2018-02-09', 1230, 458, '1820.00'),
(3875, 38872, '2018-02-09', 1230, 459, '300.00'),
(3876, 38896, '2018-02-06', 1352, 155, '742.00'),
(3877, 38899, '2018-02-08', 1477, 18, '1505.00'),
(3878, 38900, '2018-02-08', 1247, 428, '1075.00'),
(3879, 38902, '2018-02-09', 1479, 180, '1075.00'),
(3880, 39044, '2018-02-05', 1226, 433, '250.00'),
(3881, 39050, '2018-02-05', 539, 433, '250.00'),
(3882, 39050, '2018-02-05', 539, 120, '1300.00'),
(3883, 39054, '2018-02-05', 572, 433, '250.00'),
(3884, 39056, '2018-02-05', 580, 433, '250.00'),
(3885, 39057, '2018-02-06', 580, 90, '1300.00'),
(3886, 39058, '2018-02-06', 544, 47, '1750.00'),
(3887, 39058, '2018-02-06', 544, 433, '250.00'),
(3888, 39059, '2018-02-06', 520, 433, '250.00'),
(3889, 39060, '2018-02-07', 580, 366, '1800.00'),
(3890, 39060, '2018-02-07', 580, 186, '800.00'),
(3891, 39060, '2018-02-07', 580, 406, '1900.00'),
(3892, 39060, '2018-02-07', 580, 62, '480.00'),
(3893, 39109, '2018-02-06', 89, 296, '900.00'),
(3894, 39144, '2018-02-08', 544, 267, '500.00'),
(3895, 39145, '2018-02-08', 520, 93, '650.00'),
(3896, 39147, '2018-02-10', 520, 475, '170.00'),
(3897, 39147, '2018-02-10', 520, 388, '550.00'),
(3898, 39147, '2018-02-10', 520, 111, '400.00'),
(3899, 39147, '2018-02-10', 520, 39, '150.00'),
(3900, 39149, '2018-02-11', 580, 19, '150.00'),
(3901, 39150, '2018-02-11', 539, 19, '150.00'),
(3902, 39151, '2018-02-11', 520, 39, '1300.00'),
(3903, 39152, '2018-02-12', 544, 93, '650.00'),
(3904, 39152, '2018-02-12', 544, 49, '150.00'),
(3905, 39167, '2018-02-12', 539, 296, '1600.00'),
(3906, 39169, '2018-02-13', 572, 475, '220.00'),
(3907, 39169, '2018-02-13', 572, 134, '650.00'),
(3908, 39170, '2018-02-13', 539, 18, '320.00'),
(3909, 39171, '2018-02-14', 520, 461, '1250.00'),
(3910, 39171, '2018-02-14', 520, 49, '200.00'),
(3911, 39199, '2018-02-13', 1231, 181, '6600.00'),
(3912, 39229, '2018-02-14', 1231, 222, '1500.00'),
(3913, 39229, '2018-02-14', 1231, 62, '480.00'),
(3914, 39240, '2018-02-14', 563, 502, '550.00'),
(3915, 39300, '2018-02-15', 539, 410, '600.00'),
(3916, 39304, '2018-02-16', 1197, 439, '1300.00'),
(3917, 39305, '2018-02-16', 1389, 406, '650.00'),
(3918, 39313, '2018-02-17', 539, 261, '1200.00'),
(3919, 39313, '2018-02-17', 539, 93, '650.00'),
(3920, 39314, '2018-02-17', 1226, 30, '400.00'),
(3921, 39314, '2018-02-17', 1226, 494, '780.00'),
(3922, 39319, '2018-02-14', 1516, 441, '800.00'),
(3923, 39319, '2018-02-14', 1516, 267, '1900.00'),
(3924, 39327, '2018-02-14', 1520, 366, '250.00'),
(3925, 39327, '2018-02-14', 1520, 345, '2200.00'),
(3926, 39329, '2018-02-14', 1407, 183, '2400.00'),
(3927, 39329, '2018-02-14', 1407, 70, '900.00'),
(3928, 39329, '2018-02-14', 1407, 366, '400.00'),
(3929, 39330, '2018-02-14', 1529, 475, '600.00'),
(3930, 39331, '2018-02-14', 1524, 403, '650.00'),
(3931, 39334, '2018-02-14', 1494, 278, '350.00'),
(3932, 39334, '2018-02-14', 1494, 30, '1200.00'),
(3933, 39334, '2018-02-14', 1494, 403, '1050.00'),
(3934, 39335, '2018-02-14', 1208, 30, '860.00'),
(3935, 39347, '2018-02-17', 567, 377, '15850.00'),
(3936, 39386, '2018-02-18', 544, 458, '650.00'),
(3937, 39399, '2018-02-18', 1215, 30, '700.00'),
(3938, 39409, '2018-02-17', 1310, 111, '430.00'),
(3939, 39422, '2018-02-13', 1247, 106, '5200.00'),
(3940, 39472, '2018-02-14', 141, 475, '150.00'),
(3941, 39474, '2018-02-15', 170, 475, '260.00'),
(3942, 39600, '2018-02-23', 1428, 62, '1530.00'),
(3943, 39608, '2018-02-20', 1320, 459, '430.00'),
(3944, 39609, '2018-02-20', 1479, 521, '4838.00'),
(3945, 39610, '2018-02-20', 1352, 30, '968.00'),
(3946, 39611, '2018-02-19', 1247, 30, '882.00'),
(3947, 39733, '2018-02-24', 211, 41, '200.00'),
(3948, 39778, '2018-02-25', 1330, 30, '430.00'),
(3949, 39778, '2018-02-25', 1330, 43, '215.00'),
(3950, 39778, '2018-02-25', 1330, 459, '262.00'),
(3951, 39778, '2018-02-25', 1330, 458, '322.00'),
(3952, 39782, '2018-02-25', 170, 475, '150.00'),
(3953, 39824, '2018-02-27', 580, 216, '650.00'),
(3954, 39861, '2018-02-27', 1243, 459, '755.00'),
(3955, 39918, '2018-02-19', 580, 500, '650.00'),
(3956, 39976, '2018-02-26', 287, 41, '1100.00'),
(3957, 40113, '2018-02-26', 1230, 99, '1950.00'),
(3958, 40145, '2018-01-03', 828, 387, '2750.00'),
(3959, 40165, '2018-01-24', 626, 125, '150.00'),
(3960, 40172, '2018-02-02', 1031, 387, '3400.00'),
(3961, 40176, '2018-02-09', 991, 364, '1360.00'),
(3962, 40245, '2018-02-20', 626, 379, '700.00'),
(3963, 40246, '2018-02-22', 256, 47, '1250.00'),
(3964, 40252, '2018-02-23', 256, 93, '18500.00'),
(3965, 40257, '2018-02-26', 256, 213, '1250.00'),
(3966, 40257, '2018-02-26', 256, 379, '1350.00'),
(3967, 40261, '2018-02-27', 652, 131, '170.00'),
(3968, 40262, '2018-02-27', 991, 363, '1100.00'),
(3969, 40263, '2018-02-28', 626, 210, '150.00'),
(3970, 40264, '2018-02-28', 652, 207, '135.00'),
(3971, 40536, '2018-03-08', 1477, 15, '2020.00'),
(3972, 40538, '2018-03-08', 1320, 83, '860.00'),
(3973, 40539, '2018-03-07', 223, 25, '240.00'),
(3974, 40541, '2018-03-07', 1241, 541, '2050.00'),
(3975, 40545, '2018-03-06', 1330, 30, '538.00'),
(3976, 40545, '2018-03-06', 1330, 43, '161.00'),
(3977, 40545, '2018-03-06', 1330, 458, '215.00'),
(3979, 40636, '2018-03-13', 1474, 183, '935.00'),
(3980, 40640, '2018-02-20', 520, 19, '240.00'),
(3981, 40642, '2018-02-20', 1435, 72, '650.00'),
(3982, 40645, '2018-02-21', 572, 19, '500.00'),
(3983, 40645, '2018-02-21', 572, 341, '200.00'),
(3984, 40646, '2018-02-21', 539, 154, '300.00'),
(3985, 40653, '2018-02-21', 1389, 38, '1800.00'),
(3986, 40655, '2018-02-21', 1226, 311, '1200.00'),
(3987, 40657, '2018-02-22', 544, 427, '550.00'),
(3988, 40657, '2018-02-22', 544, 494, '430.00'),
(3989, 40657, '2018-02-22', 544, 30, '640.00'),
(3990, 40658, '2018-02-22', 520, 120, '650.00'),
(3991, 40658, '2018-02-22', 520, 501, '1300.00'),
(3992, 40659, '2018-02-22', 522, 59, '600.00'),
(3993, 40660, '2018-02-22', 1435, 206, '590.00'),
(3994, 40663, '2018-02-23', 1323, 111, '1200.00'),
(3995, 40663, '2018-02-23', 1323, 459, '1050.00'),
(3996, 40663, '2018-02-23', 1323, 328, '320.00'),
(4000, 40665, '2018-02-24', 520, 37, '650.00'),
(3999, 40665, '2018-02-24', 520, 433, '250.00'),
(4001, 40666, '2018-02-24', 544, 433, '250.00'),
(4002, 40666, '2018-02-24', 544, 453, '400.00'),
(4003, 40667, '2018-02-24', 1389, 121, '360.00'),
(4004, 40668, '2018-02-24', 1197, 72, '800.00'),
(4005, 40669, '2018-02-25', 539, 26, '220.00'),
(4006, 40669, '2018-02-25', 539, 520, '300.00'),
(4007, 40670, '2018-02-25', 572, 120, '1300.00'),
(4008, 40673, '2018-02-26', 522, 19, '200.00'),
(4009, 40674, '2018-02-26', 520, 37, '650.00'),
(4010, 40674, '2018-02-26', 520, 475, '250.00'),
(4011, 40674, '2018-02-26', 520, 49, '550.00'),
(4012, 40676, '2018-02-26', 1389, 475, '170.00'),
(4013, 40677, '2018-02-26', 1323, 475, '160.00'),
(4014, 40679, '2018-02-26', 1197, 57, '120.00'),
(4015, 40682, '2018-02-28', 1197, 56, '1250.00'),
(4016, 40682, '2018-02-28', 1197, 113, '1800.00'),
(4017, 40682, '2018-02-28', 1197, 306, '350.00'),
(4018, 40683, '2018-02-28', 522, 58, '650.00'),
(4019, 40684, '2018-03-01', 1389, 86, '1200.00'),
(4020, 40684, '2018-03-01', 1389, 224, '350.00'),
(4021, 40684, '2018-03-01', 1389, 72, '650.00'),
(4022, 40685, '2018-03-01', 572, 131, '550.00'),
(4023, 40685, '2018-03-01', 572, 43, '1200.00'),
(4024, 40686, '2018-03-01', 539, 47, '1000.00'),
(4025, 40686, '2018-03-01', 539, 461, '600.00'),
(4026, 40686, '2018-03-01', 539, 267, '1100.00'),
(4027, 40687, '2018-03-02', 1389, 475, '520.00'),
(4028, 40687, '2018-03-02', 1389, 267, '500.00'),
(4029, 40687, '2018-03-02', 1389, 26, '200.00'),
(4030, 40688, '2018-03-02', 1226, 118, '650.00'),
(4031, 40688, '2018-03-02', 1226, 235, '550.00'),
(4032, 40688, '2018-03-02', 1226, 184, '700.00'),
(4033, 40688, '2018-03-02', 1226, 468, '380.00'),
(4034, 40688, '2018-03-02', 1226, 467, '700.00'),
(4035, 40691, '2018-03-03', 539, 426, '700.00'),
(4036, 40692, '2018-03-03', 572, 134, '600.00'),
(4037, 40696, '2018-03-04', 520, 475, '220.00'),
(4038, 40696, '2018-03-04', 520, 120, '650.00'),
(4039, 40699, '2018-03-04', 544, 47, '350.00'),
(4040, 40699, '2018-03-04', 544, 43, '1200.00'),
(4041, 40707, '2018-03-04', 1197, 39, '800.00'),
(4042, 40707, '2018-03-04', 1197, 111, '410.00'),
(4043, 40745, '2018-03-05', 572, 125, '800.00'),
(4044, 40746, '2018-03-05', 539, 72, '650.00'),
(4045, 40750, '2018-03-05', 1197, 475, '270.00'),
(4046, 40766, '2018-03-06', 1197, 72, '650.00'),
(4047, 40766, '2018-03-06', 1197, 346, '1000.00'),
(4048, 40766, '2018-03-06', 1197, 415, '600.00'),
(4049, 40766, '2018-03-06', 1197, 493, '300.00'),
(4050, 40787, '2018-03-07', 1226, 72, '300.00'),
(4051, 40787, '2018-03-07', 1226, 167, '550.00'),
(4052, 40789, '2018-03-07', 539, 19, '450.00'),
(4053, 40793, '2018-03-08', 520, 461, '950.00'),
(4054, 40797, '2018-03-09', 572, 19, '200.00'),
(4055, 40797, '2018-03-09', 572, 406, '650.00'),
(4056, 40798, '2018-03-10', 520, 475, '400.00'),
(4057, 40799, '2018-03-10', 1389, 475, '230.00'),
(4058, 40800, '2018-03-10', 522, 338, '650.00'),
(4059, 40802, '2018-03-11', 539, 134, '650.00'),
(4060, 40802, '2018-03-11', 539, 72, '200.00'),
(4061, 40805, '2018-03-12', 544, 158, '400.00'),
(4062, 40805, '2018-03-12', 544, 203, '100.00'),
(4063, 40807, '2018-03-13', 572, 475, '180.00'),
(4064, 40807, '2018-03-13', 572, 120, '650.00'),
(4065, 40856, '2018-03-14', 520, 433, '250.00'),
(4066, 40857, '2018-03-14', 544, 433, '250.00'),
(4067, 40857, '2018-03-14', 544, 185, '1000.00'),
(4068, 40858, '2018-03-14', 1389, 311, '250.00'),
(4069, 40858, '2018-03-14', 1389, 103, '650.00'),
(4070, 40859, '2018-03-14', 1435, 433, '250.00'),
(4071, 40860, '2018-03-14', 1323, 433, '250.00'),
(4072, 40861, '2018-03-15', 539, 475, '150.00'),
(4073, 40861, '2018-03-15', 539, 47, '1500.00'),
(4074, 40861, '2018-03-15', 539, 19, '100.00'),
(4075, 40861, '2018-03-15', 539, 426, '100.00'),
(4076, 40861, '2018-03-15', 539, 406, '650.00'),
(4077, 40862, '2018-03-15', 522, 19, '300.00'),
(4078, 40863, '2018-03-15', 572, 19, '660.00'),
(4079, 40968, '2018-03-03', 1216, 345, '800.00'),
(4080, 40974, '2018-03-03', 771, 30, '700.00'),
(4081, 40985, '2018-03-04', 563, 180, '1000.00'),
(4082, 40985, '2018-03-04', 563, 451, '550.00'),
(4083, 40991, '2018-03-04', 1231, 343, '945.00'),
(4084, 40991, '2018-03-04', 1231, 27, '2950.00'),
(4085, 40993, '2018-03-04', 1415, 155, '810.00'),
(4086, 40994, '2018-03-04', 1230, 44, '3500.00'),
(4087, 41042, '2018-03-17', 539, 261, '2300.00'),
(4088, 41042, '2018-03-17', 539, 39, '1250.00'),
(4089, 41042, '2018-03-17', 539, 433, '250.00'),
(4090, 41042, '2018-03-17', 539, 216, '450.00'),
(4091, 41042, '2018-03-17', 539, 134, '300.00'),
(4092, 41043, '2018-03-17', 572, 433, '250.00'),
(4093, 41044, '2018-03-17', 580, 134, '650.00'),
(4094, 41044, '2018-03-17', 580, 458, '800.00'),
(4095, 41044, '2018-03-17', 580, 65, '300.00'),
(4096, 41044, '2018-03-17', 580, 500, '1200.00'),
(4097, 41044, '2018-03-17', 580, 248, '220.00'),
(4098, 41046, '2018-03-17', 1389, 433, '250.00'),
(4099, 41047, '2018-03-18', 520, 456, '280.00'),
(4100, 41048, '2018-03-18', 544, 62, '250.00'),
(4101, 41048, '2018-03-18', 544, 335, '250.00'),
(4102, 41048, '2018-03-18', 544, 406, '650.00'),
(4103, 41049, '2018-03-18', 1226, 206, '5000.00'),
(4104, 41050, '2018-03-19', 572, 47, '1450.00'),
(4105, 41050, '2018-03-19', 572, 475, '320.00'),
(4106, 41051, '2018-03-19', 539, 499, '1450.00'),
(4107, 41051, '2018-03-19', 539, 442, '400.00'),
(4108, 41051, '2018-03-19', 539, 346, '400.00'),
(4109, 41052, '2018-03-19', 1389, 396, '650.00'),
(4110, 41053, '2018-03-19', 520, 19, '280.00'),
(4111, 41054, '2018-03-19', 1197, 475, '300.00'),
(4113, 41056, '2018-03-20', 580, 433, '250.00'),
(4114, 41058, '2018-03-20', 544, 49, '550.00'),
(4115, 41059, '2018-03-20', 1389, 121, '380.00'),
(4116, 41101, '2018-03-21', 539, 19, '200.00'),
(4117, 41109, '2018-03-21', 572, 176, '360.00'),
(4118, 41112, '2018-03-21', 1435, 93, '700.00'),
(4119, 41112, '2018-03-21', 1435, 406, '600.00'),
(4120, 41117, '2018-03-22', 520, 47, '750.00'),
(4121, 41117, '2018-03-22', 520, 499, '400.00'),
(4122, 41118, '2018-03-22', 544, 248, '400.00'),
(4123, 41118, '2018-03-22', 544, 26, '300.00'),
(4124, 41120, '2018-03-22', 1389, 72, '650.00'),
(4125, 41188, '2018-03-23', 1226, 475, '400.00'),
(4126, 41189, '2018-03-24', 520, 83, '280.00'),
(4127, 41190, '2018-03-24', 522, 167, '650.00'),
(4128, 41341, '2018-03-25', 572, 453, '110.00'),
(4129, 41341, '2018-03-25', 572, 82, '800.00'),
(4130, 41342, '2018-03-25', 539, 406, '760.00'),
(4131, 41343, '2018-03-25', 1226, 121, '110.00'),
(4132, 41343, '2018-03-25', 1226, 15, '800.00'),
(4133, 41344, '2018-03-25', 1389, 475, '180.00'),
(4134, 41345, '2018-03-26', 522, 65, '300.00'),
(4135, 41346, '2018-03-26', 544, 402, '700.00'),
(4136, 41347, '2018-03-26', 1389, 267, '1000.00'),
(4137, 41375, '2018-03-27', 572, 19, '300.00'),
(4138, 41375, '2018-03-27', 572, 475, '350.00'),
(4139, 41375, '2018-03-27', 572, 318, '1800.00'),
(4140, 41376, '2018-03-27', 539, 475, '350.00'),
(4141, 41377, '2018-03-27', 1389, 267, '1000.00'),
(4142, 41397, '2018-03-28', 572, 535, '800.00'),
(4143, 41403, '2018-03-28', 1323, 111, '500.00'),
(4144, 41403, '2018-03-28', 1323, 39, '300.00'),
(4145, 41474, '2018-03-29', 580, 461, '650.00'),
(4146, 41476, '2018-03-29', 544, 502, '1600.00'),
(4147, 41479, '2018-03-29', 1435, 475, '350.00'),
(4148, 41480, '2018-03-30', 572, 458, '800.00'),
(4149, 41629, '2018-03-07', 154, 21, '200.00'),
(4150, 41630, '2018-03-08', 170, 475, '150.00'),
(4151, 41631, '2018-03-10', 139, 41, '2200.00'),
(4152, 41625, '2018-04-02', 524, 501, '4250.00'),
(4153, 41835, '2018-03-14', 540, 214, '430.00'),
(4154, 41859, '2018-03-22', 1320, 83, '588.00'),
(4155, 41860, '2018-03-22', 1330, 26, '120.00'),
(4156, 42103, '2018-04-11', 572, 501, '450.00'),
(4157, 42180, '2018-03-31', 539, 37, '600.00'),
(4158, 42180, '2018-03-31', 539, 406, '200.00'),
(4159, 42183, '2018-03-31', 1197, 26, '120.00'),
(4160, 42217, '2018-03-12', 21, 41, '150.00'),
(4161, 42230, '2018-03-20', 170, 475, '150.00'),
(4162, 42231, '2018-03-20', 89, 475, '150.00'),
(4163, 42233, '2018-03-24', 170, 475, '150.00'),
(4164, 42236, '2018-03-24', 89, 475, '150.00'),
(4165, 42249, '2018-03-31', 154, 62, '860.00'),
(4166, 42253, '2018-03-31', 141, 41, '2400.00'),
(4167, 42255, '2018-03-31', 278, 41, '1400.00'),
(4168, 42256, '2018-03-31', 139, 41, '300.00'),
(4169, 42263, '2018-04-09', 278, 475, '150.00'),
(4170, 42264, '2018-04-10', 170, 475, '150.00'),
(4171, 42265, '2018-04-11', 21, 475, '150.00'),
(4172, 42266, '2018-04-11', 89, 475, '150.00'),
(4173, 42267, '2018-04-12', 287, 475, '150.00'),
(4174, 42268, '2018-04-14', 21, 475, '150.00'),
(4175, 42413, '2018-04-07', 1320, 515, '960.00'),
(4176, 42419, '2018-04-05', 1477, 442, '368.00'),
(4177, 42419, '2018-04-05', 1477, 165, '645.00'),
(4178, 42476, '2018-04-04', 1247, 30, '800.00'),
(4179, 42477, '2018-04-04', 1243, 459, '1020.00'),
(4180, 42505, '2018-03-28', 1310, 467, '430.00'),
(4181, 42869, '2018-03-12', 652, 180, '150.00'),
(4182, 42871, '2018-03-14', 256, 135, '20600.00'),
(4183, 42872, '2018-03-15', 256, 165, '1100.00'),
(4184, 42873, '2018-03-15', 828, 475, '550.00'),
(4185, 42874, '2018-03-16', 828, 209, '170.00'),
(4186, 42878, '2018-03-18', 695, 125, '260.00'),
(4187, 42885, '2018-03-21', 256, 465, '300.00'),
(4188, 42892, '2018-03-22', 256, 132, '500.00'),
(4189, 42892, '2018-03-22', 256, 364, '850.00'),
(4190, 42927, '2018-03-27', 256, 165, '1376.00'),
(4191, 42928, '2018-03-27', 1031, 93, '2000.00'),
(4192, 42953, '2018-04-01', 544, 406, '650.00'),
(4193, 42955, '2018-04-01', 1389, 475, '280.00'),
(4194, 43000, '2018-04-20', 1243, 19, '4300.00'),
(4195, 43003, '2018-04-21', 1243, 545, '321.00'),
(4196, 43030, '2018-04-02', 1389, 18, '640.00'),
(4197, 43033, '2018-04-02', 1226, 479, '1200.00'),
(4198, 43033, '2018-04-02', 1226, 205, '650.00'),
(4199, 43033, '2018-04-02', 1226, 486, '300.00'),
(4200, 43033, '2018-04-02', 1226, 297, '500.00'),
(4201, 43033, '2018-04-02', 1226, 481, '950.00'),
(4202, 43033, '2018-04-02', 1226, 485, '100.00'),
(4203, 43034, '2018-04-03', 572, 19, '180.00'),
(4204, 43036, '2018-04-03', 1389, 368, '500.00'),
(4205, 43036, '2018-04-03', 1389, 475, '380.00'),
(4206, 43170, '2018-04-30', 520, 338, '150.00'),
(4207, 43171, '2018-04-30', 539, 37, '650.00'),
(4208, 43172, '2018-04-15', 154, 475, '150.00'),
(4209, 43175, '2018-04-30', 1389, 151, '1050.00'),
(4210, 43176, '2018-04-16', 154, 41, '250.00'),
(4211, 43177, '2018-04-16', 21, 41, '250.00'),
(4212, 43181, '2018-04-17', 21, 475, '100.00'),
(4213, 43184, '2018-04-19', 154, 475, '150.00'),
(4214, 43187, '2018-04-21', 141, 41, '450.00'),
(4215, 43188, '2018-04-21', 211, 475, '100.00'),
(4216, 43189, '2018-04-21', 21, 41, '800.00'),
(4217, 43405, '2018-05-02', 21, 475, '150.00'),
(4218, 43406, '2018-05-05', 154, 475, '150.00'),
(4219, 43407, '2018-05-05', 211, 475, '150.00'),
(4220, 43440, '2018-04-01', 626, 1, '860.00'),
(4221, 43555, '2018-05-01', 572, 475, '380.00'),
(4222, 43559, '2018-05-01', 1435, 216, '650.00'),
(4223, 43563, '2018-04-12', 572, 402, '4500.00'),
(4224, 43565, '2018-04-12', 539, 49, '350.00'),
(4225, 43567, '2018-04-12', 1435, 105, '150.00'),
(4226, 43567, '2018-04-12', 1435, 19, '400.00'),
(4227, 43569, '2018-04-12', 1389, 90, '8000.00'),
(4228, 43569, '2018-04-12', 1389, 19, '400.00'),
(4229, 43573, '2018-04-13', 522, 37, '600.00'),
(4230, 43573, '2018-04-13', 522, 406, '800.00'),
(4231, 43814, '2018-04-05', 572, 437, '120.00'),
(4232, 43815, '2018-04-05', 522, 475, '120.00'),
(4233, 43816, '2018-04-05', 544, 37, '650.00'),
(4234, 43820, '2018-04-05', 1323, 113, '200.00'),
(4235, 43820, '2018-04-05', 1323, 56, '1000.00'),
(4236, 43821, '2018-04-05', 1435, 475, '240.00'),
(4237, 43822, '2018-05-07', 89, 475, '150.00'),
(4238, 43823, '2018-05-07', 261, 475, '150.00'),
(4239, 43825, '2018-05-08', 287, 475, '150.00'),
(4240, 43827, '2018-05-09', 154, 475, '150.00'),
(4241, 43829, '2018-05-12', 154, 41, '800.00'),
(4242, 43830, '2018-05-13', 287, 475, '150.00'),
(4243, 43847, '2018-05-14', 141, 41, '1300.00'),
(4244, 43888, '2018-04-06', 580, 5, '650.00'),
(4245, 43889, '2018-04-07', 544, 543, '660.00'),
(4246, 43889, '2018-04-07', 544, 248, '300.00'),
(4247, 43892, '2018-04-07', 1389, 26, '100.00'),
(4248, 43892, '2018-04-07', 1389, 25, '130.00'),
(4249, 43892, '2018-04-07', 1389, 392, '650.00'),
(4250, 43898, '2018-04-08', 520, 248, '550.00'),
(4251, 43899, '2018-04-08', 539, 57, '120.00'),
(4252, 43899, '2018-04-08', 539, 43, '1500.00'),
(4253, 43901, '2018-04-08', 1389, 173, '650.00'),
(4254, 43902, '2018-04-08', 1197, 248, '1150.00'),
(4255, 43902, '2018-04-08', 1197, 235, '550.00'),
(4256, 43903, '2018-04-09', 522, 25, '380.00'),
(4257, 43903, '2018-04-09', 522, 534, '1450.00'),
(4258, 43910, '2018-04-09', 572, 494, '1430.00'),
(4259, 43910, '2018-04-09', 572, 534, '1450.00'),
(4260, 43910, '2018-04-09', 572, 543, '650.00'),
(4261, 43913, '2018-04-09', 1389, 120, '850.00'),
(4262, 43914, '2018-04-10', 539, 37, '650.00'),
(4263, 43914, '2018-04-10', 539, 534, '1450.00'),
(4264, 43915, '2018-04-10', 1389, 454, '450.00'),
(4265, 43918, '2018-04-11', 1435, 275, '450.00'),
(4266, 43918, '2018-04-11', 1435, 30, '500.00'),
(4267, 43918, '2018-04-11', 1435, 458, '200.00'),
(4268, 43921, '2018-04-14', 580, 19, '450.00'),
(4269, 43991, '2018-04-16', 520, 19, '400.00'),
(4270, 44025, '2018-04-16', 539, 396, '1300.00'),
(4271, 44025, '2018-04-16', 539, 49, '950.00'),
(4272, 44026, '2018-04-16', 580, 475, '200.00'),
(4273, 44026, '2018-04-16', 580, 451, '250.00'),
(4274, 44066, '2018-04-17', 544, 433, '250.00'),
(4275, 44066, '2018-04-17', 544, 432, '650.00'),
(4276, 44090, '2018-05-19', 544, 521, '600.00'),
(4277, 44157, '2018-05-18', 1219, 223, '7200.00'),
(4281, 44209, '2018-04-17', 1389, 433, '250.00'),
(4279, 44172, '2018-05-20', 1197, 475, '240.00'),
(4280, 44204, '2018-05-20', 539, 432, '650.00'),
(4282, 44210, '2018-04-17', 572, 433, '250.00'),
(4283, 44211, '2018-04-17', 522, 433, '250.00'),
(4284, 44219, '2018-04-17', 1323, 546, '250.00'),
(4285, 44220, '2018-04-17', 520, 549, '1800.00'),
(4286, 44220, '2018-04-17', 520, 550, '1200.00'),
(4287, 44220, '2018-04-17', 520, 551, '800.00'),
(4288, 44220, '2018-04-17', 520, 552, '2200.00'),
(4289, 44221, '2018-04-17', 1197, 546, '250.00'),
(4290, 44222, '2018-04-17', 1226, 546, '250.00'),
(4291, 44223, '2018-04-18', 539, 173, '3000.00'),
(4292, 44226, '2018-04-18', 1389, 167, '1200.00'),
(4293, 44228, '2018-04-19', 572, 328, '800.00'),
(4294, 44228, '2018-04-19', 572, 534, '3000.00'),
(4295, 44228, '2018-04-19', 572, 390, '1000.00'),
(4296, 44237, '2018-04-19', 520, 39, '950.00'),
(4297, 44238, '2018-04-19', 544, 47, '3000.00'),
(4298, 44238, '2018-04-19', 544, 500, '800.00'),
(4299, 44238, '2018-04-19', 544, 547, '650.00'),
(4300, 44239, '2018-04-19', 1197, 118, '400.00'),
(4301, 44239, '2018-04-19', 1197, 112, '300.00'),
(4302, 44239, '2018-04-19', 1197, 468, '200.00'),
(4303, 44239, '2018-04-19', 1197, 467, '700.00'),
(4304, 44240, '2018-04-19', 1435, 250, '700.00'),
(4305, 44240, '2018-04-19', 1435, 204, '800.00'),
(4306, 44240, '2018-04-19', 1435, 184, '200.00'),
(4307, 44240, '2018-04-19', 1435, 361, '450.00'),
(4308, 44240, '2018-04-19', 1435, 479, '1200.00'),
(4309, 44240, '2018-04-19', 1435, 299, '1000.00'),
(4310, 44240, '2018-04-19', 1435, 237, '550.00'),
(4311, 44369, '2018-04-20', 580, 406, '650.00'),
(4312, 44372, '2018-04-21', 572, 547, '650.00'),
(4313, 44372, '2018-04-21', 572, 39, '740.00'),
(4314, 44375, '2018-04-21', 1197, 208, '250.00'),
(4315, 44375, '2018-04-21', 1197, 263, '250.00'),
(4316, 44377, '2018-04-22', 520, 477, '450.00'),
(4317, 44378, '2018-04-22', 539, 19, '300.00'),
(4318, 44378, '2018-04-22', 539, 263, '320.00'),
(4319, 44379, '2018-04-22', 580, 406, '650.00'),
(4320, 44382, '2018-04-25', 544, 499, '450.00'),
(4321, 44383, '2018-04-25', 580, 547, '650.00'),
(4322, 44385, '2018-04-26', 539, 426, '650.00'),
(4323, 44385, '2018-04-26', 539, 532, '550.00'),
(4324, 44386, '2018-04-26', 520, 380, '200.00'),
(4325, 44386, '2018-04-26', 520, 513, '1450.00'),
(4326, 44388, '2018-04-26', 1389, 475, '200.00'),
(4327, 44395, '2018-04-27', 572, 547, '650.00'),
(4328, 44421, '2018-04-28', 539, 426, '650.00'),
(4329, 44422, '2018-04-28', 580, 19, '300.00'),
(4330, 44423, '2018-04-28', 1389, 475, '420.00'),
(4331, 44423, '2018-04-28', 1389, 445, '400.00'),
(4332, 44425, '2018-04-29', 572, 547, '650.00'),
(4333, 44427, '2018-04-23', 572, 223, '650.00'),
(4334, 44427, '2018-04-23', 572, 96, '450.00'),
(4335, 44428, '2018-04-23', 544, 534, '1450.00'),
(4336, 44429, '2018-04-23', 1226, 208, '220.00'),
(4337, 44429, '2018-04-23', 1226, 23, '110.00'),
(4338, 44430, '2018-04-23', 1435, 263, '300.00'),
(4339, 44431, '2018-04-23', 1389, 19, '800.00'),
(4340, 44568, '2018-05-02', 520, 19, '200.00'),
(4341, 44568, '2018-05-02', 520, 406, '650.00'),
(4342, 44569, '2018-05-02', 1389, 475, '180.00'),
(4343, 44571, '2018-05-02', 1226, 43, '350.00'),
(4344, 44571, '2018-05-02', 1226, 458, '400.00'),
(4345, 44571, '2018-05-02', 1226, 30, '450.00'),
(4346, 44576, '2018-05-03', 572, 475, '120.00'),
(4347, 44576, '2018-05-03', 572, 19, '1900.00'),
(4348, 44580, '2018-05-03', 580, 342, '400.00'),
(4349, 44580, '2018-05-03', 580, 346, '400.00'),
(4350, 44580, '2018-05-03', 580, 47, '1450.00'),
(4351, 44581, '2018-05-03', 1389, 121, '80.00'),
(4352, 44589, '2018-05-04', 520, 499, '3000.00'),
(4353, 44589, '2018-05-04', 520, 390, '500.00'),
(4354, 44589, '2018-05-04', 520, 502, '2000.00'),
(4355, 44593, '2018-05-04', 1435, 425, '650.00'),
(4356, 44614, '2018-05-05', 1226, 406, '650.00'),
(4357, 44615, '2018-05-06', 539, 458, '1000.00'),
(4358, 44615, '2018-05-06', 539, 555, '1200.00'),
(4359, 44615, '2018-05-06', 539, 548, '650.00'),
(4360, 44616, '2018-05-06', 522, 556, '110.00'),
(4361, 44617, '2018-05-06', 520, 556, '120.00'),
(4362, 44618, '2018-05-07', 544, 72, '600.00'),
(4363, 44619, '2018-05-07', 1389, 547, '650.00'),
(4364, 44621, '2018-05-07', 522, 554, '300.00'),
(4365, 44622, '2018-05-08', 520, 559, '1000.00'),
(4366, 44623, '2018-05-08', 580, 558, '900.00'),
(4367, 44624, '2018-05-08', 544, 559, '1200.00'),
(4368, 44625, '2018-05-08', 1197, 557, '650.00'),
(4369, 44630, '2018-05-09', 544, 559, '2000.00'),
(4370, 44632, '2018-05-09', 1197, 554, '400.00'),
(4371, 44640, '2018-05-10', 539, 559, '650.00'),
(4372, 44640, '2018-05-10', 539, 461, '850.00'),
(4373, 44646, '2018-05-10', 1389, 478, '650.00'),
(4374, 44646, '2018-05-10', 1389, 447, '900.00'),
(4375, 44646, '2018-05-10', 1389, 549, '2900.00'),
(4376, 44646, '2018-05-10', 1389, 481, '650.00'),
(4377, 44647, '2018-05-10', 1323, 468, '300.00'),
(4378, 44647, '2018-05-10', 1323, 204, '1000.00'),
(4379, 44647, '2018-05-10', 1323, 118, '650.00'),
(4380, 44647, '2018-05-10', 1323, 112, '550.00'),
(4381, 44647, '2018-05-10', 1323, 549, '1200.00'),
(4382, 44648, '2018-05-10', 1226, 475, '150.00'),
(4383, 44652, '2018-05-11', 1435, 57, '120.00'),
(4384, 44654, '2018-05-12', 1389, 275, '450.00'),
(4385, 44655, '2018-05-12', 1226, 475, '250.00'),
(4386, 44655, '2018-05-12', 1226, 406, '650.00'),
(4387, 44658, '2018-05-13', 544, 546, '220.00'),
(4388, 44658, '2018-05-13', 544, 475, '120.00'),
(4389, 44658, '2018-05-13', 544, 406, '650.00'),
(4390, 44659, '2018-05-13', 572, 546, '220.00'),
(4391, 44661, '2018-05-13', 580, 546, '220.00'),
(4392, 44671, '2018-05-13', 1226, 546, '220.00'),
(4393, 44672, '2018-05-13', 1197, 546, '220.00'),
(4394, 44673, '2018-05-14', 522, 25, '240.00'),
(4395, 44674, '2018-05-14', 539, 406, '650.00'),
(4396, 44676, '2018-05-14', 1435, 450, '650.00'),
(4397, 44676, '2018-05-14', 1435, 309, '350.00'),
(4398, 44676, '2018-05-14', 1435, 418, '1600.00'),
(4399, 44677, '2018-05-15', 572, 72, '650.00'),
(4400, 44680, '2018-05-16', 1226, 72, '650.00'),
(4401, 44680, '2018-05-16', 1226, 76, '650.00'),
(4402, 44680, '2018-05-16', 1226, 69, '600.00'),
(4403, 44680, '2018-05-16', 1226, 481, '1250.00'),
(4404, 44680, '2018-05-16', 1226, 486, '1300.00'),
(4405, 44680, '2018-05-16', 1226, 515, '650.00'),
(4406, 44682, '2018-05-17', 572, 554, '400.00'),
(4407, 44683, '2018-05-17', 544, 47, '2000.00'),
(4408, 44688, '2018-05-18', 539, 515, '700.00'),
(4409, 44688, '2018-05-18', 539, 516, '100.00'),
(4410, 44688, '2018-05-18', 539, 406, '1200.00'),
(4411, 44767, '2018-05-17', 154, 475, '150.00'),
(4412, 44921, '2018-05-22', 261, 475, '150.00'),
(4413, 44923, '2018-05-27', 154, 475, '450.00'),
(4414, 44923, '2018-05-27', 154, 41, '2800.00'),
(4415, 44934, '2018-05-03', 1242, 63, '903.00'),
(4416, 44934, '2018-05-03', 1242, 476, '322.00'),
(4417, 45067, '2018-05-21', 572, 554, '600.00'),
(4418, 45069, '2018-05-21', 1197, 120, '650.00'),
(4419, 45069, '2018-05-21', 1197, 93, '3400.00'),
(4420, 45069, '2018-05-21', 1197, 163, '650.00'),
(4421, 45069, '2018-05-21', 1197, 87, '2800.00'),
(4422, 45071, '2018-05-22', 520, 553, '2000.00'),
(4423, 45072, '2018-05-22', 1389, 443, '1100.00'),
(4424, 45115, '2018-06-04', 767, 445, '1000.00'),
(4425, 45116, '2018-06-04', 1219, 542, '1000.00'),
(4426, 45117, '2018-06-04', 1216, 380, '1000.00'),
(4427, 45119, '2018-06-04', 766, 30, '2200.00'),
(4428, 45196, '2018-06-05', 771, 31, '500.00'),
(4429, 45242, '2018-06-05', 1232, 111, '2000.00'),
(4430, 45243, '2018-06-05', 1231, 30, '1200.00'),
(4431, 45245, '2018-06-05', 576, 47, '3000.00'),
(4432, 45246, '2018-06-05', 1208, 185, '900.00'),
(4433, 45319, '2018-06-02', 563, 494, '700.00'),
(4434, 45319, '2018-06-02', 563, 190, '700.00'),
(4435, 45381, '2018-05-10', 1428, 294, '9500.00'),
(4436, 45381, '2018-05-10', 1428, 443, '1300.00'),
(4437, 45404, '2018-05-14', 1187, 86, '1500.00'),
(4438, 45405, '2018-05-14', 1479, 296, '740.00'),
(4439, 45439, '2018-06-01', 170, 475, '200.00'),
(4440, 45441, '2018-06-05', 154, 475, '150.00'),
(4441, 45446, '2018-06-09', 278, 475, '150.00'),
(4442, 45447, '2018-06-09', 154, 475, '150.00'),
(4443, 45535, '2018-06-09', 1187, 63, '690.00'),
(4444, 45677, '2018-05-22', 1243, 455, '1828.00'),
(4445, 45689, '2018-05-22', 1477, 428, '1600.00'),
(4446, 45734, '2018-05-16', 1320, 440, '2400.00'),
(4447, 45860, '2018-06-12', 1477, 86, '1075.00'),
(4448, 45883, '2018-05-23', 572, 548, '500.00'),
(4449, 45883, '2018-05-23', 572, 49, '300.00'),
(4450, 45884, '2018-05-23', 1197, 121, '80.00'),
(4451, 45885, '2018-05-24', 520, 131, '120.00'),
(4452, 45885, '2018-05-24', 520, 548, '650.00'),
(4453, 45888, '2018-05-25', 572, 542, '1500.00'),
(4454, 45888, '2018-05-25', 572, 547, '650.00'),
(4455, 45891, '2018-06-26', 1389, 25, '240.00'),
(4456, 45923, '2018-05-26', 520, 175, '100.00'),
(4457, 45924, '2018-05-26', 1389, 25, '240.00'),
(4458, 46022, '2018-05-27', 522, 223, '1250.00'),
(4459, 46022, '2018-05-27', 522, 87, '14000.00'),
(4460, 46023, '2018-05-27', 580, 547, '650.00'),
(4461, 46026, '2018-05-28', 539, 477, '100.00'),
(4462, 46026, '2018-05-28', 539, 406, '650.00'),
(4463, 46027, '2018-05-28', 520, 501, '400.00'),
(4464, 46028, '2018-05-29', 572, 103, '650.00'),
(4465, 46030, '2018-05-30', 522, 451, '2000.00'),
(4466, 46030, '2018-05-30', 522, 131, '200.00'),
(4467, 46030, '2018-05-30', 522, 269, '700.00'),
(4468, 46030, '2018-05-30', 522, 406, '650.00'),
(4469, 46033, '2018-05-31', 544, 406, '650.00'),
(4470, 46035, '2018-05-31', 572, 475, '130.00'),
(4471, 46036, '2018-05-31', 1435, 19, '250.00'),
(4472, 46037, '2018-05-31', 1323, 475, '130.00'),
(4473, 46038, '2018-05-31', 1197, 451, '1500.00'),
(4474, 46065, '2018-06-19', 1320, 57, '120.00'),
(4475, 46067, '2018-06-20', 1477, 57, '150.00'),
(4476, 46353, '2018-06-11', 141, 475, '150.00'),
(4477, 46354, '2018-06-11', 21, 41, '300.00'),
(4478, 46356, '2018-06-13', 141, 475, '150.00'),
(4479, 46357, '2018-06-13', 278, 475, '150.00'),
(4480, 46358, '2018-06-13', 287, 475, '150.00'),
(4481, 46359, '2018-06-19', 141, 475, '150.00'),
(4482, 46360, '2018-06-19', 154, 475, '150.00'),
(4483, 46364, '2018-06-20', 141, 475, '150.00'),
(4484, 46365, '2018-06-20', 170, 475, '200.00'),
(4485, 46366, '2018-06-21', 287, 475, '150.00');
INSERT INTO `work_cost` (`work_cost_id`, `repair_id`, `repair_date`, `product_id`, `works_id`, `work_cost`) VALUES
(4486, 46367, '2018-06-22', 141, 475, '150.00'),
(4487, 46368, '2018-06-22', 89, 475, '150.00'),
(4488, 46370, '2018-06-26', 170, 475, '150.00'),
(4489, 46371, '2018-06-26', 261, 475, '150.00'),
(4490, 46445, '2018-06-01', 522, 499, '450.00'),
(4491, 46445, '2018-06-01', 522, 502, '1200.00'),
(4492, 46446, '2018-06-02', 580, 475, '150.00'),
(4493, 46448, '2018-06-02', 1226, 295, '500.00'),
(4494, 46448, '2018-06-02', 1226, 72, '750.00'),
(4495, 46449, '2018-06-02', 1389, 19, '250.00'),
(4496, 46583, '2018-06-29', 1428, 19, '538.00'),
(4497, 46765, '2018-07-08', 1241, 560, '1011.00'),
(4498, 46771, '2018-07-05', 1310, 63, '690.00'),
(4499, 47157, '2018-07-09', 767, 122, '550.00'),
(4500, 47163, '2018-07-09', 1216, 30, '780.00'),
(4501, 47165, '2018-07-09', 1222, 99, '1980.00'),
(4502, 47166, '2018-07-09', 1234, 223, '8800.00'),
(4503, 47221, '2018-07-01', 141, 475, '150.00'),
(4504, 47222, '2018-07-01', 261, 475, '150.00'),
(4505, 47222, '2018-07-01', 261, 41, '200.00'),
(4506, 47224, '2018-07-05', 139, 475, '150.00'),
(4507, 47225, '2018-07-05', 154, 475, '150.00'),
(4508, 47227, '2018-07-09', 139, 475, '150.00'),
(4509, 47229, '2018-07-10', 287, 475, '150.00'),
(4510, 47390, '2018-07-18', 1222, 348, '9850.00'),
(4511, 47396, '2018-07-21', 765, 279, '1500.00'),
(4512, 47397, '2018-07-21', 1222, 296, '8800.00'),
(4513, 47408, '2018-07-20', 1222, 180, '8800.00'),
(4514, 47442, '2018-07-23', 519, 165, '900.00'),
(4515, 47466, '2018-07-08', 1208, 222, '1500.00'),
(4516, 47476, '2018-07-13', 1216, 552, '1300.00'),
(4517, 47745, '2018-07-19', 141, 475, '150.00'),
(4518, 47747, '2018-07-21', 141, 248, '570.00'),
(4519, 47748, '2018-07-21', 287, 248, '1140.00'),
(4520, 47750, '2018-07-25', 261, 475, '150.00'),
(4521, 47751, '2018-07-29', 261, 475, '150.00'),
(4522, 47752, '2018-07-29', 89, 475, '150.00'),
(4523, 47753, '2018-07-30', 141, 475, '150.00'),
(4524, 47755, '2018-07-31', 139, 475, '200.00'),
(4546, 48656, '2018-08-28', 1330, 494, '1500.00'),
(4526, 47909, '2018-08-07', 1243, 106, '20876.00'),
(4527, 47911, '2018-08-06', 1320, 561, '8600.00'),
(4528, 47976, '2018-07-21', 1186, 398, '1419.00'),
(4529, 48308, '2018-08-01', 139, 475, '150.00'),
(4530, 48324, '2018-08-01', 170, 475, '150.00'),
(4531, 48325, '2018-08-01', 287, 475, '150.00'),
(4532, 48326, '2018-08-01', 89, 475, '150.00'),
(4533, 48352, '2018-08-12', 278, 475, '150.00'),
(4534, 48353, '2018-08-12', 170, 475, '150.00'),
(4535, 48354, '2018-08-12', 261, 475, '150.00'),
(4536, 48355, '2018-08-13', 154, 41, '400.00'),
(4537, 48356, '2018-08-14', 261, 41, '2700.00'),
(4538, 48358, '2018-08-17', 211, 475, '300.00'),
(4539, 48359, '2018-08-17', 154, 475, '150.00'),
(4540, 48360, '2018-08-18', 141, 41, '2600.00'),
(4541, 48494, '2018-08-20', 141, 475, '200.00'),
(4542, 48496, '2018-08-24', 287, 475, '150.00'),
(4543, 48497, '2018-08-26', 154, 475, '150.00'),
(4544, 48498, '2018-08-26', 170, 475, '150.00'),
(4545, 48499, '2018-08-27', 141, 475, '150.00'),
(4547, 48657, '2018-08-28', 1412, 30, '500.00'),
(4549, 48658, '2018-08-28', 1320, 296, '930.00'),
(4550, 48914, '2018-09-03', 154, 475, '150.00'),
(4551, 48915, '2018-09-04', 287, 475, '150.00'),
(4552, 48916, '2018-09-04', 154, 475, '150.00'),
(4553, 49319, '2018-09-15', 141, 475, '150.00'),
(4554, 49320, '2018-09-15', 278, 238, '990.00'),
(4555, 49321, '2018-09-15', 211, 238, '990.00'),
(4556, 49322, '2018-09-15', 287, 238, '990.00'),
(4557, 49323, '2018-09-15', 261, 238, '990.00'),
(4558, 49430, '2018-09-19', 139, 475, '300.00'),
(4559, 49431, '2018-09-19', 211, 475, '300.00'),
(4560, 49432, '2018-09-19', 261, 475, '300.00'),
(4561, 49433, '2018-09-19', 154, 41, '1900.00'),
(4562, 49625, '2018-09-26', 141, 475, '150.00'),
(4563, 49627, '2018-09-29', 278, 218, '1500.00'),
(4564, 50145, '2018-10-11', 1479, 165, '742.00'),
(4565, 50162, '2018-10-06', 1479, 451, '1620.00'),
(4566, 50239, '2018-10-02', 1187, 63, '903.00'),
(4568, 50588, '2018-10-16', 1330, 158, '1290.00'),
(4569, 50592, '2018-10-15', 1330, 155, '850.00'),
(4570, 50702, '2018-10-17', 1241, 563, '1666.00'),
(4571, 50773, '2018-09-09', 261, 475, '150.00'),
(4572, 51004, '2018-10-21', 1241, 15, '2365.00'),
(4573, 3, '2018-11-07', 1546, 387, '3545.00'),
(4574, 0, '2018-11-08', 1548, 538, '20.00');

-- --------------------------------------------------------

--
-- Table structure for table `work_list`
--

CREATE TABLE `work_list` (
  `work_id` int(11) NOT NULL,
  `work_name` varchar(100) NOT NULL,
  `work_desc` varchar(500) NOT NULL,
  `work_remarks` varchar(200) NOT NULL
) ENGINE=InnoDB DEFAULT CHARSET=utf8;

--
-- Dumping data for table `work_list`
--

INSERT INTO `work_list` (`work_id`, `work_name`, `work_desc`, `work_remarks`) VALUES
(1, 'ইলেকট্রিক লাইন চেকিং ও মেরামত', '', ''),
(2, 'সাইড ও বাম্পার ডেন্টিং ও পেইন্টিং', '', ''),
(3, 'দরজা মেরামত', '', ''),
(4, 'হাওয়ার পাইপ খারাপ', '', ''),
(5, 'হেড লাইট খারাপ', '', ''),
(6, 'ফ্যান বেল্ট 581', '', ''),
(8, 'কার্বন ব্রাশ অলটারনেটর', '', ''),
(9, 'কার্বন হোল্ডার', '', ''),
(10, 'অলটারনেটর মেরামত', 'অলটারনেটর খারাপ', ''),
(12, 'গিয়ার বক্সের 3ং পিনিয়াম মেরামত', 'গিয়ার বক্সের 3ং পিনিয়াম খারাপ', ''),
(13, 'মেইন লিপ স্প্রিং মেরামত', 'মেইন লিপ স্প্রিং খারাপ', ''),
(14, 'জয়েন্ট টি/কভার গেজকেট', 'জয়েন্ট টি/কভার গেজকেট লাগানো হয় 1টি', ''),
(15, 'গিয়ার বক্সের কাজ', '3নং পিনিয়ন মেইন সেপট একটি নতুন সংজাজন করা হয় এবং গিয়ার বক্সের 3নং ডিসটেন্স করা হয়', ''),
(16, 'এয়ার কমপ্রেশার', 'এয়ার কমপ্রেশার পিষ্টন 1সেট সংজোজন করা হয়', ''),
(17, 'সেফট এর কাজ করা হয়', 'সেফট খারাপ হয়ে গেছে', ''),
(18, 'গিয়ার বক্স মেরামত', 'গিয়ার বক্সের মেরামত বিল', ''),
(19, 'গ্লাস ফ্রেম খোলা ফিটিং মজুরী', '', ''),
(21, 'ক্লাসে কাজ', 'ক্লাস মাস্টর সিলিন্ডার এসিম্বলী', ''),
(22, 'ক্লাচের কাজ', 'ক্লাস ফেসিং নতুন হোল করে একটি পুরাতন ক্লাস ডিস্কে রিভিট ধারা ফিটিং মজুরী', ''),
(23, 'হাওয়ার মেইন টেংকি লিক', 'হাওয়ার মেইন টেংকি জ্বালাই করা হয়', ''),
(25, 'টায়ার মেরামত', '', ''),
(26, 'হাওয়ার পাইপ ওয়েল্ডিং', '', ''),
(27, 'টেল ক্রাউন মেরামত', '1। হান্ডির পাইলট বেয়ারিং জায়গা ওয়েলডিং কাটিং ও মেশিনিং \r\n2। টেইলের বেয়ারিং জায়গা ওয়েলডিং কাটিং \r\n3। টেইলের জোড়া বেয়ারিং এর হাউজিং এর ওয়েলসিল জায়গা ওয়েলডিং কাটিং \r\n4। টেল ক্রাউন এডজাষ্ট মেলানো\r\n5। প্রেপেলার শ্যাফ্ট টাল সোজা', ''),
(28, 'clach servo kit', '', ''),
(29, 'পাতী ওয়েল্ডিং', '', ''),
(30, 'পাতি খোলা ফিটিং', '', ''),
(31, 'ক্লাচ ফেসিং মেরামত', '1 সেট ক্লাচ ফেসিং নতুন হোল করে 1টি পুরাতন ক্লাচ ডিক্সে রিভিট দ্বারা াফাটং মজুরী', ''),
(32, 'ভেন পাম্প ও ছকেট  এর প্যাচ নতুন তৈরী', '', ''),
(33, 'টার্বো চার্জার মেরামত করা মজুরী', '', ''),
(34, 'ইউ ক্লাম খোলা ফিটিং মজুরী', '', ''),
(35, 'ব্রেক ড্রাম কাটিং পালিশ করা মজুরী', '', ''),
(36, 'ক্লাচ প্লেট রিপিয়ারিং করা মজুরী', '', ''),
(37, 'ইঞ্জিন কোরস্ খোলা ফিটিং  ও কোরস্ জ্বালাই', '', ''),
(38, 'পাম্প ও নজেল টেষ্টিং চার্জ', '', ''),
(39, 'স্প্রীং পাতি ওয়েল্ডিং', '', ''),
(40, 'সিট,হেলনা,ফোম আইকা দ্বারা মেরামত এবং নতুন কাপড় দ্বারা হেলনার টুপি তৈরী করা মজুরী', '', ''),
(41, 'রানিং মেরামত', '', ''),
(42, 'ইঞ্জনের মালামাল মেরামত', '12 টি ইঞ্জিন হাউজিং এর ষ্টিক নাট সহ খোলা ফিটিং করা \r\n2। 6টি কনেকটিং এর নতুন বুশ খোলা ফিটিং এবং রিমা রিং করা\r\n3। ফ্লাইহুইল টার্নিং করা \r\n4। এয়ার কমপ্রেশার নতুন বুশ খোলা ফিটিং এবং রিমারিং করা \r\n5। আইডেল নতুন বুশ খোলা ফিটিং ও পোলিশ করা', ''),
(43, 'মেইন পাতি জ্বালাই', '', ''),
(44, 'ইঞ্জিন হেড মেরামত', '', ''),
(45, 'ডিজেল ওভার ফ্রু পাইপ ওয়েল্ডিং করা', '', ''),
(46, 'টাইরডের এন মেরামত', '', ''),
(47, 'ব্যালেন্স রড বুশ তৈরী করা মজুরী', '', ''),
(48, 'সামনের গ্লাস ফ্রেম নতুন তৈরী করা মজুরী', '', ''),
(49, 'এয়ার বেলুনের বাটি মেরামত করা মজুরী', '', ''),
(50, 'হেঙ্গার খোলা ফিটিং', '', ''),
(51, 'ক্রস খোলা ফিটিং ও বাটি জ্যাম করা প্রোপেলার শ্যাফট এর কাজ', '', ''),
(52, 'পাম্প টেষ্টিং', '', ''),
(53, 'plug Filter', '', ''),
(54, 'পাইপ পিতল দ্বার গ্যাস ওয়েল্ডিং করা', '', ''),
(55, 'ক্লাচ ফেসিং রিপিট করা মজুরী', '', ''),
(56, 'বুষ্টার খোলা ফিটিং ও পাইপ ফিটিং মজুরী', '', ''),
(57, 'ক্লাচ পাইপ ওয়েল্ডিং করা', '', ''),
(58, 'চাকার স্টীক লাগানো মজুরী', '', ''),
(59, 'স্টায়ারিং কলমর ম্যাসুয়াল বক্সে তৈরী মজুরী', '', ''),
(60, 'স্টায়ারিং কলমের 03টি দাত লাগানো মজুরী', '', ''),
(61, 'পাওয়ার ওয়েল পাইপ 4 পয়েন্ট জ্বালাই', '', ''),
(62, 'নজেল টেষ্টিং', '', ''),
(63, 'সেল্পের বুশ তৈরী করা মজুরী', '', ''),
(64, 'ব্যান্ড পাইপ জালাই করা মজুরী', '', ''),
(65, 'বুশ তৈর করা মজুরী', '', ''),
(66, 'গদি বানানো মজুরী', '', ''),
(67, '1 সেট ক্লাস ফেসিং নতুন হোল করে 1টি পুরাতন ক্লাচ ডিস্কে রিপিট দ্বারা ফিটিং মজুরী', '', ''),
(68, 'এয়ার কুলার এর কান ঝালাই', 'এয়ার কুলার এর কান ঝালাই', ''),
(69, 'গিয়ার বক্স খারাপ', '3টি গিয়ার হাই করা, \r\n3টি গিয়ার জ্যাম করা, \r\n1টি গিয়ার ওয়াসার ষ্ট্যান্ডার করা\r\n1সেট মেইন শ্যাফট গজাগজি সেটিং \r\n1টি টপ শ্যাফট ষ্টান্ডার করা\r\n1টি মেইন শ্যাফ্ট ষ্ট্যান্ডার্ড করা । \r\n3টি পিনিয়নের ফেইস ষ্ট্যান্ডার করা \r\n1সেট ক্লাচ ফেসিং নতুন হোল করে পুরাতন ক্লাচ ডিস্কে রিভিট দ্বারা ফিটিং মজুরী', ''),
(70, 'গিয়ার বক্স এর মালামাল মেরামত', '', '3টি গিয়ার হােই করা \r\n3টি গিয়ার জ্যাম করা\r\n1টি গিয়ার ওয়াশার ষ্ট্যান্ডার করা\r\n1সেট মেইন শ্যাফট গজাগজি সেটিং\r\n1টি টপ শ্যাফট ষ্ট্যান্ডার্ড করা\r\n1টি মেইন শ্যাফট ষ্টান্ডার্ড করা\r\n3টি পিনিয়নের ফেইস ষ্ট্যান্ড'),
(72, 'যাত্রীর সিট জ্বালাই মজুরী', '', ''),
(73, 'ক্রাউনের পিনিয়ন পলিশ , ক্রাউনের ক্রস পিনিয়ন পলিশ ও কাটিং ,সাইড পিনিয়ন পলিশ', '', ''),
(74, 'কাউন্টার পিনিয়ন 33 দাত', '', ''),
(75, 'গিয়ার বক্স এর টেল ক্রাউন এর কাজ', '1টি মেইন শ্যাফট 14 মাথা থ্রেড নতুন তৈরী\r\n1টি মেইন শ্যাফট দাতী নতুন তৈরী\r\n1টি ক্রউন্টার শ্যাফট 5 মাথা থ্রেড নতুন তৈরী\r\n1টি টেলের ফ্লাঞ্চ ওয়েলসীল জায়গা ষ্ট্যান্ডার করা', ''),
(76, 'মেইন শ্যাফট খারাপ', 'মেইন শ্যাফট 14 মাথা নতুন তৈরী1টি\r\n1টি মেইন শ্যাফট দাতী নতুন তৈরী', ''),
(77, 'ক্লাচ খারাপ', '1 সেট ক্লাচ ফেসিং নতুন হোল করে 1টি পুরাতন ক্লাচ ডিস্কে রিভিটস দ্বারা \r\nফিটিং মজুরী এবং 1টি প্রেশার প্লেটের ডায়াফরম রিপেয়ার', ''),
(79, 'প্রোপলার শ্যাফট এর শব্দ খারাপ', 'প্রোপেলার শ্যাফট এর থ্রেটের জায়গা ওয়েল্ডিং কাটিং \r\n1টি প্রোপেলার শ্যাফট এর থ্যেট নতুন তৈরী ও নাট নতুন তৈরী', ''),
(80, 'এফ আই পাম্প', '1টি ফুয়েল পাম্প খোলা ফিটিং, টেষ্টিং, কেলিভারেশন চার্জ, \r\n1টি ক্যামশ্যাফট মেরামত চার্জ\r\n6াট প্লানজার ও ডেলিভারী ভাল্ব পলিশ চার্জ \r\nপাম্প বডি মেরামত চার্জ', ''),
(81, 'রেডিয়েটর খারাপ', 'রেডিয়েটর লিক ঝালাই ও রেডিয়েটর পা্বপি ঝালাই', ''),
(82, 'গিয়ারের কাজ', '1টি গিয়ার পিনিয়ন বুশের জায়গা পলিশ', ''),
(83, 'টপকভারের কাজ', '1টি টপ কভার চাপা', ''),
(84, 'অয়েল প্রেসার', '', ''),
(85, 'কবজা', '', ''),
(86, 'কানেন্টিং বুশ খোলা ফিটিং মজুরী', '', ''),
(87, 'হেড সিট  কাটিং করিয়া পলিশ করা মজুরী', '', ''),
(88, 'সিট গ্রান্ডিং মজুরী', '', ''),
(90, 'বডি মেরামত ও ডেন্টিং পেন্টিং', 'সম্পূর্ণ ছিটের ডেলনা ডেকোরেশন মেরামত মজুরী , 2ই সাইড স্ট্রাকচার সহ মেরামত করা হয় , পিছন সাইড স্ট্রাকচার সহ মেরামত করা হয় , ছাদ স্ট্রাকচার সহ মেরামত করা হয় । পিছনের বাম্পার নতুন তৈরী করা হয় ।পিছনের ছাদের সিড়ি মেরামত করা হয় । ডান সাইডের 4টি ডালা মেরামতম করা হয় , সামনের সু নতুন তৈরী, সামনের উইন্ডশীল্ড গ্লাস ফ্রেম নতুন তৈরীি, সামনের 2টি মেইন খুটি নতুনি তৈরী, যাত্রী গেইট মেরামত করা হয় , যাত্রী সিড়ি মেরামত করা হয়, ছদের সিলিং ডেকোরেশন করা হয় ,যাত্রী সিট মেরামত করা হয় ।সম্পূনূ গাড়িটি এনামেল পুটিং দ্বারা', ''),
(91, 'টািই রড/প্রশ রড ও ক্রাংক শ্যাফট এর পিনিয়ন কাজের নাম', 'প্রশ রড িএর কিট নতুন তৈরী ও রিপেয়ার এবং ক্রাং শ্যাফট এর পিনিয়ন রিপেয়ার (স্লিপ তৈরী)', ''),
(92, 'পাওয়ার েোয়ল পাইপ খারাপ', 'পাওয়ার ওয়েল পাইপ 2ই মাথা 8. 5‘’*4.3’’  নতুন তৈরী', ''),
(93, 'ইঞ্জিনের কাজ', '12টি ইঞ্জিন হেড এর সিট তৈরী, )12টি ই/ঞ্জন হেড এর গাইড তৈরী , 12টি ইঞ্জিন হেড এর ভাল্ব গ্রান্ডিং ,12টি ইঞ্জিন হেড এর সিট কাটিং, 12টি ইঞ্জিন হেড এর স্প্রিং চাবি খোলা ফিটিং', ''),
(94, 'ইঞ্জিন হেড ও কানেকটিং', 'ইঞ্জিন হেড এর গাইড তরী,ৈইঞ্জিন হেড এর সিট তৈরী, ইঞ্জিন হেড এর সিট কাটিং, ইঞ্জিন হেড এর ভাল্ব গ্রান্ডিং, ইঞ্জিন হেড এর স্প্রিং চাবি খোলা ফিটিং, 1টি ইঞ্জিন হেড এর টাল চেক করা , 6টি কানেকটিং এর বেয়ারিং এর মাখ্খি তৈরী', ''),
(95, 'পিস্টন পলিস', '', ''),
(96, 'হাইড্রোলিক বুস্টার স্লিপ', '', ''),
(97, 'কম্পেসার ম্যাগনেট কয়েল নতুন বানানো', '', ''),
(98, 'রেডিয়েটর মোরামত', '', ''),
(99, 'এফ আই পাম্পের কাজ', 'পাম্প খোলা ফিটিং টেষ্টি ও ডেলিভারী চার্জ\r\nপ্লাঞ্জার +ডেলীভারী ভাল্ব পলিশ চার্জ\r\nবডি মেরামত চার্জ\r\nনজেল গ্রান্ডিং ও ফিনিশিং চার্জ', ''),
(100, 'টেইল ক্রউনের কাজ', 'টেইল ক্রাউনের নাটের থ্রেট তৈরী', ''),
(101, 'ক্লাচ ফেসিং', 'ক্লাচ ফেসিং ফিটিং মজুরী', ''),
(102, 'হাওয়ার পাইপ', '', ''),
(103, 'সিট ও ড্যাস বোর্ডের কাজ', 'সম্পূর্ণ সিট ও ড্যাস বোর্ড মেরামত নতুন রেকসিন দিয়ে মজুরী বাবদ', ''),
(104, 'ষ্টিয়ারিং বক্সের কাজ', 'পাওয়ার বক্সের নাট খোলা ফিটিং', ''),
(105, 'পাইপ জালাই', '', ''),
(106, 'ইঞ্জিন মেশিনিং কাজ', '12টি হেড সিট ফিটিং হেড সাইট ফিটিং , হেড সিট কাটিং গ্রান্ডিং , হেড সার্ভিসিং ও হেড স্প্রিং ফিটিং 6টি কানেকটিং বুশ ফিটিং বারিং', ''),
(107, 'হেড মেরামত', '', ''),
(108, 'ফেসিং রিপিট', '', ''),
(109, 'প্রেসার প্লেট কাটিং করা ও পালিশ করা মজুরী,বুশ খোলা ও ফিটিং মজুরী 01টা,নতুন বিয়ারিং ফিটিং করা-1টা', '', ''),
(110, 'ইঞ্জিনের নতুন মালামাল ফিটিং ও মেশিনিং কাজ', 'হেড সিট ফিটিং ,হেড গাইড খোলা ফিটিং হেড সিট কাটিং ও গ্রান্ডিং হেড সারফেজ স্প্রিং ফিজি স্লিভ খোলা ফিটিং , স্লিভ বরিং ও হলিং ব্লক কান সাইড ওয়েল্ডিং গ্রান্ডিং 2 সাইড', ''),
(111, 'স্প্রীং পাতি খোলা ফিটিং', '', ''),
(112, 'প্রেসার প্লেট  মেরামত', '', ''),
(113, 'বুষ্টার মেরামত', '', ''),
(114, 'ফুয়েল পাম্প মেরামত', '', ''),
(115, 'হাবসের কাজ', '', ''),
(116, 'Ac Electric Board Repairing', '', ''),
(117, 'প্রেসার প্লেট ও গিয়ার বক্সের কাজ', '', ''),
(118, 'ফ্লাই হুইল পলিশ', '', ''),
(119, 'ব্রেক একজাস্টার', '', ''),
(120, 'বাম্পার মেরামত', '', ''),
(121, 'ডিজেল পাইপ ওয়েল্ডিং করা মজুরী', '', ''),
(122, 'চেসিস মেরামত কাজ করা', '', ''),
(123, 'giarlabar sprig', '', ''),
(124, 'giarlibar spirig', '', ''),
(125, 'রেডিয়েটর', 'রেডিয়েটর ওয়াশ , রেডিয়েটর লিক ঝালাই (টিউব) পিতলের হুজ পাইপ নতুন সংযোজন', ''),
(126, 'গ্যাস লসলিন্ডার ও ফিলিং ভাল্ব', 'গ্যাস সিলিন্ডার রিপেয়ার 1টি\r\nফিলিং ভাল্ব রিপেয়ার 1টি', ''),
(127, 'টাইরডের কাজ', 'টাইরড মাথা রিপেয়ারিং', ''),
(128, 'টুপি তৈরী করা মজুরী', '', ''),
(129, 'হেলনা মেরামত করা মজুরী', '', ''),
(130, 'রিলিজ বেয়ারিং বাফস ও রেডিয়েটর', 'রিলিজ বেয়ারিং হাফস পিতল ঝালাই রেডিয়েটর লিগ ঝালাইরেডিয়েটর পা্বপি পিতলের গোড়া ঝালাই', ''),
(131, 'রেডিওটার পাইপ মেরামত', '', ''),
(132, '02টি ব্যাটারী এসিড পানি দিয়ে ভর্তি করা', '', ''),
(133, 'প্রেসার প্লেট সিটিং মজুরী', '', ''),
(134, 'ইঞ্জিন হেড', 'ইঞ্জিন হেডের ছিট কাটিং, ইঞ্জিন হেডের ভাল্ব গ্রান্ডিং , ইঞ্জিন হেড সার্ভিসিং', ''),
(135, 'এফ আই পাম্প ও ইনজেক্টর', '1টি পাম্প খোলা, ফিটিং টেষ্টিং ও কানেকশন চার্জ, গভর্ণর কভার মেরামত চার্জ, আর/সি নজেল 1টা, 6টা নজেল গ্রান্ডিং ফিটিং ও টেষ্টিং চার্জ', ''),
(136, 'ক্রেন স্রেফ গ্র্যানিং', '', ''),
(137, 'ব্রেক ফুল লাইন বেডিং', '', ''),
(138, 'মেইন চেকিন', '', ''),
(139, 'বিগেন চেকিন', '', ''),
(140, 'অয়েল পাম্প রিপেয়ারিং', '', ''),
(141, 'ব্লক চেম্বার ওয়ারিং', '', ''),
(142, 'ক্রেন টানা মেরামত', '', ''),
(143, 'ক্যাম পলিশ খোলা ফিটিং', '', ''),
(144, 'সেল্পের বুশ রিপিট', '', ''),
(145, 'পিস্টন কাটিং', '', ''),
(146, 'গ্যাস রিসিভার ও গ্যাস ফিলিং ভাল্ব', '1টি গ্যাস রিসিভার ভাল্ব রিপিয়ার ও 1টি গ্যাস ফিলিং ভাল্ব রিপিয়ার', ''),
(147, 'শ্যাফট এর কাজ', 'শ্যাফট টাল ভাঙ্গা', ''),
(148, 'প্রপেলার শ্যাফট', 'শ্যাফট টাল ভাঙ্গা', ''),
(149, 'হ্যাঙ্গার ভাঙ্গা', '2টি সেন্টার বিয়ারিং ক্লাম মেরামত\r\n1টি ফ্লাঞ্চ শেফটের  মাথঅ বেয়ারিং করা', ''),
(150, 'হ্যাঙ্গার', '1টি সেন্টারবেয়ারিং ক্লাম খারাপ', ''),
(151, 'কাটিং শেপ্ট এর মেশিনিং কাজ', '', ''),
(152, 'ডিজেল পাইপ', 'পাইপ লিক ঝালাই', ''),
(153, 'গ্রগি এডপট্টর', '', ''),
(154, 'কিনপিন মেশিনারি কাজ', '', ''),
(155, 'সেলফ এর সেলফ এর বুশ নতুন তৈরীি', '', ''),
(156, 'প্রেসার প্লেট হাবস ও বুশ নতুন', '1টা প্রেশার প্লেট ঝালাই কাটিং\r\n1টা হাবস ষ্ট্যান্ডার করা \r\n1টি ফরগ ষ্ট্যান্ডার করা', ''),
(157, 'ক্লাচ ফেসিং রিলিজ বেয়ারিং', '', ''),
(158, 'হাবস এর কাজ', '', ''),
(159, 'এফ আই পাম্প ও নজেল', '', ''),
(160, 'গাইড তৈরী', '', ''),
(161, 'ব্লক ফুল লাইন বোরিং', '', ''),
(162, 'ওয়েল পেপার রিপারিং', '', ''),
(163, 'কানেকটিং বুশ বরিং', '', ''),
(164, 'সামনের দুই চাকার ব্রেক শো খোলা ফিটিং মজুরী', '', ''),
(165, 'সেলফের কাজ', '3টি সেলফ এর বুশ নতুন তৈরী', ''),
(166, 'চার সেট পাতী ওয়েল্ডিং করা মজুরী', '', ''),
(167, 'বাম্পার ওয়েল্ডিং করা মজুরী', '', ''),
(168, 'ইলেকট্রিক ও এসি সিষ্টেমের কাজ', 'ফুল ইলেকট্রিক ওয়ারিং কাজ করা মজুরী বাবদ, ফুল এসি কাজ করা মজুরী বাবদ', ''),
(169, 'ফুয়েল পাম্প ও নজেল কাজ', 'ফুয়েল পাম্প খোলা ফিটিং +টেষ্টিং চার্জ বাবদ সীট কার্টং গ্রান্ডিং ফিটিং ও টেষ্টিং চার্জ', ''),
(170, 'হিট মিটার', '', ''),
(171, 'ফুয়েল পাম্পের গর্ভনর ইঞ্জিন হেড', 'ফুয়েল পাম্পের গর্ভনর কভার ও গর্ভনর ওয়েট মেরামত চার্জ , 4টি হেডের থ্রেট সকেট নতুন ও সাইড ক্লামের জায়গা রিপেয়ার', ''),
(172, 'প্রেশার প্লেটের কাজ', 'প্রেসার প্লেট সারকেস, 1 সেট ফিঙ্গার খোলা ফিটিং', ''),
(173, 'ছাদের কাজ', '', ''),
(174, 'ডায়নামার কভার বিয়ারিং এর জায়গা সিলিপ করা', '', ''),
(175, 'ডায়নামার কভার জ্বালাই করা', '', ''),
(176, 'ফ্যান পুলি মেরামত', '', ''),
(177, 'স্লিভ জয়েন্ট', '', ''),
(178, 'ইঞ্জিন ব্লোকের মেশিনিং কাজ', '', ''),
(179, 'ইঞ্জিন হেডের কাজ', 'ইঞ্জিন হেডের গাইড তৈরী, ইঞ্জিন হেডের সিট তৈরী, ইঞ্জিন হেডের ভাল্ব গ্রান্ডিং, হেডের টাল সেটিং, হেডের স্প্রিং খোলা ফিটিং', ''),
(180, 'রেডিয়েটর মেরামত', 'রেডিয়েটর ওয়াশ , রেডিয়েটর লিক ঝালাই', ''),
(181, 'ইঞ্জিন ও ক্রাংক শ্যাফট এর কাজ', '', ''),
(182, 'গিয়ার বক্স ষ্টিয়ারিং বক্স এ্যাসেম্বলী হাবস টাইরড ও পুশ রড ক্লাচ হাউজিং প্রেশার প্লেট, ফ্লাইহুইল রিলি', '', ''),
(183, 'প্রেসার প্লেট ও রিলিজ বেয়ারিং গিয়ার বক্স হাউজিং', '', ''),
(184, 'রিলিজ বেয়ারিং মেরামত', '', ''),
(185, 'সেলফ এর বুশ', '', ''),
(186, 'হেডের কাজ', 'হেড সিট সকেট, হেড গাইড  ফিটিং, হেড সিট কাটিং গ্রান্ডিং,হেড সাকেস ও ফিটিং', ''),
(187, 'রাবারিং টায়ার', '', ''),
(188, 'ফিলিং ভাল্ব', 'ফিলিং ভাল্ব রিপেয়ার', ''),
(189, 'হফস খোলা ফিটিং মজুরী', '', ''),
(190, 'ওয়াসার বোরিং করা', '', ''),
(191, 'ব্রেক এডজাষ্টিক কীট', '', ''),
(192, 'ষ্ট্যায়ারিং পাইপ লিক', '', ''),
(193, 'গভর্নর  রিপেয়ারিং মজুরী', '', ''),
(194, 'প্লানজার ওয়াসার', '', ''),
(195, 'রেডিয়েটর ও বেলুনের প্লেট এর কাজ', '', ''),
(196, 'ইঞ্জিনের মালামাল মেরামত কাজ', '', ''),
(197, 'ক্লাচ ফেসিং প্রেশার প্লেট এর কাজ', '', ''),
(198, 'ক্রস বেয়ারিং এর কাজ', '', ''),
(199, 'জামনাট তৈরী করা,জামনাটের লক তৈরী,চাকার হফস ও ব্রেক ড্রাম খোলা ফিটিং মজুরী', '', ''),
(200, 'ইঞ্জিনের  মেশিনিং কাজ', '', ''),
(201, 'প্রপেলার শ্রাফট হ্যাঙ্গার প্লেট', '', ''),
(202, 'রিলিজ বেয়ারিং হাফস', '', ''),
(203, 'হার্বস এর বড় ও ছোট বিয়ারিং এর জায়গায় লেদের কাজ', '', ''),
(204, 'গিয়ার বক্স হাউজিং এর কাজ', '', ''),
(205, 'টপ কভারের কাজ', '', ''),
(206, 'রং করা মজুরী', '', ''),
(207, 'পিছনের দরজার কবজা', '', ''),
(208, 'হাওয়ার ট্যাংকির লিক ঝালাই', '', ''),
(209, 'নজেল ও ইনজেক্টরের কাজ', '', ''),
(210, 'রেডিয়েটর কাজ', '', ''),
(211, 'এ্যাক্সেল বোল্ট উইথ নাট', '', ''),
(212, 'ব্রেক সু উইথ রিভিটস', '', ''),
(213, 'প্রেসার প্লেটের লোহা কার্টিং করিয়া টার্নিং করা', '', ''),
(214, 'টাইরড, পুশরড কিট এর কাজ', '', ''),
(215, 'ইঞ্জিন মাউন্টেন খোলা ফিটিং মজুরী', '', ''),
(216, 'সীট ওয়েল্ডিং করা', '', ''),
(217, 'প্লেনসীট দ্বারা বডি মেরামত করা', '', ''),
(218, 'ইঞ্জিনের ও রেডিয়েটরের কাজ', '', ''),
(219, 'এফ আই পাম্প ও ইনজেক্টর এর কাজ', '', ''),
(220, 'গিয়ার বক্সের সিম ওয়াশার খারাপ', '', ''),
(221, 'হর্ণ ফিটিং ও ইঞ্জিন কভারের কাজ করা', '', ''),
(222, 'পাম্প মেরামত মজুরী', '', ''),
(223, 'ইঞ্জিন ব্লকের কাজ', '', ''),
(224, 'কানেকটিং বুশ হাউজিং ষ্টিক এয়ার কমপ্রেশার ক্রাঙ্ক শ্যাফট', '', ''),
(225, 'এফ.আই.পাম্প নজেল প্লাইনার', '', ''),
(226, 'পিছনের চাকার ষ্টিক ও নাট খারাপ', '', ''),
(227, 'গিয়ার বক্সের বুশ 4টি ও রিলিজ কলার বুশ 02টি গাড়ীতে ফিটিং করা', '', ''),
(228, 'ফুল কভার তৈরী মজুরী', '', ''),
(229, 'কিনপিন বুশ ও রিলিজ বিয়ারিং ফিটিং মজুরী', '', ''),
(230, 'ফ্যান পুলি বোল্ট বের করা 2টি ও 1টি নতুন থ্রেট অভার করা', '', ''),
(231, 'ডিজেল পাইপ 2টি মাথা ও ছকেট কাটিয়া 2 পাম্পের পিতল গ্যাস দ্বারা ওয়েল্ডং করা', '', ''),
(232, 'ডি', '', ''),
(233, 'শেফটের টালভাঙ্গা,দাতী ও কলকি ফিটিং মজরী', '', ''),
(234, 'গিয়ার বক্সের হাউজিং ষ্টিক প্রেশার প্লেট মেরামত', '', ''),
(235, 'প্রেসার প্লেট এর কাজ', '', ''),
(236, 'প্রেসার প্লেট ও ক্লাচ ফেসিং', '', ''),
(237, 'প্রেসার প্লেট মেরামত', '', ''),
(238, 'বডি ও রং এর কাজ', '', ''),
(239, 'বডি বডির রং এর কাজ', '', ''),
(240, 'সামনের সু ও বডির কাজ', '', ''),
(241, 'এফ.আই.পাম্প নজেল প্লানজার', '', ''),
(242, 'ইনজেক্টর ওভার ফ্লু পাইপ', '', ''),
(243, 'বি গেইন বেয়ারিং', '', ''),
(244, 'হাওয়ার মেইন ট্যাংকি লিক', '', ''),
(245, 'পুশরড কিট খারাপ', '', ''),
(246, 'ফাইবারের কাজ', '', ''),
(247, 'সীটের নাট স্টিক তৈরী', '', ''),
(248, 'ব্রেক হাতার কাজ', '', ''),
(249, 'বেভেল ক্রস ষ্টার পিনিয়ন', '', ''),
(250, 'সেলফ এর হাউজিং বুশ', '', ''),
(251, 'এসি ইঞ্জিনের ভাঙ্গা বোল্ট', '', ''),
(252, 'ফিড পাম্প', '', ''),
(253, 'ক্লাচ ফেসিং এসির কাজ', '', ''),
(254, 'টেইলেন বেভেল বুশ', '', ''),
(255, 'পাওয়ার অয়েল পাইপ', '', ''),
(256, 'এসির গ্যাস সার্ভিসিং মজুরী', '', ''),
(257, 'আর্মেচার পালিশ ও আর্মেচার টাল ভাঙ্গা', '', ''),
(258, 'এয়ার ভাল্ব খোলা ফিটিং ও কিটস সার্ভিসিং', '', ''),
(259, 'প্লেন সিট 8 “*17”', '', ''),
(260, 'প্রেশার প্লেট ও রিলিজ বেয়ারিং', '', ''),
(261, 'রেডিওয়েটর ওয়াশ  ও মেরামত', '', ''),
(262, 'পাইপ গ্যাস ও ওয়েল্ডিং', '', ''),
(263, 'ষ্টিয়ারিং অয়েল পাইপ', '', ''),
(264, 'বিগেন বেয়ারিং', '', ''),
(265, 'এসির ভাংকার বক্স ও পিছনের মেইন খুটির উপরে দুইটি বক্স বিট খারাপ', '', ''),
(266, 'সামনের সু খারাপ পিছনের বাম্পার খারাপ ও এসি ভাংকার বক্স এর কাজ', '', ''),
(267, 'সাইলেন্সর বক্স', '', ''),
(268, 'প্রেশার প্লেট ক্লাচ ফেসিং  ফিটিং', '', ''),
(269, 'গ্যাস রিসিভার', '', ''),
(270, 'বাটার ফ্লাই মিকচার', '', ''),
(271, 'ক্লাচ ফেসিং স্ল্যাগ এ্যাডজাষ্টার', '', ''),
(272, 'প্রেশার প্লেট', '', ''),
(273, 'হাউজিং ষ্টিক ইঞ্জিনের', '', ''),
(274, 'ইন্টার কুলার', '', ''),
(275, 'সাইলেন্ছার পাইপ ও নাইলেন্ছার বক্স', '', ''),
(276, 'ইঞ্জিনের মেশিনিং কাজ', '', ''),
(277, 'ফ্রন্ট এ্যাক্সেল ও স্প্রীং পাতি', '', ''),
(278, 'ডায়নামা খোলা ফিটিং মজুরী', '', ''),
(279, 'স্ল্যাগ এ্যাডজাষ্টার', '', ''),
(280, 'স্প্রীং পাতি সকেট জাম্পার এর কাজ', '', ''),
(281, 'হাওয়ার ট্যাংকি ও গ্যাসের হাই প্রেশার পাইপ', '', ''),
(282, 'গিয়ার বক্স ও রিলিজ বিয়ারিং এর কাজ', '', ''),
(283, 'ব্রেক ড্রাম ব্রেক এ্যাডজাষ্টার', '', ''),
(284, 'ফ্লাইহুইল প্রেশার প্লেট', '', ''),
(285, 'ষ্টায়ারিং ক্রস', '', ''),
(286, 'প্রেশার প্লেট রিলিজ বিয়ারিং হাফস', '', ''),
(287, 'ডায়াফরম রোটার', '', ''),
(288, 'আর্মিচার', '', ''),
(289, 'এ/সি  ডিকচার্জ পাইপ', '', ''),
(290, 'ইঞ্জিন হেড ও কানেকটিং এর কাজ', '', ''),
(291, 'সার্কিট মেরামত', '', ''),
(292, 'হাউজিং এর ষ্টিক', '', ''),
(293, 'গিয়ার বক্সের বোল্ট 12 নং', '', ''),
(294, 'ফ্রন্ট এ্যাক্সেলের কাজ', '', ''),
(295, 'সামনের স্প্রীং পাতি', '', ''),
(296, 'সেল্প মেরামত করা মজুরী', '', ''),
(297, 'মেইন সেপ্টের মাথা এস টি ডি করা', '', ''),
(298, 'কাউন্টার পিনিয়ন খোলা ফিটির মজুরী', '', ''),
(299, 'মেইন সেপ্ট সেটিং করা মজুরী', '', ''),
(300, 'কাটিং সেপ্ট টাল ভাঙ্গা', '', ''),
(301, 'কপলিং টাল চেক', '', ''),
(302, 'কাটিং সেপ্টের ক্রস ওয়েল্ডিং', '', ''),
(303, 'চান প্রেট ওয়েল্ডিং', '', ''),
(304, 'ক্রস বিয়ারিং খোলা ফিটিং', '', ''),
(305, 'মবিল পাইপ', '', ''),
(306, 'টার্বো পাইপ', '', ''),
(307, 'ডায়নামা রোটন', '', ''),
(308, 'ফুয়েল পাম্পের ষ্টিক', '', ''),
(309, 'গিয়ার বক্সের পিনিয়ন', '', ''),
(310, 'টেইল এ পিনিয়ন', '', ''),
(311, 'গিয়ার ফ্রগের কাজ', '', ''),
(312, 'মবিল অয়েল পাইপ', '', ''),
(313, 'shockab jar', '', ''),
(314, 'ইঞ্জিন হেড ব্লক মেশিনিং কাজ', '', ''),
(315, 'ফ্লােইহুইল ক্লাচ ফেসিং ও রিলিজ বিয়ারিং এর কাজ', '', ''),
(316, 'এয়ার বারজার মেরামত', '', ''),
(317, 'Bode meramot', '', ''),
(318, 'রোটার এ্যাসেম্বলী', '', ''),
(319, 'Chaka lik Sarano', '', ''),
(320, 'Val pin & Gatis', '', ''),
(321, 'Chaka Kula Fiting', '', ''),
(322, 'Engen mamunten stent Waling', '', ''),
(323, 'Tringel 1020-698', '', ''),
(324, 'Ac Engen Gus Vora', '', ''),
(325, 'huipar asembale', '', ''),
(326, 'টেইলের হাবস', '', ''),
(327, 'ইঞ্জিন হেড ও ইঞ্জিন মেশিনিং এর কাজ', '', ''),
(328, 'স্প্রীং পাতি', '', ''),
(329, 'Thaid Soket', '', ''),
(330, 'Finger pin Toire', '', ''),
(331, 'YOubol Kula fiting', '', ''),
(332, 'Lokar meramot', '', ''),
(333, 'Set oyareg', '', ''),
(334, 'Hipar Fiting', '', ''),
(335, 'প্রেসার সিল', '', ''),
(336, 'Kelam Jali', '', ''),
(337, 'Rabar Kusum ar Plat Maramot', '', ''),
(338, 'Balun Pate cllac Jalai', '', ''),
(339, 'এ/সির গ্যাস', '', ''),
(340, 'Hoypar Rood Oarling', '', ''),
(341, 'গ্লাসের রাবার ফিটিং মজুরী', '', ''),
(342, 'কিং পিন গ্রান্ডিং  করা', '', ''),
(343, 'শ্যাপ্ট ওয়েল্ডিং ও কাটিং করা', '', ''),
(344, 'ব্রেক হাতা বুশ তৈরী করা মজুরী', '', ''),
(345, 'হাফস এক্সেল মেরামত', '', ''),
(346, 'ব্রেক ক্যাম এর কাজ করার মজুরী', '', ''),
(347, 'বাসের ফ্লাট ফর্মে প্লেট তৈরী করা', '', ''),
(348, 'ইঞ্জিন ব্লক ও ক্রাংক শ্যাফট এর কাজ', '', ''),
(349, 'এ/সির কাজ', '', ''),
(350, 'Geris kora mojure', '', ''),
(351, 'হাইপ্রেশার পাইপ', '', ''),
(352, 'ক্লাচ স্লিভ সিলেন্ডার পাইপ', '', ''),
(353, 'পিছনের পাতি', '', ''),
(354, 'কানেকর্টি হাউজিং স্লিপ', '', ''),
(355, 'Tyre Khola fiting', '', ''),
(356, 'ইঞ্জিন এর বিগেইন বিয়ারিং', '', ''),
(357, 'ইঞ্জিন ব্লক ও লাইনার', '', ''),
(358, 'ক্যাশের চাপা ইনজেক্টর', '', ''),
(359, 'ক্লাচ পাইপ', '', ''),
(360, 'গিয়ার বক্সের হাউজিং ষ্টিক', '', ''),
(361, 'গিয়ার বক্সের গ্যালারী মেইন শ্যাফট এ্যাসেম্বলী', '', ''),
(362, 'ক্লাচ ফেসিং গিয়ার বক্স হাউজিং', '', ''),
(363, 'পিছনের সামনের বাম্পার উভয়সাইড মেরামত', '', ''),
(364, 'Battry Tarmenal Toire', '', ''),
(365, 'ভ্যান পাম্প ষ্টিল পাইপ লিক', '', ''),
(366, 'সেলফ এর কাজ', '', ''),
(367, 'Body meramot Mojure', '', ''),
(368, 'বিয়ারিং এর জায়গায় মেরামত', '', ''),
(369, 'বোল্ট উঠানো', '', ''),
(370, 'গ্যাস কন্টোলার মেরামত', '', ''),
(371, 'ওয়েল কোলার গ্যাস ওয়েলডিং করা', '', ''),
(372, 'বড় এবং ছোট বিয়ারিং পালিশ করা', '', ''),
(373, 'নজেল স্প্রিং', '', ''),
(374, 'ক্লাচ বাকেট ফিটিং', '', ''),
(375, 'Unsel Galas Rabar Kula Feting', '', ''),
(376, 'ভ্যাকম বুশের জায়গা লেদের মেরামত', '', ''),
(377, 'পাম্প ও নজের ওয়ার্কশপের কাজ', '', ''),
(378, 'লেদের মেরামতের কাজ', '', ''),
(379, 'ওয়ার্কশপের কাজ', '', ''),
(380, 'দুই সাইডের গ্লাসের কাজ', '', ''),
(381, 'হ্যাঙ্গারের কাজ', '', ''),
(382, 'স্প্রিং পাতির গদির কাজ', '', ''),
(383, 'সামনের চাকার কিং পিন ও সাইলেন্সর পাইপের কাজ করা', '', ''),
(384, 'এসিকীট,লিভার,পাম্প ও নজেল টেষ্টিং', '', ''),
(385, 'গিয়ার বক্সের  যন্ত্রাংসের লেদের কাজ', '', ''),
(386, 'নজেল পাইপ গ্যাস করা', '', ''),
(387, '3 সেট পাতির ওয়ার্কশপের কাজ', '', ''),
(388, 'সকএবজারবার এর বুশ তৈরী', '', ''),
(389, 'স্পাইডার ব্যালেন্ম রড এর বাটি তৈরী', '', ''),
(390, 'স্পাইডার ব্যালেন্স খোলা ফিটিং এবং ওয়েল্ডিং ও কাটিং', '', ''),
(391, 'ছাদে সীট দিয়ে পট্রি লাগান ও ওয়েল্ডিং , মালামাল লকার বকা্র স্ট্রাকচারসহ মেরামত, 5 ফুট পাইপ যাত্রী দাড়', '', ''),
(392, 'ছাদে পট্রি লাগান ও ওয়েল্ডিং ও কাটিং, যাত্রী লকার বকা্র স্ট্রাকচারসহ মেরামত, ব্যাটারী বকা্র মেরামত ডা', '', ''),
(393, 'উইপার মটর রড বল্টু ওয়েল্ডিং ও কাটিং', '', ''),
(394, 'নাকালের বড় ও ছোট বিয়ারিং কুন ও বুশ মারা ও লেদের কাজ', '', ''),
(395, 'কমিউটার টানিং করা', '', ''),
(396, 'গাড়ীর সম্পূর্ন ছাদে পুটিং করা', '', ''),
(397, 'সম্পূর্ন গাড়ী রং করা', '', ''),
(398, 'নাকালের জায়গায় লেদের কাজ', '', ''),
(399, 'শেপ্টের টাল ভাঙ্গা ও লেদের কাজ', '', ''),
(400, 'Dash Bord Meramot', '', ''),
(401, 'ফ্লাই হুইল হাউজিং লেদের কাজ', '', ''),
(402, 'V ব্যালেন্সের জায়গায় লেদের কাজ', '', ''),
(403, 'শেপ্টের লেদের কাজ', '', ''),
(404, 'ওয়ার্কসপের কাজ ও গ্লাস লাগানোর মজুরী', '', ''),
(405, 'ফ্রন্ট এক্সেল ও নাকালের লেদের কাজ', '', ''),
(406, 'লকার বস্ক মেরামত', '', ''),
(407, 'পিছনের উইবল রড দিয়ে ঝালাই', '', ''),
(408, 'সামনের ডেসবোড খুটি ও টানা ঝালাই', '', ''),
(409, 'চাকার লেদের কাজ', '', ''),
(410, 'শেপ্টের প্লেটের ঝালা্ই', '', ''),
(411, 'ক্যাম পিনিয়াম খোলা ফিটিং', '', ''),
(412, 'ক্যাম প্লেট তৈরী', '', ''),
(413, 'ছকেট জাম্পার ওয়ার্কশপের কাজ', '', ''),
(414, 'সিটের মজুরী ও ডেকরেমনের মজুরী', '', ''),
(415, 'কিং পিন  ও হবসের কাজ', '', ''),
(416, 'চাকা হাওয়া দেওয়া ও রেডিওটার ও ফিল্টার হাওয়া দেওয়া', '', ''),
(417, 'ডায়নামা,সেপ্ট হাওয়ার পাইপ টাই রড সহ লেদের কাজ', '', ''),
(418, 'ক্লাম ঝালাই', '', ''),
(419, 'এয়ার ব্যাগ ও জ্রাশ বোর্ড কাজ করা', '', ''),
(420, 'সমস্ত গাড়ির রং করার মজুরী', '', ''),
(421, 'গাড়ীর ভিতরে ফঃান সেটিং', '', ''),
(422, 'প্লাট ফেঁম ভিতরে রিপিট দিয়ে পট্টি', '', ''),
(423, 'সামনের ইঞ্জিন কস মেম্বার প্লেট দিয়ে ঝালাই', '', ''),
(424, 'ফঃান সুইচ বোডঁ ফিটিং', '', ''),
(425, 'হুইপার মটর কাটিং ও ঝালাই', '', ''),
(426, 'গেইট মেরামত', '', ''),
(427, 'ক্যাম বুশের জায়গায় লেদের কাজ', '', ''),
(428, 'সিট মেরামত ও টুপি নতুন তৈরী', '', ''),
(429, 'প্লাট ফরম প্লেন সিট দিএয় ঝালাই', '', ''),
(430, 'বসার সিট ঝালাই', '', ''),
(431, 'সিটের পিছনের টিন লাগানো', '', ''),
(432, 'সামনের বেলুন ষ্টেন ঝালাই', '', ''),
(433, 'গাড়ী গিঁজ করা মজুরী', '', ''),
(434, 'গাড়ীর গাদাম ও এন্ঙ্গেল এর ওয়ার্কশপের কাজ', '', ''),
(435, 'ব্রেক ড্রাম পলিশ ও ফ্লাই হুইল পলিশ এর কাজ', '', ''),
(436, 'কমোটার কাটিং করা', '', ''),
(437, 'সকএজবার সামনের মেরামত করা মজুরী', '', ''),
(438, 'যাতীঁ ফঃান সেটিং', '', ''),
(439, 'গাড়ী ফ্লোর মেরামত', '', ''),
(440, 'হার্বস এবং এক্সেল এর দাতি কাটিং করে ািফটিং মজুরী', '', ''),
(441, 'বিয়ারিং সিলিপের জায়গা ওয়েল্ডিং করে ফিনিস করা', '', ''),
(442, 'নাকালের বুশ খোলা ও ফিটং', '', ''),
(443, 'নাকালের বিয়রিং এর জায়গা ওয়াল্ডিং করে কাটিং করে STD করা', '', ''),
(444, 'সামনের শো + গ্লাস ফ্রেম কাজ করা এবং জুটি মেরামত করা মজুরী', '', ''),
(445, 'সামনের গ্লাস ফিটিং মজুরী', '', ''),
(446, 'বেগ গিয়ার পিনিয়াম ওয়াল্ডিং করে ষ্টান্ড করা', '', ''),
(447, 'গিয়ার লক কাটিং করা', '', ''),
(448, 'পিনিয়াম মিলানো', '', ''),
(449, 'ফকের বুশ তৈরী', '', ''),
(450, 'টপ সেফট বেোরিংকরা', '', ''),
(451, 'রেডিওটার টঃংকী ওয়াশ', '', ''),
(452, 'সেল্প এর কাবঁন হোল্ডার বুশ', '', ''),
(453, 'পাওয়ার পাইপ গ্যাস ওয়াল্ডিং করা', '', ''),
(454, 'সামনের পাতি খোলা ও ফিটিং', '', ''),
(455, 'ফ্যানের কয়েল নতুন বাধা', '', ''),
(456, 'ফ্যানের বোটার কয়েল কমোটাটার কাজ করা', '', ''),
(457, 'হা্ইডোলিক মোশনের গিয়ার বক্স পিনিয়াম খ্লো ও ফিটিং', '', ''),
(458, 'পাতি ওয়ের্ডিং করা', '', ''),
(459, 'হ্যাঙ্গার খোলা ও ফিটিং করা', '', ''),
(460, 'দোলনা খোলা ও ফিটিং করা', '', ''),
(461, 'ব্যালেন্স রড বুস লাগানো', '', ''),
(462, 'দোলনা বোবিং করা', '', ''),
(463, 'ফরেন ওয়েল খোলা', '', ''),
(464, 'বডি গাদাম মেরামত', '', ''),
(465, 'বঃাটারী পোষ্ট তরী', '', ''),
(466, 'সম্পুনঁ গাড়ী পুটিং করে রং করা মজুরী', '', ''),
(467, 'রিলিজ বিয়ারিং এর বুশ তৈরী', '', ''),
(468, 'রিলিজ বিয়ারিং কান ওয়েল্ডিং', '', ''),
(469, 'হাউজিং ফলর কান ওয়েল্ডিং করা', '', ''),
(470, 'ক্লাচ সেফট কাটিং করে ওয়েল্ডিং', '', ''),
(471, 'একসেলেটার সেফট ওয়েল্ডিং করে কাটিং', '', ''),
(472, 'ক্লাচ সেফট এর বুশ তৈরী', '', ''),
(473, 'ক্লাচ সেফটের পিন এর জায়গা ষ্ট', '', ''),
(474, 'পিছনের বেক ডালা হেজবল সেটিং', '', ''),
(475, 'টায়ার খোলা ফিটিং ও লিক সারানো', '', ''),
(476, 'সেলফ আর্মেচার নতুন বাধা', '', ''),
(477, 'হুইপার মেরামত ও ওয়েল্ডিং', '', ''),
(478, 'গিয়ার বক্স মেইন মাথা ওয়বিল্ডং করে ষ্টান্ডার করা', '', ''),
(479, 'গিয়ার বক্স মেইন সেফটের পিনিয়ন মিলানো', '', ''),
(480, 'গালারী ঘাট কাটিং', '', ''),
(481, 'মেইন সেফটের পিনিয়ন ওয়াশার তৈরী', '', ''),
(482, 'ফকের ইউফ পিতল গাস ওয়াল্ডিং করে টানিং', '', ''),
(483, '২নং, ৩নং ও ৪নং গিয়ার লক কাটিং করে হাই করা', '', ''),
(484, 'টপ কভার বল তৈরী', '', ''),
(485, 'টপ কভার খোলা ফিটিং', '', ''),
(486, 'কাউন্টার পিনিয়ন খোলা ফিটিং', '', ''),
(487, 'ভিতরের দুই সাইডের পদ্দার পাইপ সেটিং', '', ''),
(488, 'রোকার আর্ম খোলা  ফিটিং', '', ''),
(489, 'রেচার রিপিয়ারিং', '', ''),
(490, 'সামনের বনাট ছিটকানি ফিটিং', '', ''),
(491, 'পাওয়ার অয়েল টেংকী ক্লাম তৈরী', '', ''),
(492, 'পাইমারী ফিল্টার', '', ''),
(493, 'একসেলেটার ষ্টীল প্লেট দিয়ে ঝালাই', '', ''),
(494, 'পাতি কাটিং ও ওয়েল্ডিং', '', ''),
(495, 'পাতির মাথা করা', '২ টি', ''),
(496, 'পাতি তিল', '২ টি', ''),
(497, 'ফ্লান্স ওয়্যারিং করে হাই করা', '', ''),
(498, 'শো ও গ্রীল , গেইট নতুন রিপিয়ারিং করা', '', ''),
(499, 'পিছনের ভি বলেন্স রডের বল ও বাটি তৈরী', '', ''),
(500, 'পিছনের ভি বলেন্স রডের সেপ্ট তৈরী', '', ''),
(501, 'ভি বলেন্স রডের বডি মেরামত', '', ''),
(502, 'পিছনের ভি বলেন্স রডের পিন কাটিং ও ঝালাই', '', ''),
(503, 'সামনের ইঞ্জিন কোস ঝালাই', '', ''),
(504, 'ফিঙ্গার পিন', '', ''),
(505, 'টেইলের কাজ', 'টেইলের মাথা ওয়েল্ডিং করে এস,টি,পি করা', ''),
(506, 'ইঞ্জিন কোস ও বেলুন ষ্টান ঝালাই', '', ''),
(507, 'ওয়েফার মটর ও ওয়েফার ষ্টান ফিটিং', '', ''),
(508, 'পাতি ড্রিল করা', '', ''),
(509, 'সেলফ বডির কাজ করা', '', ''),
(510, 'আর্মেচারের টাল ভাঙ্গা', '', ''),
(511, 'স্ক্রু নতুন তৈরী', '', ''),
(512, 'সামনের ব্যালেন্স রড বাটি তৈরী', '', ''),
(513, 'পিছনের ব্যালেন্স রড বাটি বল ও সকেট ঝালাই', '', ''),
(514, 'ইঞ্জিন ক্লাম ঝালাই', '', ''),
(515, 'সেল্পের পিতল বুশ তৈরী', '', ''),
(516, 'কমেটর কাটিং', '', ''),
(517, 'সেল্প ও সকেট তৈরী', '', ''),
(518, 'ডায়নামা বুশ তৈরী', '', ''),
(519, 'ডায়নামার কভার বোরিং ও কাটিং', '', ''),
(520, 'ডিজেল ট্যাংকি পিতল ঝালাই', '', ''),
(521, 'এক্সেল মেরামত', '', ''),
(522, 'পপুলার সেপ্ট এর টাল ভাঙ্গা', '', ''),
(523, 'ক্যাম এর বাটি ওয়েল্ডিং করা', '', ''),
(524, 'বক্স ফ্রেম', '', ''),
(525, 'স্প্রিং পাতি 16 মৃথা কাটিং ও সেন্টার বোল্ট এর মাথা ছিদ্র করা', '', ''),
(526, 'দুটি ব্রেক হাতার ষ্ট্যান্ড গ্যাস ওয়েল্ডিং করে কাটিং ক্যাপ করা', '', ''),
(527, 'কাটিং শেফট জামনাট এর জায়গায় নতুন প্যাচ তৈরী,সেফ্ট এর টাল ভাঙ্গা', '', ''),
(528, 'চেচিচ ওয়েল্ডিং করে গাড়ী ফিটিং করা মজুরি', '', ''),
(529, 'স্পেয়ার চাকার ইষ্টান ঝালাই', '', ''),
(530, 'ওয়াটার পাম্প খোলা,ফিটিং ও মুজুরী', '', ''),
(531, 'সামনের হ্যাঙ্গার খোলা ও ফিটিং', '', ''),
(532, 'সাইকেল পিন খোলা ও ফিটিং', '', ''),
(533, 'প্লেনসীট দিয়ে ছাদ মেরামত', '', ''),
(534, 'সামনের ব্যালেন্স রড বল তৈরী', '', ''),
(535, 'গাড়ীর ফ্লোর মেরামত', '', ''),
(536, '২ টি নাকাল পুশ ফিটিং পালিশ,২ টি বিয়ারিং এর জায়গা পালিশ', '', ''),
(537, 'বসার গদি নতুন কাপড় দ্বারা তৈরী', '', ''),
(538, '2টি স্লিপ তৈরী ও খোলা ফিটিং মজুরী', '', ''),
(539, 'ডায়নামা কয়েল তৈরী', '', ''),
(540, 'নতুন দাতী কবলিং ফিটিং ,৩ টি শেফটের টাল ভাঙ্গা, ক্রস খোলা ও ফিটিং', '', ''),
(541, 'দাতী ও কলকী  ফিটিং ও 3 টি সেপ্ট বোল্ট ভাঙ্গা মজুরী', '', ''),
(542, 'উইন্ড সীল গ্লাস ও সাইড গ্লাস  রিপেয়ার', '', ''),
(543, 'ডিজেল ফিল্টারের দুই মাথা ও দাড়ী এক্সেল এর মেশিনিং কাজ', '', ''),
(544, 'হেড গ্যাছ কীট মেরামত', '', ''),
(545, 'এয়ার কন্ট্রোলার খোলা ও ফিটিং', '', ''),
(546, 'গাড়ি গ্রিজ করা মজুরী', '', ''),
(547, 'ইঞ্জিন ক্রোস ঝালাই', '', ''),
(548, 'বেলুন স্টান ঝালাই', '', ''),
(549, 'গিয়ার বক্স পিনিয়ন মিলানো', '', ''),
(550, 'কাউন্টার সেপ্ট খোলা ফিটিং', '', ''),
(551, 'মেইন সেপ্টের মাথা STD করা', '', ''),
(552, 'গিয়ার বক্স খোলা ফিটিং', '', ''),
(553, 'ব্যালেন্স রড বল ও বাটি তৈরী', '', ''),
(554, 'গ্লাস খোলা ফিটিং', '', ''),
(555, 'ব্যালেন্স রড বল ও বাটি স্টান করা', '', ''),
(556, 'ওয়াটার পাইপ ওয়েল্ডিং', '', ''),
(557, 'ছাদ ক্যারিয়াল মেরামত', '', ''),
(558, 'পাতির বুশ তৈরী', '', ''),
(559, 'ব্যালেন্স রড বল ও বাটি ওয়েল্ডিং', '', ''),
(560, 'সেল্প বুশ তৈরী ও সেল্প আর্মেচার এর টাল ভাঙ্গা', '', ''),
(561, 'হেলনার দুল কভার তৈরী 57 চি,বসার কভার তৈরী 23 পিচ,ফোম,আঠা, মেরামত ও তৈরী মজুরী', '', ''),
(562, 'বডির রং এর কাজ', '', ''),
(563, 'ফ্লাই হুইল কাটিং করা,প্রেশার ফ্লেট কাটিং করা ও রিলিজ বিয়ারিং খোলা ফিটিং মজুরী', '', '');

--
-- Indexes for dumped tables
--

--
-- Indexes for table `acc_rcv`
--
ALTER TABLE `acc_rcv`
  ADD PRIMARY KEY (`rcv_id`);

--
-- Indexes for table `battery_info`
--
ALTER TABLE `battery_info`
  ADD PRIMARY KEY (`battery_info_id`),
  ADD KEY `repair_id` (`repair_id`),
  ADD KEY `product_id` (`product_id`);

--
-- Indexes for table `bus_info`
--
ALTER TABLE `bus_info`
  ADD PRIMARY KEY (`bus_id`),
  ADD KEY `delivery_to_id` (`delivery_to_id`);

--
-- Indexes for table `company_info`
--
ALTER TABLE `company_info`
  ADD PRIMARY KEY (`company_id`);

--
-- Indexes for table `delivery`
--
ALTER TABLE `delivery`
  ADD UNIQUE KEY `delivery_id` (`delivery_id`);

--
-- Indexes for table `delivery_to`
--
ALTER TABLE `delivery_to`
  ADD PRIMARY KEY (`delivery_to_id`);

--
-- Indexes for table `delivery_to_type`
--
ALTER TABLE `delivery_to_type`
  ADD UNIQUE KEY `delivery_to_type_id` (`delivery_to_type_id`);

--
-- Indexes for table `depot_exp`
--
ALTER TABLE `depot_exp`
  ADD PRIMARY KEY (`exp_id`),
  ADD KEY `product_id` (`product_id`);

--
-- Indexes for table `depot_income`
--
ALTER TABLE `depot_income`
  ADD PRIMARY KEY (`income_id`),
  ADD KEY `product_id` (`product_id`);

--
-- Indexes for table `depot_lub`
--
ALTER TABLE `depot_lub`
  ADD PRIMARY KEY (`lub_id`),
  ADD KEY `product_id` (`product_id`);

--
-- Indexes for table `depot_name`
--
ALTER TABLE `depot_name`
  ADD PRIMARY KEY (`depot_id`);

--
-- Indexes for table `fund_source`
--
ALTER TABLE `fund_source`
  ADD PRIMARY KEY (`fund_id`);

--
-- Indexes for table `history_condition`
--
ALTER TABLE `history_condition`
  ADD PRIMARY KEY (`change_id`),
  ADD KEY `product_id` (`product_id`),
  ADD KEY `delivery_to_id` (`delivery_to_id`);

--
-- Indexes for table `history_driver`
--
ALTER TABLE `history_driver`
  ADD PRIMARY KEY (`change_id`),
  ADD KEY `change_id` (`change_id`);

--
-- Indexes for table `history_route`
--
ALTER TABLE `history_route`
  ADD PRIMARY KEY (`change_id`),
  ADD KEY `change_date` (`change_date`),
  ADD KEY `route_id` (`route_id`);

--
-- Indexes for table `parts_cost`
--
ALTER TABLE `parts_cost`
  ADD PRIMARY KEY (`parts_cost_id`),
  ADD KEY `repair_id` (`repair_id`),
  ADD KEY `product_id` (`product_id`);

--
-- Indexes for table `parts_list`
--
ALTER TABLE `parts_list`
  ADD PRIMARY KEY (`parts_id`),
  ADD UNIQUE KEY `parts_id` (`parts_id`),
  ADD UNIQUE KEY `parts_name` (`parts_name`);

--
-- Indexes for table `present_condition`
--
ALTER TABLE `present_condition`
  ADD PRIMARY KEY (`condition_id`);

--
-- Indexes for table `product_class`
--
ALTER TABLE `product_class`
  ADD PRIMARY KEY (`class_id`),
  ADD UNIQUE KEY `class_id` (`class_id`);

--
-- Indexes for table `product_type`
--
ALTER TABLE `product_type`
  ADD PRIMARY KEY (`product_type_id`);

--
-- Indexes for table `purchase`
--
ALTER TABLE `purchase`
  ADD PRIMARY KEY (`purchase_id`);

--
-- Indexes for table `repair`
--
ALTER TABLE `repair`
  ADD PRIMARY KEY (`repair_id`),
  ADD KEY `product_id` (`product_id`);

--
-- Indexes for table `repair_type`
--
ALTER TABLE `repair_type`
  ADD PRIMARY KEY (`repair_type_id`);

--
-- Indexes for table `route`
--
ALTER TABLE `route`
  ADD PRIMARY KEY (`route_id`);

--
-- Indexes for table `start_end`
--
ALTER TABLE `start_end`
  ADD UNIQUE KEY `id` (`start_end_id`),
  ADD UNIQUE KEY `id_2` (`start_end_id`),
  ADD UNIQUE KEY `id_3` (`start_end_id`);

--
-- Indexes for table `tcar_info`
--
ALTER TABLE `tcar_info`
  ADD PRIMARY KEY (`tcar_id`);

--
-- Indexes for table `truck_info`
--
ALTER TABLE `truck_info`
  ADD PRIMARY KEY (`truck_id`);

--
-- Indexes for table `tyre_info`
--
ALTER TABLE `tyre_info`
  ADD PRIMARY KEY (`tyre_info_id`),
  ADD KEY `repair_id` (`repair_id`),
  ADD KEY `product_id` (`product_id`);

--
-- Indexes for table `work_cost`
--
ALTER TABLE `work_cost`
  ADD PRIMARY KEY (`work_cost_id`),
  ADD KEY `repair_id` (`repair_id`),
  ADD KEY `product_id` (`product_id`);

--
-- Indexes for table `work_list`
--
ALTER TABLE `work_list`
  ADD PRIMARY KEY (`work_id`),
  ADD UNIQUE KEY `parts_id` (`work_id`),
  ADD UNIQUE KEY `work_name` (`work_name`);

--
-- AUTO_INCREMENT for dumped tables
--

--
-- AUTO_INCREMENT for table `acc_rcv`
--
ALTER TABLE `acc_rcv`
  MODIFY `rcv_id` int(11) NOT NULL AUTO_INCREMENT, AUTO_INCREMENT=2;

--
-- AUTO_INCREMENT for table `battery_info`
--
ALTER TABLE `battery_info`
  MODIFY `battery_info_id` int(11) NOT NULL AUTO_INCREMENT, AUTO_INCREMENT=7;

--
-- AUTO_INCREMENT for table `depot_exp`
--
ALTER TABLE `depot_exp`
  MODIFY `exp_id` int(11) NOT NULL AUTO_INCREMENT, AUTO_INCREMENT=231;

--
-- AUTO_INCREMENT for table `depot_income`
--
ALTER TABLE `depot_income`
  MODIFY `income_id` int(11) NOT NULL AUTO_INCREMENT;

--
-- AUTO_INCREMENT for table `depot_lub`
--
ALTER TABLE `depot_lub`
  MODIFY `lub_id` int(11) NOT NULL AUTO_INCREMENT, AUTO_INCREMENT=622;

--
-- AUTO_INCREMENT for table `history_condition`
--
ALTER TABLE `history_condition`
  MODIFY `change_id` int(11) NOT NULL AUTO_INCREMENT, AUTO_INCREMENT=4094;

--
-- AUTO_INCREMENT for table `history_driver`
--
ALTER TABLE `history_driver`
  MODIFY `change_id` int(11) NOT NULL AUTO_INCREMENT, AUTO_INCREMENT=3584;

--
-- AUTO_INCREMENT for table `history_route`
--
ALTER TABLE `history_route`
  MODIFY `change_id` int(11) NOT NULL AUTO_INCREMENT, AUTO_INCREMENT=2150;

--
-- AUTO_INCREMENT for table `parts_cost`
--
ALTER TABLE `parts_cost`
  MODIFY `parts_cost_id` int(11) NOT NULL AUTO_INCREMENT, AUTO_INCREMENT=3;

--
-- AUTO_INCREMENT for table `repair`
--
ALTER TABLE `repair`
  MODIFY `repair_id` int(11) NOT NULL AUTO_INCREMENT, AUTO_INCREMENT=7;

--
-- AUTO_INCREMENT for table `route`
--
ALTER TABLE `route`
  MODIFY `route_id` int(11) NOT NULL AUTO_INCREMENT, AUTO_INCREMENT=470;

--
-- AUTO_INCREMENT for table `tyre_info`
--
ALTER TABLE `tyre_info`
  MODIFY `tyre_info_id` int(11) NOT NULL AUTO_INCREMENT, AUTO_INCREMENT=7;

--
-- AUTO_INCREMENT for table `work_cost`
--
ALTER TABLE `work_cost`
  MODIFY `work_cost_id` int(11) NOT NULL AUTO_INCREMENT, AUTO_INCREMENT=4575;
COMMIT;

